{"id":1339,"date":"2017-04-05T14:22:17","date_gmt":"2017-04-05T12:22:17","guid":{"rendered":"http:\/\/agora.xtec.cat\/iesmed\/?page_id=1339"},"modified":"2022-06-27T11:54:49","modified_gmt":"2022-06-27T09:54:49","slug":"ampa","status":"publish","type":"page","link":"https:\/\/agora.xtec.cat\/iesmed\/ampa\/","title":{"rendered":"AFA"},"content":{"rendered":"<p dir=\"ltr\">Fam\u00edlies de l\u2019Institut Mediterr\u00e0nia,<\/p>\n<p dir=\"ltr\">El curs s&#8217;acaba i des de l&#8217;AMPA (ara ja AFA) volem desitjar-vos unes bones i merescudes vacances, i donar-vos les gr\u00e0cies pel vostre suport i col\u00b7laboraci\u00f3 un altre any m\u00e9s.<\/p>\n<p dir=\"ltr\">Aquest any hem pogut reprendre algunes de les actuacions que fins ara s\u2019havien efectuat, fins que la Covid-19 va obligar-nos a paralitzar-ho tot.<\/p>\n<p dir=\"ltr\">Aquest any, i a mida que ha anat millorant la situaci\u00f3, el centre i alumnes han anat tornant a la normalitat, i les activitats de sortides del centre i celebracions s\u2019han tornat a realitzar. En aquest sentit, des de l\u2019AFA hem pogut posar el nostre granet de sorra i ajudar els vostres fills amb el nostre granet de sorra (fent que la despesa econ\u00f2mica fos menor). Tot aix\u00f2 ha estat gr\u00e0cies a les aportacions que heu efectuat fent-vos socis de l\u2019AFA.<\/p>\n<p dir=\"ltr\">\u00c9s per aix\u00f2 que us volem animar a fer-vos socis\/s\u00f2cies de l\u2019AFA, de cara al curs vinent, i aix\u00ed poder ampliar el cat\u00e0leg d\u2019activitats i actuacions a les qu\u00e8 puguem participar econ\u00f2micament des de la nostra organitzaci\u00f3.<\/p>\n<p dir=\"ltr\">Us recordem que la forma que teniu per fer-vos socis\/s\u00f2cies de l\u2019AFA \u00e9s de les seg\u00fcents maneres:<\/p>\n<ul>\n<li dir=\"ltr\">\n<p dir=\"ltr\" role=\"presentation\">Pagant la quota 20 \u20ac per fam\u00edlia a la CC del BBVA (tots els cursos)<\/p>\n<\/li>\n<\/ul>\n<p dir=\"ltr\">ES80 0182 2968 5802 0033 6898<\/p>\n<ul>\n<li dir=\"ltr\">\n<p dir=\"ltr\" role=\"presentation\">A trav\u00e9s de\u00a0IDDINK participant en la compra de llibres de reciclatge (1r i 2n BAT)<\/p>\n<\/li>\n<\/ul>\n<p dir=\"ltr\">En cas que opteu per la primera opci\u00f3, us adjuntem annexat a aquest escrit el nostre tr\u00edptic on us expliquem les activitats dutes a terme enguany i on surt el formulari per fer-vos socis\/s\u00f2cies per al curs 2022-2023.<\/p>\n<p dir=\"ltr\">Per a comunicar-vos amb nosaltres, resoldre dubtes, aportaci\u00f3 de noves idees i participar en l&#8217;educaci\u00f3 dels nostres fills, teniu el nostre correu (compte que enguany canviem de compte de correu):<\/p>\n<p dir=\"ltr\"><a href=\"mailto:afa.insmediterrania@gmail.com\" target=\"_blank\" rel=\"noopener\">afa.insmediterrania@gmail.com<\/a><\/p>\n<p dir=\"ltr\">Gr\u00e0cies una altra vegada, i fins el curs que ve, en qu\u00e8 esperem tornar a comptar amb la vostra aportaci\u00f3.<\/p>\n<p dir=\"ltr\">Bones Vacances!!!<\/p>\n<p dir=\"ltr\">AFA Institut Mediterr\u00e0nia<\/p>\n<div class=\"yj6qo\"><\/div>\n<div class=\"adL\"><img loading=\"lazy\" decoding=\"async\" class=\"aligncenter size-large wp-image-4992\" src=\"https:\/\/agora.xtec.cat\/iesmed\/wp-content\/uploads\/usu815\/2022\/06\/Infografia-AMPA-nous-socis_curs22-23.V02R01_page-0001-1024x725.jpg\" alt=\"\" width=\"1024\" height=\"725\" srcset=\"https:\/\/agora.xtec.cat\/iesmed\/wp-content\/uploads\/usu815\/2022\/06\/Infografia-AMPA-nous-socis_curs22-23.V02R01_page-0001-1024x725.jpg 1024w, https:\/\/agora.xtec.cat\/iesmed\/wp-content\/uploads\/usu815\/2022\/06\/Infografia-AMPA-nous-socis_curs22-23.V02R01_page-0001-300x212.jpg 300w, https:\/\/agora.xtec.cat\/iesmed\/wp-content\/uploads\/usu815\/2022\/06\/Infografia-AMPA-nous-socis_curs22-23.V02R01_page-0001-768x543.jpg 768w, https:\/\/agora.xtec.cat\/iesmed\/wp-content\/uploads\/usu815\/2022\/06\/Infografia-AMPA-nous-socis_curs22-23.V02R01_page-0001-1536x1087.jpg 1536w, https:\/\/agora.xtec.cat\/iesmed\/wp-content\/uploads\/usu815\/2022\/06\/Infografia-AMPA-nous-socis_curs22-23.V02R01_page-0001.jpg 1754w\" sizes=\"auto, (max-width: 1024px) 100vw, 1024px\" \/> <img loading=\"lazy\" decoding=\"async\" class=\"aligncenter size-large wp-image-4993\" src=\"https:\/\/agora.xtec.cat\/iesmed\/wp-content\/uploads\/usu815\/2022\/06\/Infografia-AMPA-nous-socis_curs22-23.V02R01_page-0002-1024x725.jpg\" alt=\"\" width=\"1024\" height=\"725\" srcset=\"https:\/\/agora.xtec.cat\/iesmed\/wp-content\/uploads\/usu815\/2022\/06\/Infografia-AMPA-nous-socis_curs22-23.V02R01_page-0002-1024x725.jpg 1024w, https:\/\/agora.xtec.cat\/iesmed\/wp-content\/uploads\/usu815\/2022\/06\/Infografia-AMPA-nous-socis_curs22-23.V02R01_page-0002-300x212.jpg 300w, https:\/\/agora.xtec.cat\/iesmed\/wp-content\/uploads\/usu815\/2022\/06\/Infografia-AMPA-nous-socis_curs22-23.V02R01_page-0002-768x543.jpg 768w, https:\/\/agora.xtec.cat\/iesmed\/wp-content\/uploads\/usu815\/2022\/06\/Infografia-AMPA-nous-socis_curs22-23.V02R01_page-0002-1536x1087.jpg 1536w, https:\/\/agora.xtec.cat\/iesmed\/wp-content\/uploads\/usu815\/2022\/06\/Infografia-AMPA-nous-socis_curs22-23.V02R01_page-0002.jpg 1754w\" sizes=\"auto, (max-width: 1024px) 100vw, 1024px\" \/><\/div>\n<p>&nbsp;<\/p>\n","protected":false},"excerpt":{"rendered":"<p>Fam\u00edlies de l\u2019Institut Mediterr\u00e0nia,<br \/>\nEl curs s&#8217;acaba i des de l&#8217;AMPA (ara ja AFA) volem desitjar-vos unes bones i merescudes vacances, i donar-vos les gr\u00e0cies pel vostre suport i col\u00b7laboraci\u00f3 un altre any m\u00e9s.<br \/>\nAquest any hem pogut reprendre algunes de les actuacions que fins ara s\u2019havien&hellip;  <a href=\"https:\/\/agora.xtec.cat\/iesmed\/ampa\/\" title=\"Read AFA\">Llegeix m\u00e9s\u00bb<\/a><\/p>\n","protected":false},"author":1,"featured_media":0,"parent":0,"menu_order":0,"comment_status":"closed","ping_status":"closed","template":"page-templates\/side-menu.php","meta":{"_bbp_topic_count":0,"_bbp_reply_count":0,"_bbp_total_topic_count":0,"_bbp_total_reply_count":0,"_bbp_voice_count":0,"_bbp_anonymous_reply_count":0,"_bbp_topic_count_hidden":0,"_bbp_reply_count_hidden":0,"_bbp_forum_subforum_count":0,"footnotes":""},"class_list":["post-1339","page","type-page","status-publish","hentry"],"post_mailing_queue_ids":[],"_links":{"self":[{"href":"https:\/\/agora.xtec.cat\/iesmed\/wp-json\/wp\/v2\/pages\/1339","targetHints":{"allow":["GET"]}}],"collection":[{"href":"https:\/\/agora.xtec.cat\/iesmed\/wp-json\/wp\/v2\/pages"}],"about":[{"href":"https:\/\/agora.xtec.cat\/iesmed\/wp-json\/wp\/v2\/types\/page"}],"author":[{"embeddable":true,"href":"https:\/\/agora.xtec.cat\/iesmed\/wp-json\/wp\/v2\/users\/1"}],"replies":[{"embeddable":true,"href":"https:\/\/agora.xtec.cat\/iesmed\/wp-json\/wp\/v2\/comments?post=1339"}],"version-history":[{"count":4,"href":"https:\/\/agora.xtec.cat\/iesmed\/wp-json\/wp\/v2\/pages\/1339\/revisions"}],"predecessor-version":[{"id":4994,"href":"https:\/\/agora.xtec.cat\/iesmed\/wp-json\/wp\/v2\/pages\/1339\/revisions\/4994"}],"wp:attachment":[{"href":"https:\/\/agora.xtec.cat\/iesmed\/wp-json\/wp\/v2\/media?parent=1339"}],"curies":[{"name":"wp","href":"https:\/\/api.w.org\/{rel}","templated":true}]}}