{"id":13,"date":"2014-09-12T11:05:02","date_gmt":"2014-09-12T11:05:02","guid":{"rendered":"http:\/\/agora.xtec.cat\/iesmed\/?page_id=13"},"modified":"2024-09-24T12:15:18","modified_gmt":"2024-09-24T10:15:18","slug":"avis","status":"publish","type":"page","link":"https:\/\/agora.xtec.cat\/iesmed\/serveis\/avis\/","title":{"rendered":"TokApp"},"content":{"rendered":"<p><span style=\"font-weight: 400;\">El centre envia a les fam\u00edlies la informaci\u00f3 que necessiten <\/span><span style=\"font-weight: 400;\">a trav\u00e9s d\u2019iEduca TokApp, una <\/span>app m\u00f2bil de missatgeria instant\u00e0nia.<\/p>\n<p>Enviem avisos, informaci\u00f3 i notificacions de sortides, a trav\u00e9s de TokApp podeu autoritzar les sortides i fer els pagaments.<\/p>\n<p>Els enviaments de missatges per l&#8217;aplicaci\u00f3 tenen la categoria de burofax i compleix amb la normativa de protecci\u00f3 de dades.<\/p>\n<p><img loading=\"lazy\" decoding=\"async\" class=\"aligncenter wp-image-6693\" src=\"https:\/\/agora.xtec.cat\/iesmed\/wp-content\/uploads\/usu815\/2024\/09\/com-descarregar-tokapp-1024x576.jpg\" alt=\"\" width=\"1113\" height=\"626\" srcset=\"https:\/\/agora.xtec.cat\/iesmed\/wp-content\/uploads\/usu815\/2024\/09\/com-descarregar-tokapp-1024x576.jpg 1024w, https:\/\/agora.xtec.cat\/iesmed\/wp-content\/uploads\/usu815\/2024\/09\/com-descarregar-tokapp-300x169.jpg 300w, https:\/\/agora.xtec.cat\/iesmed\/wp-content\/uploads\/usu815\/2024\/09\/com-descarregar-tokapp-768x432.jpg 768w, https:\/\/agora.xtec.cat\/iesmed\/wp-content\/uploads\/usu815\/2024\/09\/com-descarregar-tokapp-1536x864.jpg 1536w, https:\/\/agora.xtec.cat\/iesmed\/wp-content\/uploads\/usu815\/2024\/09\/com-descarregar-tokapp.jpg 1920w\" sizes=\"auto, (max-width: 1113px) 100vw, 1113px\" \/><\/p>\n<p>A continuaci\u00f3 us faciltem tutorials i guies d&#8217;utilitzaci\u00f3 d&#8217;aquesta aplicaci\u00f3:<\/p>\n<p><iframe loading=\"lazy\" title=\"YouTube video player\" src=\"https:\/\/www.youtube.com\/embed\/J1A1eLSb450?si=MHf06kt2ARZvTp_y\" width=\"560\" height=\"315\" frameborder=\"0\" allowfullscreen=\"allowfullscreen\"><span data-mce-type=\"bookmark\" style=\"display: inline-block; width: 0px; overflow: hidden; line-height: 0;\" class=\"mce_SELRES_start\">\ufeff<\/span><\/iframe><\/p>\n<p>&nbsp;<\/p>\n<p><iframe loading=\"lazy\" title=\"YouTube video player\" src=\"https:\/\/www.youtube.com\/embed\/G3JEMnshrDg?si=WKOdxxwIAm7k3H_S\" width=\"560\" height=\"315\" frameborder=\"0\" allowfullscreen=\"allowfullscreen\"><\/iframe><\/p>\n<p><iframe loading=\"lazy\" title=\"FAM - Com justificar una falta d&#039;assist\u00e8ncia?\" width=\"500\" height=\"281\" src=\"https:\/\/www.youtube.com\/embed\/uXd3RJxJ8m8?feature=oembed\" frameborder=\"0\" allow=\"accelerometer; autoplay; clipboard-write; encrypted-media; gyroscope; picture-in-picture; web-share\" referrerpolicy=\"strict-origin-when-cross-origin\" allowfullscreen><\/iframe><\/p>\n<p>Guies:<\/p>\n<p><a href=\"https:\/\/drive.google.com\/file\/d\/1nTgd4YAyFHQUpxM8YVvV0E1CI6KqRIb1\/view?usp=sharing\">Guia per descarregar TokApp<\/a><\/p>\n<p><a href=\"https:\/\/drive.google.com\/file\/d\/156NZ2_GvFgyD8maQgPI80Q7mbgs-FpPV\/view?usp=drive_link\">Guia d&#8217;apliicaci\u00f3 TokApp<\/a><\/p>\n<p>&nbsp;<\/p>\n<p>&nbsp;<\/p>\n","protected":false},"excerpt":{"rendered":"<p>El centre envia a les fam\u00edlies la informaci\u00f3 que necessiten a trav\u00e9s d\u2019iEduca TokApp, una app m\u00f2bil de missatgeria instant\u00e0nia.<br \/>\nEnviem avisos, informaci\u00f3 i notificacions de sortides, a trav\u00e9s de TokApp podeu autoritzar les sortides i fer els pagaments.<br \/>\nEls enviaments de missatges per l&#8217;aplicaci\u00f3 tenen la&hellip;  <a href=\"https:\/\/agora.xtec.cat\/iesmed\/serveis\/avis\/\" title=\"Read TokApp\">Llegeix m\u00e9s\u00bb<\/a><\/p>\n","protected":false},"author":1,"featured_media":0,"parent":63,"menu_order":1,"comment_status":"closed","ping_status":"closed","template":"","meta":{"_bbp_topic_count":0,"_bbp_reply_count":0,"_bbp_total_topic_count":0,"_bbp_total_reply_count":0,"_bbp_voice_count":0,"_bbp_anonymous_reply_count":0,"_bbp_topic_count_hidden":0,"_bbp_reply_count_hidden":0,"_bbp_forum_subforum_count":0,"footnotes":""},"class_list":["post-13","page","type-page","status-publish","hentry"],"post_mailing_queue_ids":[],"_links":{"self":[{"href":"https:\/\/agora.xtec.cat\/iesmed\/wp-json\/wp\/v2\/pages\/13","targetHints":{"allow":["GET"]}}],"collection":[{"href":"https:\/\/agora.xtec.cat\/iesmed\/wp-json\/wp\/v2\/pages"}],"about":[{"href":"https:\/\/agora.xtec.cat\/iesmed\/wp-json\/wp\/v2\/types\/page"}],"author":[{"embeddable":true,"href":"https:\/\/agora.xtec.cat\/iesmed\/wp-json\/wp\/v2\/users\/1"}],"replies":[{"embeddable":true,"href":"https:\/\/agora.xtec.cat\/iesmed\/wp-json\/wp\/v2\/comments?post=13"}],"version-history":[{"count":6,"href":"https:\/\/agora.xtec.cat\/iesmed\/wp-json\/wp\/v2\/pages\/13\/revisions"}],"predecessor-version":[{"id":6707,"href":"https:\/\/agora.xtec.cat\/iesmed\/wp-json\/wp\/v2\/pages\/13\/revisions\/6707"}],"up":[{"embeddable":true,"href":"https:\/\/agora.xtec.cat\/iesmed\/wp-json\/wp\/v2\/pages\/63"}],"wp:attachment":[{"href":"https:\/\/agora.xtec.cat\/iesmed\/wp-json\/wp\/v2\/media?parent=13"}],"curies":[{"name":"wp","href":"https:\/\/api.w.org\/{rel}","templated":true}]}}