{"id":685,"date":"2019-01-25T14:25:11","date_gmt":"2019-01-25T13:25:11","guid":{"rendered":"http:\/\/agora.xtec.cat\/iesmatadepera\/?page_id=685"},"modified":"2025-11-13T14:32:33","modified_gmt":"2025-11-13T13:32:33","slug":"tutories","status":"publish","type":"page","link":"https:\/\/agora.xtec.cat\/iesmatadepera\/linstitut-2\/organigrama\/tutories\/","title":{"rendered":"Tutories i orientadores"},"content":{"rendered":"<header class=\"entry-header\"><strong>Tutories\u00a0 i orientadores curs 2025-2026<\/strong><\/header>\n<header><\/header>\n<header><\/header>\n<ul>\n<li><strong>1r ESO<\/strong>: \u00c0ngel Berbel, N\u00faria Badia, Anna Oliver, Mar\u00e7al P\u00e0mies, Pilar Noguera, Ruben Pav\u00eda. <em>Orientadora<\/em>: Montse Exp\u00f3sito<\/li>\n<li><strong>2n ESO<\/strong>: Cesc Soldevilla, N\u00faria Faus, Itziar Maestre, Txell Sol\u00e0, Txell Cuadros, Siret S\u00e1nchez, Mireia Mart\u00ednez, Patri Fajardo. <em>Orientadora<\/em>: Mireia Mart\u00ednez<\/li>\n<li><strong>3r ESO<\/strong>: Maria Ballb\u00e9, Ra\u00fal Hoyo, Enric Martori, Anna Rosell, Roger Civit, Victor Launes, B\u00e0rbara Segura, Anna Mor, Maria L\u00f3pez, Gl\u00f2ria Puig, Nora P\u00e9rez. <em>Orientadora<\/em>: Gemma Gilabert<\/li>\n<li><strong>4t ESO:<\/strong> Montse Martin, Queralt Colorado \/ Jes\u00fas G\u00f3mez, Maria Colomina, Xavier Vidal, Sergi Pasqual, Ana Bel\u00e9n Garcia, Maria Homet, Marta Abad\u00edas, Marta L\u00f3pez, N\u00e9stor Calbet. <em>Orientadora<\/em>: \u00c0ngela Martin<\/li>\n<li><strong>1r Batx:<\/strong> Toni Mu\u00f1oz, Blanca Llopis, J\u00falia Gu\u00e0rdia, Pau Cadierno, \u00c8ric Gonz\u00e1lez, Jordi S\u00e1ez, Roc\u00edo Bergillos, Karen Fr\u00edas, Maria Homet, Marta Abad\u00edas, Marta L\u00f3pez. <em>Orientadora<\/em>: \u00c0ngela Martin<\/li>\n<li><strong>2n Batx:<\/strong> Montse Ortiz, Txell Val, Iolanda Venegas, Mireia Teba, Antoni Sanrom\u00e0, Ana Guillen, Esteve Tarrag\u00f3 <em>Orientadora<\/em>: Gemma Gilabert<\/li>\n<\/ul>\n","protected":false},"excerpt":{"rendered":"<p>Tutories\u00a0 i orientadores curs 2025-2026<\/p>\n<ul>\n<li>1r ESO: \u00c0ngel Berbel, N\u00faria Badia, Anna Oliver, Mar\u00e7al P\u00e0mies, Pilar Noguera, Ruben Pav\u00eda. Orientadora: Montse Exp\u00f3sito<\/li>\n<li>2n ESO: Cesc Soldevilla, N\u00faria Faus, Itziar Maestre, Txell Sol\u00e0, Txell Cuadros, Siret S\u00e1nchez, Mireia Mart\u00ednez, Patri Fajardo. Orientadora: Mireia Mart\u00ednez<\/li>\n<li>3r ESO: Maria Ballb\u00e9, Ra\u00fal&hellip;  <a href=\"https:\/\/agora.xtec.cat\/iesmatadepera\/linstitut-2\/organigrama\/tutories\/\" title=\"Read Tutories i orientadores\">Llegeix m\u00e9s\u00bb<\/a><br \/>\n","protected":false},"author":1,"featured_media":0,"parent":662,"menu_order":0,"comment_status":"closed","ping_status":"closed","template":"page-templates\/side-menu.php","meta":{"_bbp_topic_count":0,"_bbp_reply_count":0,"_bbp_total_topic_count":0,"_bbp_total_reply_count":0,"_bbp_voice_count":0,"_bbp_anonymous_reply_count":0,"_bbp_topic_count_hidden":0,"_bbp_reply_count_hidden":0,"_bbp_forum_subforum_count":0,"footnotes":""},"class_list":["post-685","page","type-page","status-publish","hentry"],"post_mailing_queue_ids":[],"_links":{"self":[{"href":"https:\/\/agora.xtec.cat\/iesmatadepera\/wp-json\/wp\/v2\/pages\/685","targetHints":{"allow":["GET"]}}],"collection":[{"href":"https:\/\/agora.xtec.cat\/iesmatadepera\/wp-json\/wp\/v2\/pages"}],"about":[{"href":"https:\/\/agora.xtec.cat\/iesmatadepera\/wp-json\/wp\/v2\/types\/page"}],"author":[{"embeddable":true,"href":"https:\/\/agora.xtec.cat\/iesmatadepera\/wp-json\/wp\/v2\/users\/1"}],"replies":[{"embeddable":true,"href":"https:\/\/agora.xtec.cat\/iesmatadepera\/wp-json\/wp\/v2\/comments?post=685"}],"version-history":[{"count":6,"href":"https:\/\/agora.xtec.cat\/iesmatadepera\/wp-json\/wp\/v2\/pages\/685\/revisions"}],"predecessor-version":[{"id":2864,"href":"https:\/\/agora.xtec.cat\/iesmatadepera\/wp-json\/wp\/v2\/pages\/685\/revisions\/2864"}],"up":[{"embeddable":true,"href":"https:\/\/agora.xtec.cat\/iesmatadepera\/wp-json\/wp\/v2\/pages\/662"}],"wp:attachment":[{"href":"https:\/\/agora.xtec.cat\/iesmatadepera\/wp-json\/wp\/v2\/media?parent=685"}],"curies":[{"name":"wp","href":"https:\/\/api.w.org\/{rel}","templated":true}]}}

<header class="entry-header"><strong>Tutories  i orientadores curs 2025-2026</strong></header>
<header></header>
<header></header>
<ul>
<li><strong>1r ESO</strong>: Àngel Berbel, Núria Badia, Anna Oliver, Marçal Pàmies, Pilar Noguera, Ruben Pavía. <em>Orientadora</em>: Montse Expósito</li>
<li><strong>2n ESO</strong>: Cesc Soldevilla, Núria Faus, Itziar Maestre, Txell Solà, Txell Cuadros, Siret Sánchez, Mireia Martínez, Patri Fajardo. <em>Orientadora</em>: Mireia Martínez</li>
<li><strong>3r ESO</strong>: Maria Ballbé, Raúl Hoyo, Enric Martori, Anna Rosell, Roger Civit, Victor Launes, Bàrbara Segura, Anna Mor, Maria López, Glòria Puig, Nora Pérez. <em>Orientadora</em>: Gemma Gilabert</li>
<li><strong>4t ESO:</strong> Montse Martin, Queralt Colorado / Jesús Gómez, Maria Colomina, Xavier Vidal, Sergi Pasqual, Ana Belén Garcia, Maria Homet, Marta Abadías, Marta López, Néstor Calbet. <em>Orientadora</em>: Àngela Martin</li>
<li><strong>1r Batx:</strong> Toni Muñoz, Blanca Llopis, Júlia Guàrdia, Pau Cadierno, Èric González, Jordi Sáez, Rocío Bergillos, Karen Frías, Maria Homet, Marta Abadías, Marta López. <em>Orientadora</em>: Àngela Martin</li>
<li><strong>2n Batx:</strong> Montse Ortiz, Txell Val, Iolanda Venegas, Mireia Teba, Antoni Sanromà, Ana Guillen, Esteve Tarragó <em>Orientadora</em>: Gemma Gilabert</li>
</ul>

<p>Tutories  i orientadores curs 2025-2026</p>
<ul>
<li>1r ESO: Àngel Berbel, Núria Badia, Anna Oliver, Marçal Pàmies, Pilar Noguera, Ruben Pavía. Orientadora: Montse Expósito</li>
<li>2n ESO: Cesc Soldevilla, Núria Faus, Itziar Maestre, Txell Solà, Txell Cuadros, Siret Sánchez, Mireia Martínez, Patri Fajardo. Orientadora: Mireia Martínez</li>
<li>3r ESO: Maria Ballbé, Raúl&hellip;  <a href="https://agora.xtec.cat/iesmatadepera/linstitut-2/organigrama/tutories/" title="Read Tutories i orientadores">Llegeix més»</a><br />
