{"id":514,"date":"2019-01-28T13:44:29","date_gmt":"2019-01-28T12:44:29","guid":{"rendered":"http:\/\/agora.xtec.cat\/iesmatadepera\/?page_id=514"},"modified":"2021-04-26T11:31:06","modified_gmt":"2021-04-26T09:31:06","slug":"__trashed-4","status":"publish","type":"page","link":"https:\/\/agora.xtec.cat\/iesmatadepera\/estudis-2\/__trashed-4\/","title":{"rendered":"Orientaci\u00f3 acad\u00e8mica"},"content":{"rendered":"<h4><strong>Cliqueu sobre les imatges per obtenir la informaci\u00f3 dels enlla\u00e7os<\/strong><\/h4>\n<table style=\"width: 808px;\">\n<tbody>\n<tr>\n<td style=\"text-align: center; width: 165px;\"><strong>I despr\u00e9s de l&#8217;ESO?<\/strong><\/td>\n<td style=\"text-align: center; width: 234px;\"><strong>Cicles Formatius<\/strong><\/td>\n<td style=\"text-align: center; width: 182px;\"><strong>V\u00eddeo Orientaci\u00f3 Fam\u00edlies\u00a0<\/strong><\/td>\n<td style=\"text-align: center; width: 215px;\"><strong>Full de tries de Batxillerat<\/strong><\/td>\n<\/tr>\n<tr>\n<td style=\"width: 165px;\"><a href=\"https:\/\/docs.google.com\/presentation\/d\/1z-S0C_3w3Kvg7rEeoCiVX44kZwCrrP1KV8jbR6E6H7o\/edit?usp=sharing\" target=\"_blank\" rel=\"noopener noreferrer\"><img loading=\"lazy\" decoding=\"async\" class=\"wp-image-1398 aligncenter\" src=\"https:\/\/agora.xtec.cat\/iesmatadepera\/wp-content\/uploads\/usu438\/2020\/02\/OrientacioAcad\u00e8mica-300x224.png\" alt=\"\" width=\"170\" height=\"127\" srcset=\"https:\/\/agora.xtec.cat\/iesmatadepera\/wp-content\/uploads\/usu438\/2020\/02\/OrientacioAcad\u00e8mica-300x224.png 300w, https:\/\/agora.xtec.cat\/iesmatadepera\/wp-content\/uploads\/usu438\/2020\/02\/OrientacioAcad\u00e8mica-768x574.png 768w, https:\/\/agora.xtec.cat\/iesmatadepera\/wp-content\/uploads\/usu438\/2020\/02\/OrientacioAcad\u00e8mica-200x150.png 200w, https:\/\/agora.xtec.cat\/iesmatadepera\/wp-content\/uploads\/usu438\/2020\/02\/OrientacioAcad\u00e8mica.png 797w\" sizes=\"auto, (max-width: 170px) 100vw, 170px\" \/><\/a><\/td>\n<td style=\"width: 234px;\"><a href=\"https:\/\/docs.google.com\/presentation\/d\/1z-S0C_3w3Kvg7rEeoCiVX44kZwCrrP1KV8jbR6E6H7o\/edit?usp=sharing\" target=\"_blank\" rel=\"noopener noreferrer\"><img loading=\"lazy\" decoding=\"async\" class=\"alignnone wp-image-1981 size-medium\" src=\"https:\/\/agora.xtec.cat\/iesmatadepera\/wp-content\/uploads\/usu438\/2021\/04\/cicles-formatius-300x168.png\" alt=\"\" width=\"300\" height=\"168\" srcset=\"https:\/\/agora.xtec.cat\/iesmatadepera\/wp-content\/uploads\/usu438\/2021\/04\/cicles-formatius-300x168.png 300w, https:\/\/agora.xtec.cat\/iesmatadepera\/wp-content\/uploads\/usu438\/2021\/04\/cicles-formatius-768x430.png 768w, https:\/\/agora.xtec.cat\/iesmatadepera\/wp-content\/uploads\/usu438\/2021\/04\/cicles-formatius-1024x574.png 1024w, https:\/\/agora.xtec.cat\/iesmatadepera\/wp-content\/uploads\/usu438\/2021\/04\/cicles-formatius.png 1228w\" sizes=\"auto, (max-width: 300px) 100vw, 300px\" \/><\/a><\/td>\n<td style=\"width: 182px;\"><a href=\"https:\/\/drive.google.com\/file\/d\/1_VkTbaomtg5fd5w1Ocw1Nk1khgCKSO5U\/view?usp=sharing\" target=\"_blank\" rel=\"noopener noreferrer\"><img loading=\"lazy\" decoding=\"async\" class=\"wp-image-1649 aligncenter\" src=\"https:\/\/agora.xtec.cat\/iesmatadepera\/wp-content\/uploads\/usu438\/2020\/05\/Tria-modalitat-BATX-300x192.png\" alt=\"\" width=\"174\" height=\"111\" srcset=\"https:\/\/agora.xtec.cat\/iesmatadepera\/wp-content\/uploads\/usu438\/2020\/05\/Tria-modalitat-BATX-300x192.png 300w, https:\/\/agora.xtec.cat\/iesmatadepera\/wp-content\/uploads\/usu438\/2020\/05\/Tria-modalitat-BATX-768x492.png 768w, https:\/\/agora.xtec.cat\/iesmatadepera\/wp-content\/uploads\/usu438\/2020\/05\/Tria-modalitat-BATX.png 813w\" sizes=\"auto, (max-width: 174px) 100vw, 174px\" \/><\/a><\/td>\n<td style=\"width: 215px;\"><a href=\"https:\/\/docs.google.com\/document\/d\/1tUk11ZcDIsIAC_F-RNQrdBamGGBMyyxufTRzEXRo5PY\/edit\" target=\"_blank\" rel=\"noopener noreferrer\"><img loading=\"lazy\" decoding=\"async\" class=\"aligncenter wp-image-1640\" src=\"https:\/\/agora.xtec.cat\/iesmatadepera\/wp-content\/uploads\/usu438\/2020\/05\/FullTriaBatxillerat-300x207.png\" alt=\"\" width=\"160\" height=\"111\" srcset=\"https:\/\/agora.xtec.cat\/iesmatadepera\/wp-content\/uploads\/usu438\/2020\/05\/FullTriaBatxillerat-300x207.png 300w, https:\/\/agora.xtec.cat\/iesmatadepera\/wp-content\/uploads\/usu438\/2020\/05\/FullTriaBatxillerat.png 725w\" sizes=\"auto, (max-width: 160px) 100vw, 160px\" \/><\/a><\/td>\n<\/tr>\n<\/tbody>\n<\/table>\n<p id=\"yui_3_17_2_1_1521716596222_222\"><strong><span style=\"font-family: inherit; font-size: 1em;\">Enlla\u00e7os diversos<\/span><\/strong><\/p>\n<div id=\"yui_3_17_2_1_1521716596222_226\" class=\"box generalbox center clearfix\">\n<div id=\"yui_3_17_2_1_1521716596222_225\" class=\"no-overflow\">\n<table id=\"yui_3_17_2_1_1521716596222_224\" class=\"table table-bordered\" style=\"width: 812px;\">\n<thead id=\"yui_3_17_2_1_1521716596222_240\">\n<tr id=\"yui_3_17_2_1_1521716596222_239\">\n<th id=\"yui_3_17_2_1_1521716596222_238\" style=\"width: 227px;\" scope=\"col\">\n<h5 id=\"yui_3_17_2_1_1521716596222_241\" style=\"text-align: center;\"><strong><span style=\"color: #333399;\">Estudiar a Catalunya<\/span><\/strong><\/h5>\n<\/th>\n<th id=\"yui_3_17_2_1_1521716596222_283\" style=\"width: 271px;\" scope=\"col\">\n<h5 style=\"text-align: left;\"><span style=\"color: #333399;\"><strong><span id=\"yui_3_17_2_1_1521716596222_284\" class=\"\">Qu\u00e8 i per qu\u00e8 estudiar a les\u00a0\u00a0<\/span><\/strong><strong style=\"font-size: 1.125em; text-align: center;\"><span id=\"yui_3_17_2_1_1521716596222_282\" class=\"\">universitats catalanes?<\/span><\/strong><\/span><\/h5>\n<\/th>\n<th id=\"yui_3_17_2_1_1521716596222_305\" style=\"width: 304px;\" scope=\"col\">\n<h5 id=\"yui_3_17_2_1_1521716596222_314\" style=\"text-align: center;\"><span style=\"color: #333399;\"><strong><span class=\"\">Unportal<\/span><\/strong><\/span><\/h5>\n<\/th>\n<\/tr>\n<\/thead>\n<tbody id=\"yui_3_17_2_1_1521716596222_245\">\n<tr id=\"yui_3_17_2_1_1521716596222_244\">\n<td id=\"yui_3_17_2_1_1521716596222_243\" style=\"width: 227px;\"><a href=\"http:\/\/queestudiar.gencat.cat\/ca\/index.html\" target=\"_blank\" rel=\"noopener noreferrer\"><img loading=\"lazy\" decoding=\"async\" class=\"alignnone size-medium wp-image-1126\" src=\"https:\/\/agora.xtec.cat\/iesmatadepera\/wp-content\/uploads\/usu438\/2019\/11\/Estudiar_Catalunya-300x180.png\" alt=\"\" width=\"300\" height=\"180\" srcset=\"https:\/\/agora.xtec.cat\/iesmatadepera\/wp-content\/uploads\/usu438\/2019\/11\/Estudiar_Catalunya-300x180.png 300w, https:\/\/agora.xtec.cat\/iesmatadepera\/wp-content\/uploads\/usu438\/2019\/11\/Estudiar_Catalunya-768x462.png 768w, https:\/\/agora.xtec.cat\/iesmatadepera\/wp-content\/uploads\/usu438\/2019\/11\/Estudiar_Catalunya-1024x616.png 1024w, https:\/\/agora.xtec.cat\/iesmatadepera\/wp-content\/uploads\/usu438\/2019\/11\/Estudiar_Catalunya.png 1252w\" sizes=\"auto, (max-width: 300px) 100vw, 300px\" \/><\/a><\/td>\n<td id=\"yui_3_17_2_1_1521716596222_280\" style=\"width: 271px;\"><a id=\"yui_3_17_2_1_1521716596222_279\" href=\"http:\/\/aplicacions.universitats.gencat.cat\/qpq\/AppJava\/real\/iniciar.do?idioma=ca\" target=\"_blank\" rel=\"noopener noreferrer\"><img loading=\"lazy\" decoding=\"async\" id=\"yui_3_17_2_1_1521716596222_278\" class=\"img-responsive\" src=\"http:\/\/agora.xtec.cat\/iesmatadepera\/moodle\/pluginfile.php\/11281\/mod_page\/content\/2\/Estudiar.PNG\" alt=\"\" width=\"250\" height=\"285\" \/><\/a><\/td>\n<td id=\"yui_3_17_2_1_1521716596222_281\" style=\"width: 304px;\"><a id=\"yui_3_17_2_1_1521716596222_288\" href=\"http:\/\/www.unportal.cat\/\" target=\"_blank\" rel=\"noopener noreferrer\"><img loading=\"lazy\" decoding=\"async\" id=\"yui_3_17_2_1_1521716596222_287\" class=\"img-responsive\" src=\"http:\/\/agora.xtec.cat\/iesmatadepera\/moodle\/pluginfile.php\/11281\/mod_page\/content\/2\/unportal.PNG\" alt=\"\" width=\"300\" height=\"374\" \/><\/a><\/td>\n<\/tr>\n<\/tbody>\n<\/table>\n<\/div>\n<\/div>\n","protected":false},"excerpt":{"rendered":"<p>Cliqueu sobre les imatges per obtenir la informaci\u00f3 dels enlla\u00e7os<\/p>\n<p>I despr\u00e9s de l&#8217;ESO?<br \/>\nCicles Formatius<br \/>\nV\u00eddeo Orientaci\u00f3 Fam\u00edlies\u00a0<br \/>\nFull de tries de Batxillerat<\/p>\n<p><a href=\"https:\/\/docs.google.com\/presentation\/d\/1z-S0C_3w3Kvg7rEeoCiVX44kZwCrrP1KV8jbR6E6H7o\/edit?usp=sharing\" target=\"_blank\" rel=\"noopener noreferrer\"><\/a><br \/>\n<a href=\"https:\/\/docs.google.com\/presentation\/d\/1z-S0C_3w3Kvg7rEeoCiVX44kZwCrrP1KV8jbR6E6H7o\/edit?usp=sharing\" target=\"_blank\" rel=\"noopener noreferrer\"><\/a><br \/>\n<a href=\"https:\/\/drive.google.com\/file\/d\/1_VkTbaomtg5fd5w1Ocw1Nk1khgCKSO5U\/view?usp=sharing\" target=\"_blank\" rel=\"noopener noreferrer\"><\/a><br \/>\n<a href=\"https:\/\/docs.google.com\/document\/d\/1tUk11ZcDIsIAC_F-RNQrdBamGGBMyyxufTRzEXRo5PY\/edit\" target=\"_blank\" rel=\"noopener noreferrer\"><\/a><\/p>\n<p>Enlla\u00e7os diversos<\/p>\n<p>Estudiar a Catalunya<\/p>\n<p>Qu\u00e8 i per qu\u00e8 estudiar a les\u00a0\u00a0universitats&hellip;  <a href=\"https:\/\/agora.xtec.cat\/iesmatadepera\/estudis-2\/__trashed-4\/\" title=\"Read Orientaci\u00f3 acad\u00e8mica\">Llegeix m\u00e9s\u00bb<\/a><\/p>\n","protected":false},"author":1,"featured_media":0,"parent":779,"menu_order":30,"comment_status":"closed","ping_status":"closed","template":"page-templates\/side-menu.php","meta":{"_bbp_topic_count":0,"_bbp_reply_count":0,"_bbp_total_topic_count":0,"_bbp_total_reply_count":0,"_bbp_voice_count":0,"_bbp_anonymous_reply_count":0,"_bbp_topic_count_hidden":0,"_bbp_reply_count_hidden":0,"_bbp_forum_subforum_count":0,"footnotes":""},"class_list":["post-514","page","type-page","status-publish","hentry"],"post_mailing_queue_ids":[],"_links":{"self":[{"href":"https:\/\/agora.xtec.cat\/iesmatadepera\/wp-json\/wp\/v2\/pages\/514","targetHints":{"allow":["GET"]}}],"collection":[{"href":"https:\/\/agora.xtec.cat\/iesmatadepera\/wp-json\/wp\/v2\/pages"}],"about":[{"href":"https:\/\/agora.xtec.cat\/iesmatadepera\/wp-json\/wp\/v2\/types\/page"}],"author":[{"embeddable":true,"href":"https:\/\/agora.xtec.cat\/iesmatadepera\/wp-json\/wp\/v2\/users\/1"}],"replies":[{"embeddable":true,"href":"https:\/\/agora.xtec.cat\/iesmatadepera\/wp-json\/wp\/v2\/comments?post=514"}],"version-history":[{"count":3,"href":"https:\/\/agora.xtec.cat\/iesmatadepera\/wp-json\/wp\/v2\/pages\/514\/revisions"}],"predecessor-version":[{"id":1988,"href":"https:\/\/agora.xtec.cat\/iesmatadepera\/wp-json\/wp\/v2\/pages\/514\/revisions\/1988"}],"up":[{"embeddable":true,"href":"https:\/\/agora.xtec.cat\/iesmatadepera\/wp-json\/wp\/v2\/pages\/779"}],"wp:attachment":[{"href":"https:\/\/agora.xtec.cat\/iesmatadepera\/wp-json\/wp\/v2\/media?parent=514"}],"curies":[{"name":"wp","href":"https:\/\/api.w.org\/{rel}","templated":true}]}}