{"id":722,"date":"2022-04-26T17:46:20","date_gmt":"2022-04-26T15:46:20","guid":{"rendered":"https:\/\/agora.xtec.cat\/iesmartipol\/?page_id=722"},"modified":"2026-03-10T08:56:21","modified_gmt":"2026-03-10T07:56:21","slug":"afa","status":"publish","type":"page","link":"https:\/\/agora.xtec.cat\/iesmartipol\/alumnes\/afa\/","title":{"rendered":"AFA"},"content":{"rendered":"<p><b>L&#8217;AFA SOM TOTES I TOTS!<\/b><\/p>\n<p style=\"text-align: justify;\"><span style=\"font-weight: 400;\"><a href=\"https:\/\/agora.xtec.cat\/iesmartipol\/wp-content\/uploads\/usu2298\/2023\/01\/pexels-fauxels-318442302-1-min-scaled.jpg\"><img loading=\"lazy\" decoding=\"async\" class=\"wp-image-1077 alignright\" src=\"https:\/\/agora.xtec.cat\/iesmartipol\/wp-content\/uploads\/usu2298\/2023\/01\/pexels-fauxels-318442302-1-min-1024x602.jpg\" alt=\"\" width=\"450\" height=\"264\" srcset=\"https:\/\/agora.xtec.cat\/iesmartipol\/wp-content\/uploads\/usu2298\/2023\/01\/pexels-fauxels-318442302-1-min-1024x602.jpg 1024w, https:\/\/agora.xtec.cat\/iesmartipol\/wp-content\/uploads\/usu2298\/2023\/01\/pexels-fauxels-318442302-1-min-300x176.jpg 300w, https:\/\/agora.xtec.cat\/iesmartipol\/wp-content\/uploads\/usu2298\/2023\/01\/pexels-fauxels-318442302-1-min-768x452.jpg 768w, https:\/\/agora.xtec.cat\/iesmartipol\/wp-content\/uploads\/usu2298\/2023\/01\/pexels-fauxels-318442302-1-min-1536x903.jpg 1536w, https:\/\/agora.xtec.cat\/iesmartipol\/wp-content\/uploads\/usu2298\/2023\/01\/pexels-fauxels-318442302-1-min-2048x1205.jpg 2048w\" sizes=\"auto, (max-width: 450px) 100vw, 450px\" \/><\/a><\/span>L\u2019AFA de l\u2019Institut Miquel Mart\u00ed i Pol de Roda de Ter som l\u2019Associaci\u00f3 de Fam\u00edlies d\u2019Alumnes que, de manera volunt\u00e0ria, treballem al costat de l\u2019institut per tal de col\u00b7laborar i ajudar en aquells aspectes que ens afecten a totes i tots com a membres de<br \/>\nl\u2019institut: professorat, alumnat i les seves respectives fam\u00edlies.<br \/>\nEns reunim un cop al mes per compartir i organitzar les activitats i gestions necess\u00e0ries. Ens organitzem per comissions, aix\u00ed cadasc\u00fa pot col\u00b7laborar en les actuacions de l\u2019AFA que m\u00e9s li agradin i encaixin amb el seu perfil.<br \/>\nLes comissions s\u00f3n:<\/p>\n<p><img loading=\"lazy\" decoding=\"async\" class=\"size-thumbnail wp-image-1087 alignright\" src=\"https:\/\/agora.xtec.cat\/iesmartipol\/wp-content\/uploads\/usu2298\/2023\/01\/logo-afa-2022_page-0001-1-150x150.jpg\" alt=\"\" width=\"150\" height=\"150\" \/><\/p>\n<p>&nbsp;<\/p>\n<p>o Presid\u00e8ncia, vicepresid\u00e8ncia, secret\u00e0ria i tresoreria<br \/>\no Comissi\u00f3 de festes<br \/>\no Consell escolar<br \/>\no Transport escolar<br \/>\no Comissi\u00f3 de fam\u00edlies<br \/>\no Comissi\u00f3 de llibres<br \/>\no Consell escolar Municipal<br \/>\no Comissi\u00f3 de Pla d\u2019Entorn<\/p>\n<p>L\u2019AFA est\u00e0 oberta a totes les fam\u00edlies, i participar-hi resulta una experi\u00e8ncia molt enriquidora: les fam\u00edlies podem col\u00b7laborar activament amb el centre.<br \/>\nA continuaci\u00f3 detallem algunes de les actuacions que gestionem des de l\u2019AFA:<br \/>\n\u00b7 organitzaci\u00f3 de xerrades per a fam\u00edlies i\/o alumnat.<br \/>\n\u00b7 cessi\u00f3, gesti\u00f3 i manteniment dels armariets.<br \/>\n\u00b7 reciclatge i reutilitzaci\u00f3 dels llibres de 1r fins a 4t ESO, aix\u00ed com contractaci\u00f3 de llic\u00e8ncies digitals i impressi\u00f3 de dossiers, fet que suposa un gran estalvi per a les fam\u00edlies.<br \/>\n\u00b7 cessi\u00f3 de premis per a concursos que organitza el centre.<br \/>\n\u00b7 cessi\u00f3 de material per a festes que organitza l\u2019institut.<br \/>\n\u00b7 organitzaci\u00f3 d\u2019activitats i festes per recollir diners pels viatges de final de curs de l\u2019alumnat.<br \/>\n\u00b7 entre molts d\u2019altres esdeveniments i tasques.<br \/>\nSegueix-nos al nostre instagram @miquelmartiipolrdt i estar\u00e0s al dia de tot!<br \/>\nSi vols contactar amb nosaltres i fer-nos arribar alg\u00fan dubte o suggeriment, ens pots enviar un correu electr\u00f2nic afamiquelmartipol@gmail.com i ens posarem r\u00e0pidament en<br \/>\ncontacte.<br \/>\nTamb\u00e9 ens pots visitar a la nostra oficina situada dins l\u2019institut en el seg\u00fcent horari:<br \/>\nDimecres de 15 a 17 h o b\u00e9 enviant un whatsapp de dilluns a divendres al 663019914.<\/p>\n<p><strong>Afa som totes i tots!<\/strong><\/p>\n<p><span style=\"font-weight: 400;\">A continuaci\u00f3, proposem un recull d\u2019informaci\u00f3 interessant que des de l\u2019AFA creiem interessant que les fam\u00edlies d\u2019alumnes del centre tingueu a la vostra disposici\u00f3:<\/span><\/p>\n<p><a href=\"https:\/\/agora.xtec.cat\/iesmartipol\/wp-content\/uploads\/usu2298\/2023\/01\/Les_Tecnologies_Digitals_Infancia_Adolescencia_Joventut.pdf\"><img loading=\"lazy\" decoding=\"async\" class=\"wp-image-1070 alignleft\" src=\"https:\/\/agora.xtec.cat\/iesmartipol\/wp-content\/uploads\/usu2298\/2023\/01\/noves-tecnologies_Mesa-de-trabajo-1-1024x1024.jpg\" alt=\"\" width=\"134\" height=\"134\" srcset=\"https:\/\/agora.xtec.cat\/iesmartipol\/wp-content\/uploads\/usu2298\/2023\/01\/noves-tecnologies_Mesa-de-trabajo-1-1024x1024.jpg 1024w, https:\/\/agora.xtec.cat\/iesmartipol\/wp-content\/uploads\/usu2298\/2023\/01\/noves-tecnologies_Mesa-de-trabajo-1-300x300.jpg 300w, https:\/\/agora.xtec.cat\/iesmartipol\/wp-content\/uploads\/usu2298\/2023\/01\/noves-tecnologies_Mesa-de-trabajo-1-150x150.jpg 150w, https:\/\/agora.xtec.cat\/iesmartipol\/wp-content\/uploads\/usu2298\/2023\/01\/noves-tecnologies_Mesa-de-trabajo-1-768x768.jpg 768w, https:\/\/agora.xtec.cat\/iesmartipol\/wp-content\/uploads\/usu2298\/2023\/01\/noves-tecnologies_Mesa-de-trabajo-1-1536x1536.jpg 1536w, https:\/\/agora.xtec.cat\/iesmartipol\/wp-content\/uploads\/usu2298\/2023\/01\/noves-tecnologies_Mesa-de-trabajo-1-2048x2048.jpg 2048w\" sizes=\"auto, (max-width: 134px) 100vw, 134px\" \/><\/a><\/p>\n<p><a href=\"https:\/\/agora.xtec.cat\/iesmartipol\/wp-content\/uploads\/usu2298\/2023\/01\/Les_Tecnologies_Digitals_Infancia_Adolescencia_Joventut.pdf\"><span style=\"font-weight: 400;\">Guia per orientar professionals de l\u2019educaci\u00f3 i fam\u00edlies d\u2019alumnes en el bon \u00fas de les tecnologies digitals.<\/span><\/a><\/p>\n<p>&nbsp;<\/p>\n<p>&nbsp;<\/p>\n<p><a href=\"https:\/\/agora.xtec.cat\/iesmartipol\/wp-content\/uploads\/usu2298\/2023\/03\/Sistema-Educatiu.pdf\">El sistema educatiu (De 4t ESO al m\u00f3n laboral)<\/a><\/p>\n<p style=\"text-align: left;\"><a href=\"https:\/\/agora.xtec.cat\/iesmartipol\/wp-content\/uploads\/usu2298\/2023\/03\/Sistema-Educatiu.pdf\"><img loading=\"lazy\" decoding=\"async\" class=\"alignnone wp-image-1377\" src=\"https:\/\/agora.xtec.cat\/iesmartipol\/wp-content\/uploads\/usu2298\/2023\/03\/sistema-educatiu.jpg\" alt=\"\" width=\"128\" height=\"128\" srcset=\"https:\/\/agora.xtec.cat\/iesmartipol\/wp-content\/uploads\/usu2298\/2023\/03\/sistema-educatiu.jpg 2250w, https:\/\/agora.xtec.cat\/iesmartipol\/wp-content\/uploads\/usu2298\/2023\/03\/sistema-educatiu-300x300.jpg 300w, https:\/\/agora.xtec.cat\/iesmartipol\/wp-content\/uploads\/usu2298\/2023\/03\/sistema-educatiu-1024x1024.jpg 1024w, https:\/\/agora.xtec.cat\/iesmartipol\/wp-content\/uploads\/usu2298\/2023\/03\/sistema-educatiu-150x150.jpg 150w, https:\/\/agora.xtec.cat\/iesmartipol\/wp-content\/uploads\/usu2298\/2023\/03\/sistema-educatiu-768x768.jpg 768w, https:\/\/agora.xtec.cat\/iesmartipol\/wp-content\/uploads\/usu2298\/2023\/03\/sistema-educatiu-1536x1536.jpg 1536w, https:\/\/agora.xtec.cat\/iesmartipol\/wp-content\/uploads\/usu2298\/2023\/03\/sistema-educatiu-2048x2048.jpg 2048w\" sizes=\"auto, (max-width: 128px) 100vw, 128px\" \/><\/a><\/p>\n<p><a href=\"https:\/\/agora.xtec.cat\/iesmartipol\/wp-content\/uploads\/usu2298\/2023\/03\/Webs-interes.pdf\">On puc trobar la informaci\u00f3 que necessito?<\/a><\/p>\n<p><a href=\"https:\/\/agora.xtec.cat\/iesmartipol\/wp-content\/uploads\/usu2298\/2023\/03\/Webs-interes.pdf\"><img loading=\"lazy\" decoding=\"async\" class=\"alignnone wp-image-1378\" src=\"https:\/\/agora.xtec.cat\/iesmartipol\/wp-content\/uploads\/usu2298\/2023\/03\/webs.jpg\" alt=\"\" width=\"130\" height=\"130\" srcset=\"https:\/\/agora.xtec.cat\/iesmartipol\/wp-content\/uploads\/usu2298\/2023\/03\/webs.jpg 2250w, https:\/\/agora.xtec.cat\/iesmartipol\/wp-content\/uploads\/usu2298\/2023\/03\/webs-300x300.jpg 300w, https:\/\/agora.xtec.cat\/iesmartipol\/wp-content\/uploads\/usu2298\/2023\/03\/webs-1024x1024.jpg 1024w, https:\/\/agora.xtec.cat\/iesmartipol\/wp-content\/uploads\/usu2298\/2023\/03\/webs-150x150.jpg 150w, https:\/\/agora.xtec.cat\/iesmartipol\/wp-content\/uploads\/usu2298\/2023\/03\/webs-768x768.jpg 768w, https:\/\/agora.xtec.cat\/iesmartipol\/wp-content\/uploads\/usu2298\/2023\/03\/webs-1536x1536.jpg 1536w, https:\/\/agora.xtec.cat\/iesmartipol\/wp-content\/uploads\/usu2298\/2023\/03\/webs-2048x2048.jpg 2048w\" sizes=\"auto, (max-width: 130px) 100vw, 130px\" \/><\/a><a href=\"https:\/\/agora.xtec.cat\/iesmartipol\/wp-content\/uploads\/usu2298\/2023\/03\/Webs-interes.pdf\">\u00a0 <\/a><\/p>\n<p><a href=\"https:\/\/agora.xtec.cat\/iesmartipol\/wp-content\/uploads\/usu2298\/2023\/03\/Guia-Families.pdf\">Guia pr\u00e0ctica d&#8217;orientaci\u00f3 acad\u00e8mica i professional<\/a><\/p>\n<p><a href=\"https:\/\/agora.xtec.cat\/iesmartipol\/wp-content\/uploads\/usu2298\/2023\/03\/Guia-Families.pdf\"><img loading=\"lazy\" decoding=\"async\" class=\"alignnone wp-image-1376\" src=\"https:\/\/agora.xtec.cat\/iesmartipol\/wp-content\/uploads\/usu2298\/2023\/03\/guia-families.jpg\" alt=\"\" width=\"132\" height=\"132\" srcset=\"https:\/\/agora.xtec.cat\/iesmartipol\/wp-content\/uploads\/usu2298\/2023\/03\/guia-families.jpg 2250w, https:\/\/agora.xtec.cat\/iesmartipol\/wp-content\/uploads\/usu2298\/2023\/03\/guia-families-300x300.jpg 300w, https:\/\/agora.xtec.cat\/iesmartipol\/wp-content\/uploads\/usu2298\/2023\/03\/guia-families-1024x1024.jpg 1024w, https:\/\/agora.xtec.cat\/iesmartipol\/wp-content\/uploads\/usu2298\/2023\/03\/guia-families-150x150.jpg 150w, https:\/\/agora.xtec.cat\/iesmartipol\/wp-content\/uploads\/usu2298\/2023\/03\/guia-families-768x768.jpg 768w, https:\/\/agora.xtec.cat\/iesmartipol\/wp-content\/uploads\/usu2298\/2023\/03\/guia-families-1536x1536.jpg 1536w, https:\/\/agora.xtec.cat\/iesmartipol\/wp-content\/uploads\/usu2298\/2023\/03\/guia-families-2048x2048.jpg 2048w\" sizes=\"auto, (max-width: 132px) 100vw, 132px\" \/><\/a><\/p>\n<p>Aqu\u00ed podeu trobar documents informatius de les quotes de l&#8217;AFA de diferents nivells:<\/p>\n<p><a href=\"https:\/\/agora.xtec.cat\/iesmartipol\/wp-content\/uploads\/usu2298\/2023\/06\/Carta-quotes-BATX-2023_24.docx-1.pdf\">Carta informativa quota batxillerat<\/a><\/p>\n","protected":false},"excerpt":{"rendered":"<p>L&#8217;AFA SOM TOTES I TOTS!<br \/>\n<a href=\"https:\/\/agora.xtec.cat\/iesmartipol\/wp-content\/uploads\/usu2298\/2023\/01\/pexels-fauxels-318442302-1-min-scaled.jpg\"><\/a>L\u2019AFA de l\u2019Institut Miquel Mart\u00ed i Pol de Roda de Ter som l\u2019Associaci\u00f3 de Fam\u00edlies d\u2019Alumnes que, de manera volunt\u00e0ria, treballem al costat de l\u2019institut per tal de col\u00b7laborar i ajudar en aquells aspectes que ens afecten a totes i&hellip;  <a href=\"https:\/\/agora.xtec.cat\/iesmartipol\/alumnes\/afa\/\" title=\"Read AFA\">Llegeix m\u00e9s\u00bb<\/a><\/p>\n","protected":false},"author":1,"featured_media":0,"parent":586,"menu_order":0,"comment_status":"closed","ping_status":"closed","template":"page-templates\/side-menu.php","meta":{"_bbp_topic_count":0,"_bbp_reply_count":0,"_bbp_total_topic_count":0,"_bbp_total_reply_count":0,"_bbp_voice_count":0,"_bbp_anonymous_reply_count":0,"_bbp_topic_count_hidden":0,"_bbp_reply_count_hidden":0,"_bbp_forum_subforum_count":0,"footnotes":""},"class_list":["post-722","page","type-page","status-publish","hentry"],"post_mailing_queue_ids":[],"_links":{"self":[{"href":"https:\/\/agora.xtec.cat\/iesmartipol\/wp-json\/wp\/v2\/pages\/722","targetHints":{"allow":["GET"]}}],"collection":[{"href":"https:\/\/agora.xtec.cat\/iesmartipol\/wp-json\/wp\/v2\/pages"}],"about":[{"href":"https:\/\/agora.xtec.cat\/iesmartipol\/wp-json\/wp\/v2\/types\/page"}],"author":[{"embeddable":true,"href":"https:\/\/agora.xtec.cat\/iesmartipol\/wp-json\/wp\/v2\/users\/1"}],"replies":[{"embeddable":true,"href":"https:\/\/agora.xtec.cat\/iesmartipol\/wp-json\/wp\/v2\/comments?post=722"}],"version-history":[{"count":5,"href":"https:\/\/agora.xtec.cat\/iesmartipol\/wp-json\/wp\/v2\/pages\/722\/revisions"}],"predecessor-version":[{"id":1064,"href":"https:\/\/agora.xtec.cat\/iesmartipol\/wp-json\/wp\/v2\/pages\/722\/revisions\/1064"}],"up":[{"embeddable":true,"href":"https:\/\/agora.xtec.cat\/iesmartipol\/wp-json\/wp\/v2\/pages\/586"}],"wp:attachment":[{"href":"https:\/\/agora.xtec.cat\/iesmartipol\/wp-json\/wp\/v2\/media?parent=722"}],"curies":[{"name":"wp","href":"https:\/\/api.w.org\/{rel}","templated":true}]}}