{"id":27,"date":"2014-09-17T16:24:03","date_gmt":"2014-09-17T16:24:03","guid":{"rendered":"http:\/\/agora.xtec.cat\/iesmartipol\/?page_id=27"},"modified":"2025-02-03T11:23:32","modified_gmt":"2025-02-03T10:23:32","slug":"qui-som","status":"publish","type":"page","link":"https:\/\/agora.xtec.cat\/iesmartipol\/linstitut\/qui-som\/","title":{"rendered":"Qui som?"},"content":{"rendered":"<p><span style=\"font-weight: 400;\">L\u2019INS Miquel Mart\u00ed i Pol de Roda de Ter \u00e9s un centre educatiu de secund\u00e0ria amb 4-5 grups a cada nivell d\u2019ESO i dos grups a cada curs de Batxillerat. Disposem de projecte de diversificaci\u00f3 curricular a 4t d\u2019ESO, aula SIEI i aula d\u2019acollida.El curs 2024\/2025 el centre ha iniciat els Ensenyaments de Formaci\u00f3 Professional amb el CFGM d\u2019Activitats Eq\u00fcestres (Fam\u00edlia Agr\u00e0ria).<\/span><\/p>\n<p><span style=\"font-weight: 400;\">Som un centre amb 27 anys d\u2019experi\u00e8ncia, el nostre objectiu \u00e9s assolir l\u2019excel\u00b7l\u00e8ncia educativa oferint la millor educaci\u00f3 a l\u2019alumnat i donant resposta als nous reptes que es presenten.<\/span><\/p>\n<p><b>MISSI\u00d3<\/b><\/p>\n<ul>\n<li style=\"font-weight: 400;\" aria-level=\"1\"><span style=\"font-weight: 400;\">Ajudar l\u2019alumnat en el seu proc\u00e9s d\u2019aprenentatge i creixement personal<\/span><\/li>\n<li style=\"font-weight: 400;\" aria-level=\"1\"><span style=\"font-weight: 400;\">Oferir una formaci\u00f3 de qualitat adaptada a un context canviant<\/span><\/li>\n<li style=\"font-weight: 400;\" aria-level=\"1\"><span style=\"font-weight: 400;\">Estimular el pensament cr\u00edtic, la curiositat i la recerca del coneixement, afavorint l\u2019aprenentatge aut\u00f2nom i col\u00b7laboratiu<\/span><\/li>\n<li style=\"font-weight: 400;\" aria-level=\"1\"><span style=\"font-weight: 400;\">Assegurar un entorn educatiu inclusiu que s\u2019adapti a les necessitats de tot l\u2019alumnat, garantint igualtat d\u2019oportunitats i un suport personalitzat.<\/span><\/li>\n<li style=\"font-weight: 400;\" aria-level=\"1\"><span style=\"font-weight: 400;\">Preparar l\u2019alumnat per a continuar altres estudis i la incorporaci\u00f3 al m\u00f3n laboral<\/span><\/li>\n<li style=\"font-weight: 400;\" aria-level=\"1\"><span style=\"font-weight: 400;\">Treballar per l\u2019intercanvi de coneixements en el marc del pluriling\u00fcisme<\/span><\/li>\n<li style=\"font-weight: 400;\" aria-level=\"1\"><span style=\"font-weight: 400;\">Impulsar el desenvolupament d&#8217;habilitats com la resoluci\u00f3 de problemes, la creativitat, la comunicaci\u00f3 efectiva i la capacitat de treball en equip<\/span><\/li>\n<\/ul>\n<p><iframe loading=\"lazy\" src=\"\/\/www.youtube.com\/embed\/eucqf4-II7Q\" width=\"560\" height=\"314\" allowfullscreen=\"allowfullscreen\"><\/iframe><\/p>\n","protected":false},"excerpt":{"rendered":"<p>L\u2019INS Miquel Mart\u00ed i Pol de Roda de Ter \u00e9s un centre educatiu de secund\u00e0ria amb 4-5 grups a cada nivell d\u2019ESO i dos grups a cada curs de Batxillerat. Disposem de projecte de diversificaci\u00f3 curricular a 4t d\u2019ESO, aula SIEI i aula d\u2019acollida.El curs&hellip;  <a href=\"https:\/\/agora.xtec.cat\/iesmartipol\/linstitut\/qui-som\/\" title=\"Read Qui som?\">Llegeix m\u00e9s\u00bb<\/a><\/p>\n","protected":false},"author":1,"featured_media":0,"parent":19,"menu_order":20,"comment_status":"closed","ping_status":"closed","template":"page-templates\/side-menu.php","meta":{"_bbp_topic_count":0,"_bbp_reply_count":0,"_bbp_total_topic_count":0,"_bbp_total_reply_count":0,"_bbp_voice_count":0,"_bbp_anonymous_reply_count":0,"_bbp_topic_count_hidden":0,"_bbp_reply_count_hidden":0,"_bbp_forum_subforum_count":0,"footnotes":""},"class_list":["post-27","page","type-page","status-publish","hentry"],"post_mailing_queue_ids":[],"_links":{"self":[{"href":"https:\/\/agora.xtec.cat\/iesmartipol\/wp-json\/wp\/v2\/pages\/27","targetHints":{"allow":["GET"]}}],"collection":[{"href":"https:\/\/agora.xtec.cat\/iesmartipol\/wp-json\/wp\/v2\/pages"}],"about":[{"href":"https:\/\/agora.xtec.cat\/iesmartipol\/wp-json\/wp\/v2\/types\/page"}],"author":[{"embeddable":true,"href":"https:\/\/agora.xtec.cat\/iesmartipol\/wp-json\/wp\/v2\/users\/1"}],"replies":[{"embeddable":true,"href":"https:\/\/agora.xtec.cat\/iesmartipol\/wp-json\/wp\/v2\/comments?post=27"}],"version-history":[{"count":4,"href":"https:\/\/agora.xtec.cat\/iesmartipol\/wp-json\/wp\/v2\/pages\/27\/revisions"}],"predecessor-version":[{"id":1761,"href":"https:\/\/agora.xtec.cat\/iesmartipol\/wp-json\/wp\/v2\/pages\/27\/revisions\/1761"}],"up":[{"embeddable":true,"href":"https:\/\/agora.xtec.cat\/iesmartipol\/wp-json\/wp\/v2\/pages\/19"}],"wp:attachment":[{"href":"https:\/\/agora.xtec.cat\/iesmartipol\/wp-json\/wp\/v2\/media?parent=27"}],"curies":[{"name":"wp","href":"https:\/\/api.w.org\/{rel}","templated":true}]}}