{"id":1292,"date":"2023-02-27T09:23:13","date_gmt":"2023-02-27T08:23:13","guid":{"rendered":"https:\/\/agora.xtec.cat\/iesmartipol\/?page_id=1292"},"modified":"2023-02-27T09:25:06","modified_gmt":"2023-02-27T08:25:06","slug":"aula-dacollida","status":"publish","type":"page","link":"https:\/\/agora.xtec.cat\/iesmartipol\/projectes\/projectes-datencio-educativa\/aula-dacollida\/","title":{"rendered":"Aula d&#8217;acollida"},"content":{"rendered":"<p style=\"text-align: justify;\"><span style=\"font-weight: 400;\"><img loading=\"lazy\" decoding=\"async\" class=\"wp-image-1293 alignright\" src=\"https:\/\/agora.xtec.cat\/iesmartipol\/wp-content\/uploads\/usu2298\/2023\/02\/Captura-2023-02-25-a-les-21.28.07.png\" alt=\"Aula d'acollida\" width=\"327\" height=\"327\" srcset=\"https:\/\/agora.xtec.cat\/iesmartipol\/wp-content\/uploads\/usu2298\/2023\/02\/Captura-2023-02-25-a-les-21.28.07.png 1125w, https:\/\/agora.xtec.cat\/iesmartipol\/wp-content\/uploads\/usu2298\/2023\/02\/Captura-2023-02-25-a-les-21.28.07-300x300.png 300w, https:\/\/agora.xtec.cat\/iesmartipol\/wp-content\/uploads\/usu2298\/2023\/02\/Captura-2023-02-25-a-les-21.28.07-1024x1024.png 1024w, https:\/\/agora.xtec.cat\/iesmartipol\/wp-content\/uploads\/usu2298\/2023\/02\/Captura-2023-02-25-a-les-21.28.07-150x150.png 150w, https:\/\/agora.xtec.cat\/iesmartipol\/wp-content\/uploads\/usu2298\/2023\/02\/Captura-2023-02-25-a-les-21.28.07-768x769.png 768w\" sizes=\"auto, (max-width: 327px) 100vw, 327px\" \/>L\u2019aula d\u2019acollida t\u00e9 la finalitat de proporcionar a l\u2019alumnat nouvingut el nivell de compet\u00e8ncia ling\u00fc\u00edstica que li permeti interactuar amb l\u2019entorn escolar i social.\u00a0<\/span><\/p>\n<p style=\"text-align: justify;\"><span style=\"font-weight: 400;\">A l\u2019<\/span><b>Aula d\u2019Acollida<\/b> <span style=\"font-weight: 400;\">es treballa l\u2019itinerari educatiu de l\u2019alumnat nouvingut, amb criteris metodol\u00f2gics i materials curriculars que faciliten el progr\u00e9s d\u2019un aprenentatge intensiu de la llengua i la progressiva incorporaci\u00f3 a l\u2019aula ordin\u00e0ria dins d&#8217;una mirada inclusiva de centre. Inicialment, els alumnes realitzen un programa m\u00e9s intensiu a l\u2019aula d\u2019acollida, a mesura que van avan\u00e7ant en l\u2019aprenentatge de la llengua catalana es van incorporant progressivament dins el seu grup classe de refer\u00e8ncia.\u00a0<\/span><\/p>\n<p style=\"text-align: justify;\"><span style=\"font-weight: 400;\">El tutor d\u2019aula d\u2019acollida fa un treball en xarxa amb les fam\u00edlies, les educadores socials i les orientadores de centre per tal de copsar les necessitats de l\u2019alumne\/a. La coordinaci\u00f3 amb l\u2019equip docent de nivell \u00e9s un objectiu prioritari per tal d\u2019aconseguir l\u2019\u00e8xit educatiu de l\u2019alumnat nouvingut.\u00a0<\/span><\/p>\n<p><span style=\"font-weight: 400;\"><img loading=\"lazy\" decoding=\"async\" class=\"wp-image-1294 alignleft\" src=\"https:\/\/agora.xtec.cat\/iesmartipol\/wp-content\/uploads\/usu2298\/2023\/02\/1666620850850.jpg\" alt=\"\" width=\"556\" height=\"417\" srcset=\"https:\/\/agora.xtec.cat\/iesmartipol\/wp-content\/uploads\/usu2298\/2023\/02\/1666620850850.jpg 2048w, https:\/\/agora.xtec.cat\/iesmartipol\/wp-content\/uploads\/usu2298\/2023\/02\/1666620850850-300x225.jpg 300w, https:\/\/agora.xtec.cat\/iesmartipol\/wp-content\/uploads\/usu2298\/2023\/02\/1666620850850-1024x768.jpg 1024w, https:\/\/agora.xtec.cat\/iesmartipol\/wp-content\/uploads\/usu2298\/2023\/02\/1666620850850-768x576.jpg 768w, https:\/\/agora.xtec.cat\/iesmartipol\/wp-content\/uploads\/usu2298\/2023\/02\/1666620850850-1536x1152.jpg 1536w, https:\/\/agora.xtec.cat\/iesmartipol\/wp-content\/uploads\/usu2298\/2023\/02\/1666620850850-200x150.jpg 200w\" sizes=\"auto, (max-width: 556px) 100vw, 556px\" \/><\/span><\/p>\n","protected":false},"excerpt":{"rendered":"<p>L\u2019aula d\u2019acollida t\u00e9 la finalitat de proporcionar a l\u2019alumnat nouvingut el nivell de compet\u00e8ncia ling\u00fc\u00edstica que li permeti interactuar amb l\u2019entorn escolar i social.\u00a0<br \/>\nA l\u2019Aula d\u2019Acollida es treballa l\u2019itinerari educatiu de l\u2019alumnat nouvingut, amb criteris metodol\u00f2gics i materials curriculars que faciliten el progr\u00e9s d\u2019un aprenentatge&hellip;  <a href=\"https:\/\/agora.xtec.cat\/iesmartipol\/projectes\/projectes-datencio-educativa\/aula-dacollida\/\" title=\"Read Aula d&#8217;acollida\">Llegeix m\u00e9s\u00bb<\/a><\/p>\n","protected":false},"author":1,"featured_media":0,"parent":1286,"menu_order":0,"comment_status":"closed","ping_status":"closed","template":"page-templates\/side-menu.php","meta":{"_bbp_topic_count":0,"_bbp_reply_count":0,"_bbp_total_topic_count":0,"_bbp_total_reply_count":0,"_bbp_voice_count":0,"_bbp_anonymous_reply_count":0,"_bbp_topic_count_hidden":0,"_bbp_reply_count_hidden":0,"_bbp_forum_subforum_count":0,"footnotes":""},"class_list":["post-1292","page","type-page","status-publish","hentry"],"post_mailing_queue_ids":[],"_links":{"self":[{"href":"https:\/\/agora.xtec.cat\/iesmartipol\/wp-json\/wp\/v2\/pages\/1292","targetHints":{"allow":["GET"]}}],"collection":[{"href":"https:\/\/agora.xtec.cat\/iesmartipol\/wp-json\/wp\/v2\/pages"}],"about":[{"href":"https:\/\/agora.xtec.cat\/iesmartipol\/wp-json\/wp\/v2\/types\/page"}],"author":[{"embeddable":true,"href":"https:\/\/agora.xtec.cat\/iesmartipol\/wp-json\/wp\/v2\/users\/1"}],"replies":[{"embeddable":true,"href":"https:\/\/agora.xtec.cat\/iesmartipol\/wp-json\/wp\/v2\/comments?post=1292"}],"version-history":[{"count":3,"href":"https:\/\/agora.xtec.cat\/iesmartipol\/wp-json\/wp\/v2\/pages\/1292\/revisions"}],"predecessor-version":[{"id":1296,"href":"https:\/\/agora.xtec.cat\/iesmartipol\/wp-json\/wp\/v2\/pages\/1292\/revisions\/1296"}],"up":[{"embeddable":true,"href":"https:\/\/agora.xtec.cat\/iesmartipol\/wp-json\/wp\/v2\/pages\/1286"}],"wp:attachment":[{"href":"https:\/\/agora.xtec.cat\/iesmartipol\/wp-json\/wp\/v2\/media?parent=1292"}],"curies":[{"name":"wp","href":"https:\/\/api.w.org\/{rel}","templated":true}]}}