{"id":1256,"date":"2023-02-25T12:57:06","date_gmt":"2023-02-25T11:57:06","guid":{"rendered":"https:\/\/agora.xtec.cat\/iesmartipol\/?page_id=1256"},"modified":"2023-02-27T09:10:29","modified_gmt":"2023-02-27T08:10:29","slug":"projectes-deducacio-emocional","status":"publish","type":"page","link":"https:\/\/agora.xtec.cat\/iesmartipol\/projectes\/projectes-deducacio-emocional\/","title":{"rendered":"Projectes d&#8217;educaci\u00f3 emocional"},"content":{"rendered":"<p><span style=\"font-weight: 400;\">El benestar emocional \u00e9s una prioritat en el projecte educatiu de l\u2019INS Miquel Mart\u00ed i Pol. Mitjan\u00e7ant tallers, xerrades, formacions d\u2019experts es realitza un treball intens sobre l\u2019autoestima i cadascun dels factors que ajuden a valorar-se positivament a l\u2019alumnat. S\u00f3n activitats que formen part del pla d\u2019acci\u00f3 tutorial i d\u2019orientaci\u00f3 del centre i alhora de la nostra cultura.\u00a0<\/span><\/p>\n<p><span style=\"font-weight: 400;\">Des de fa 4 cursos es va iniciar la mat\u00e8ria d\u2019educaci\u00f3 emocional al primer curs d\u2019ESO, el curs 2022-2023 s\u2019ha iniciat un nou projecte de benestar emocional amb la UVIC, a partir del curs 2023-2024 el treball del benestar emocional i la salut mental s\u2019integrar\u00e0 en el curr\u00edculum dels diferents \u00e0mbits de l\u2019Educaci\u00f3 Secund\u00e0ria Obligat\u00f2ria.<\/span><\/p>\n","protected":false},"excerpt":{"rendered":"<p>El benestar emocional \u00e9s una prioritat en el projecte educatiu de l\u2019INS Miquel Mart\u00ed i Pol. Mitjan\u00e7ant tallers, xerrades, formacions d\u2019experts es realitza un treball intens sobre l\u2019autoestima i cadascun dels factors que ajuden a valorar-se positivament a l\u2019alumnat. S\u00f3n activitats que formen part del&hellip;  <a href=\"https:\/\/agora.xtec.cat\/iesmartipol\/projectes\/projectes-deducacio-emocional\/\" title=\"Read Projectes d&#8217;educaci\u00f3 emocional\">Llegeix m\u00e9s\u00bb<\/a><\/p>\n","protected":false},"author":1,"featured_media":0,"parent":660,"menu_order":0,"comment_status":"closed","ping_status":"closed","template":"page-templates\/side-menu.php","meta":{"_bbp_topic_count":0,"_bbp_reply_count":0,"_bbp_total_topic_count":0,"_bbp_total_reply_count":0,"_bbp_voice_count":0,"_bbp_anonymous_reply_count":0,"_bbp_topic_count_hidden":0,"_bbp_reply_count_hidden":0,"_bbp_forum_subforum_count":0,"footnotes":""},"class_list":["post-1256","page","type-page","status-publish","hentry"],"post_mailing_queue_ids":[],"_links":{"self":[{"href":"https:\/\/agora.xtec.cat\/iesmartipol\/wp-json\/wp\/v2\/pages\/1256","targetHints":{"allow":["GET"]}}],"collection":[{"href":"https:\/\/agora.xtec.cat\/iesmartipol\/wp-json\/wp\/v2\/pages"}],"about":[{"href":"https:\/\/agora.xtec.cat\/iesmartipol\/wp-json\/wp\/v2\/types\/page"}],"author":[{"embeddable":true,"href":"https:\/\/agora.xtec.cat\/iesmartipol\/wp-json\/wp\/v2\/users\/1"}],"replies":[{"embeddable":true,"href":"https:\/\/agora.xtec.cat\/iesmartipol\/wp-json\/wp\/v2\/comments?post=1256"}],"version-history":[{"count":3,"href":"https:\/\/agora.xtec.cat\/iesmartipol\/wp-json\/wp\/v2\/pages\/1256\/revisions"}],"predecessor-version":[{"id":1284,"href":"https:\/\/agora.xtec.cat\/iesmartipol\/wp-json\/wp\/v2\/pages\/1256\/revisions\/1284"}],"up":[{"embeddable":true,"href":"https:\/\/agora.xtec.cat\/iesmartipol\/wp-json\/wp\/v2\/pages\/660"}],"wp:attachment":[{"href":"https:\/\/agora.xtec.cat\/iesmartipol\/wp-json\/wp\/v2\/media?parent=1256"}],"curies":[{"name":"wp","href":"https:\/\/api.w.org\/{rel}","templated":true}]}}