{"id":1250,"date":"2023-02-21T13:37:31","date_gmt":"2023-02-21T12:37:31","guid":{"rendered":"https:\/\/agora.xtec.cat\/iesmartipol\/?page_id=1250"},"modified":"2025-03-03T18:34:39","modified_gmt":"2025-03-03T17:34:39","slug":"servei-comunitari","status":"publish","type":"page","link":"https:\/\/agora.xtec.cat\/iesmartipol\/projectes\/servei-comunitari\/","title":{"rendered":"Servei comunitari"},"content":{"rendered":"<p><span style=\"color: #595cd3;\"><strong>De qu\u00e8 es tracta?\u00a0<\/strong><\/span><\/p>\n<p><span style=\"font-weight: 400;\">El servei comunitari a 3r d\u2019ESO \u00e9s un impuls que contribueix a desenvolupar una les les compet\u00e8ncies b\u00e0siques marcades pel curr\u00edculum de secund\u00e0ria, <\/span><b>la compet\u00e8ncia social i ciutadana<\/b><span style=\"font-weight: 400;\">. Es tracta d\u2019adquirir aprenentatges a trav\u00e9s de\u00a0 l\u2019exercici actiu de la ciutadania i suposa per cada estudiant una ocasi\u00f3 perfecta per posar els seus coneixements i capacitats al servei de la comunitat.<\/span><\/p>\n<p><span style=\"color: #595cd3;\"><strong>Objectius generals\u00a0<\/strong><\/span><i><\/i><\/p>\n<ul>\n<li style=\"list-style-type: none;\" aria-level=\"1\">\n<ul>\n<li style=\"font-weight: 400;\" aria-level=\"1\"><i><span style=\"font-weight: 400;\">Desenvolupar la compet\u00e8ncia social i ciutadana, afavorint una actitud cr\u00edtica i compromesa, per tal d\u2019esdevenir membres actius d\u2019una societat democr\u00e0tica i participativa.\u00a0<\/span><\/i><\/li>\n<\/ul>\n<ul>\n<li style=\"font-weight: 400;\" aria-level=\"1\"><i><span style=\"font-weight: 400;\">Desenvolupar habilitats relacionades amb el disseny i realitzaci\u00f3 de projectes d\u2019inter\u00e8s social\u00a0 i amb el treball en equip.\u00a0<\/span><\/i><\/li>\n<\/ul>\n<ul>\n<li style=\"font-weight: 400;\" aria-level=\"1\"><i><span style=\"font-weight: 400;\">Donar una resposta educativa a les necessitats emergents de l\u2019entorn escolar.\u00a0<\/span><\/i><\/li>\n<\/ul>\n<ul>\n<li style=\"font-weight: 400;\" aria-level=\"1\"><i><span style=\"font-weight: 400;\">Augmentar la participaci\u00f3 de l\u2019alumnat en el teixit associatiu i les entitats de caire social per promoure la participaci\u00f3 juvenil i fomentar el seu comprom\u00eds amb la construcci\u00f3 d\u2019una societat m\u00e9s justa, cohesionada i arrelada al territori. <\/span><\/i><\/li>\n<\/ul>\n<\/li>\n<\/ul>\n<p><strong><span style=\"color: #595cd3;\">Dedicaci\u00f3\u00a0<\/span><\/strong><\/p>\n<p><span style=\"font-weight: 400;\">El temps dedicat a la part pr\u00e0ctica pot ser flexible, s\u2019assigna atenent al tipus d\u2019activitat d\u2019aprenentatge i servei que es porti a terme i a la voluntat de col\u00b7laboraci\u00f3 de l\u2019alumnat i l\u2019agent d\u2019entorn<\/span><\/p>\n<p><img loading=\"lazy\" decoding=\"async\" class=\"wp-image-1251 alignright\" src=\"https:\/\/agora.xtec.cat\/iesmartipol\/wp-content\/uploads\/usu2298\/2023\/02\/servei-comunitari-scaled.jpg\" alt=\"Servei Comunitari\" width=\"414\" height=\"186\" srcset=\"https:\/\/agora.xtec.cat\/iesmartipol\/wp-content\/uploads\/usu2298\/2023\/02\/servei-comunitari-scaled.jpg 2560w, https:\/\/agora.xtec.cat\/iesmartipol\/wp-content\/uploads\/usu2298\/2023\/02\/servei-comunitari-300x135.jpg 300w, https:\/\/agora.xtec.cat\/iesmartipol\/wp-content\/uploads\/usu2298\/2023\/02\/servei-comunitari-1024x462.jpg 1024w, https:\/\/agora.xtec.cat\/iesmartipol\/wp-content\/uploads\/usu2298\/2023\/02\/servei-comunitari-768x346.jpg 768w, https:\/\/agora.xtec.cat\/iesmartipol\/wp-content\/uploads\/usu2298\/2023\/02\/servei-comunitari-1536x692.jpg 1536w, https:\/\/agora.xtec.cat\/iesmartipol\/wp-content\/uploads\/usu2298\/2023\/02\/servei-comunitari-2048x923.jpg 2048w\" sizes=\"auto, (max-width: 414px) 100vw, 414px\" \/><span style=\"font-weight: 400;\">corresponent. Tanmateix, i segons indica el departament d\u2019ensenyament, es calcula <\/span><b>un m\u00ednim de 10 hores de servei actiu a la comunit<\/b><b>at durant el curs, en horari no lectiu.<\/b><span style=\"font-weight: 400;\"> A aquest temps se sumen 10 hores que si tenen lloc en horari lectiu, que es dediquen a la part te\u00f2rica i que al seu torn impliquen la col\u00b7laboraci\u00f3 de\u00a0 diferents mat\u00e8ries i \u00e0mbits, de forma transversal.\u00a0<\/span><\/p>\n<p><span style=\"font-weight: 400;\">\u00a0<\/span><\/p>\n<p><span style=\"color: #595cd3;\"><strong>Agra\u00efments\u00a0<\/strong><\/span><\/p>\n<p style=\"text-align: justify;\"><span style=\"font-weight: 400;\">L\u2019activitat del servei comunitari forma part del curr\u00edculum, per tant t\u00e9 car\u00e0cter obligatori. Val a dir que tant les prefer\u00e8ncies com les circumst\u00e0ncies personals, extraescolars i personals de cada alumne es tenen en compte a l\u2019hora d\u2019assignar les diferents opcions de col\u00b7laboraci\u00f3. Creiem que \u00e9s un privilegi comptar amb una vasta d\u2019oferta d\u2019activitats diferents i possibilitats hor\u00e0ries\u00a0 gr\u00e0cies a la confian\u00e7a i l\u2019atenci\u00f3 de les persones que conformen les entitats del nostre entorn proper, les quals s\u2019han bolcat en aquest projecte. Tamb\u00e9 volem posar de relleu la resposta del nostre alumnat, ja que \u00e9s emocionant veure la implicaci\u00f3 del jovent i les seves ganes d\u2019aportar el seu esfor\u00e7, l\u2019estima pels m\u00e9s petits, pels m\u00e9s grans, l\u2019ajuda als qui m\u00e9s ho necessiten, la seva preocupaci\u00f3 pel patrimoni cultural, pel medi ambient\u2026 <\/span><\/p>\n<p><span style=\"color: #595cd3;\"><strong>Visiteu la p\u00e0gina seg\u00fcent per obtenir m\u00e9s informaci\u00f3:\u00a0<\/strong><\/span><\/p>\n<blockquote><p><a href=\"https:\/\/sites.google.com\/insmmpol.cat\/mmpol-sscc\/p%C3%A0gina-principal\/recomanacions-personals\"><span style=\"font-weight: 400;\"><span style=\"text-decoration: underline;\"><strong>Sites del servei comunitari<\/strong><\/span><\/span><\/a><\/p><\/blockquote>\n<p><img loading=\"lazy\" decoding=\"async\" class=\"alignnone wp-image-1892\" src=\"https:\/\/agora.xtec.cat\/iesmartipol\/wp-content\/uploads\/usu2298\/2025\/03\/4.jpg-scaled.jpg\" alt=\"\" width=\"264\" height=\"352\" srcset=\"https:\/\/agora.xtec.cat\/iesmartipol\/wp-content\/uploads\/usu2298\/2025\/03\/4.jpg-scaled.jpg 1920w, https:\/\/agora.xtec.cat\/iesmartipol\/wp-content\/uploads\/usu2298\/2025\/03\/4.jpg-225x300.jpg 225w, https:\/\/agora.xtec.cat\/iesmartipol\/wp-content\/uploads\/usu2298\/2025\/03\/4.jpg-768x1024.jpg 768w, https:\/\/agora.xtec.cat\/iesmartipol\/wp-content\/uploads\/usu2298\/2025\/03\/4.jpg-1152x1536.jpg 1152w, https:\/\/agora.xtec.cat\/iesmartipol\/wp-content\/uploads\/usu2298\/2025\/03\/4.jpg-1536x2048.jpg 1536w\" sizes=\"auto, (max-width: 264px) 100vw, 264px\" \/>\u00a0 \u00a0\u00a0 <img loading=\"lazy\" decoding=\"async\" class=\"alignnone wp-image-1893\" src=\"https:\/\/agora.xtec.cat\/iesmartipol\/wp-content\/uploads\/usu2298\/2025\/03\/1.jpg-scaled.jpg\" alt=\"\" width=\"268\" height=\"355\" srcset=\"https:\/\/agora.xtec.cat\/iesmartipol\/wp-content\/uploads\/usu2298\/2025\/03\/1.jpg-scaled.jpg 1933w, https:\/\/agora.xtec.cat\/iesmartipol\/wp-content\/uploads\/usu2298\/2025\/03\/1.jpg-227x300.jpg 227w, https:\/\/agora.xtec.cat\/iesmartipol\/wp-content\/uploads\/usu2298\/2025\/03\/1.jpg-773x1024.jpg 773w, https:\/\/agora.xtec.cat\/iesmartipol\/wp-content\/uploads\/usu2298\/2025\/03\/1.jpg-768x1017.jpg 768w, https:\/\/agora.xtec.cat\/iesmartipol\/wp-content\/uploads\/usu2298\/2025\/03\/1.jpg-1160x1536.jpg 1160w, https:\/\/agora.xtec.cat\/iesmartipol\/wp-content\/uploads\/usu2298\/2025\/03\/1.jpg-1547x2048.jpg 1547w\" sizes=\"auto, (max-width: 268px) 100vw, 268px\" \/>\u00a0 \u00a0 <img loading=\"lazy\" decoding=\"async\" class=\"alignnone wp-image-1894\" src=\"https:\/\/agora.xtec.cat\/iesmartipol\/wp-content\/uploads\/usu2298\/2025\/03\/3.jpg-scaled.jpg\" alt=\"\" width=\"268\" height=\"358\" srcset=\"https:\/\/agora.xtec.cat\/iesmartipol\/wp-content\/uploads\/usu2298\/2025\/03\/3.jpg-scaled.jpg 1920w, https:\/\/agora.xtec.cat\/iesmartipol\/wp-content\/uploads\/usu2298\/2025\/03\/3.jpg-225x300.jpg 225w, https:\/\/agora.xtec.cat\/iesmartipol\/wp-content\/uploads\/usu2298\/2025\/03\/3.jpg-768x1024.jpg 768w, https:\/\/agora.xtec.cat\/iesmartipol\/wp-content\/uploads\/usu2298\/2025\/03\/3.jpg-1152x1536.jpg 1152w, https:\/\/agora.xtec.cat\/iesmartipol\/wp-content\/uploads\/usu2298\/2025\/03\/3.jpg-1536x2048.jpg 1536w\" sizes=\"auto, (max-width: 268px) 100vw, 268px\" \/> <img loading=\"lazy\" decoding=\"async\" class=\"alignnone wp-image-1895\" src=\"https:\/\/agora.xtec.cat\/iesmartipol\/wp-content\/uploads\/usu2298\/2025\/03\/5.jpg.jpg\" alt=\"\" width=\"435\" height=\"326\" srcset=\"https:\/\/agora.xtec.cat\/iesmartipol\/wp-content\/uploads\/usu2298\/2025\/03\/5.jpg.jpg 2000w, https:\/\/agora.xtec.cat\/iesmartipol\/wp-content\/uploads\/usu2298\/2025\/03\/5.jpg-300x225.jpg 300w, https:\/\/agora.xtec.cat\/iesmartipol\/wp-content\/uploads\/usu2298\/2025\/03\/5.jpg-1024x768.jpg 1024w, https:\/\/agora.xtec.cat\/iesmartipol\/wp-content\/uploads\/usu2298\/2025\/03\/5.jpg-768x576.jpg 768w, https:\/\/agora.xtec.cat\/iesmartipol\/wp-content\/uploads\/usu2298\/2025\/03\/5.jpg-1536x1152.jpg 1536w, https:\/\/agora.xtec.cat\/iesmartipol\/wp-content\/uploads\/usu2298\/2025\/03\/5.jpg-200x150.jpg 200w\" sizes=\"auto, (max-width: 435px) 100vw, 435px\" \/>\u00a0 \u00a0 \u00a0\u00a0 <img loading=\"lazy\" decoding=\"async\" class=\"alignnone wp-image-1896\" src=\"https:\/\/agora.xtec.cat\/iesmartipol\/wp-content\/uploads\/usu2298\/2025\/03\/6.jpg-scaled.jpg\" alt=\"\" width=\"234\" height=\"312\" srcset=\"https:\/\/agora.xtec.cat\/iesmartipol\/wp-content\/uploads\/usu2298\/2025\/03\/6.jpg-scaled.jpg 1920w, https:\/\/agora.xtec.cat\/iesmartipol\/wp-content\/uploads\/usu2298\/2025\/03\/6.jpg-225x300.jpg 225w, https:\/\/agora.xtec.cat\/iesmartipol\/wp-content\/uploads\/usu2298\/2025\/03\/6.jpg-768x1024.jpg 768w, https:\/\/agora.xtec.cat\/iesmartipol\/wp-content\/uploads\/usu2298\/2025\/03\/6.jpg-1152x1536.jpg 1152w, https:\/\/agora.xtec.cat\/iesmartipol\/wp-content\/uploads\/usu2298\/2025\/03\/6.jpg-1536x2048.jpg 1536w\" sizes=\"auto, (max-width: 234px) 100vw, 234px\" \/><\/p>\n<p><span style=\"color: #595cd3;\"><strong>Banc d&#8217;ofertes<\/strong><\/span><\/p>\n<p><span style=\"font-weight: 400;\">Enguany hem comptat amb un ampli ventall de possibilitats per oferir al nostre alumnat.\u00a0<\/span><iframe loading=\"lazy\" src=\"https:\/\/drive.google.com\/file\/d\/1NBxWjQoGiUT65fbKdeCHFoIdPtQi2QoH\/preview\" width=\"640\" height=\"480\"><\/iframe><\/p>\n","protected":false},"excerpt":{"rendered":"<p>De qu\u00e8 es tracta?\u00a0<br \/>\nEl servei comunitari a 3r d\u2019ESO \u00e9s un impuls que contribueix a desenvolupar una les les compet\u00e8ncies b\u00e0siques marcades pel curr\u00edculum de secund\u00e0ria, la compet\u00e8ncia social i ciutadana. Es tracta d\u2019adquirir aprenentatges a trav\u00e9s de\u00a0 l\u2019exercici actiu de la ciutadania i suposa&hellip;  <a href=\"https:\/\/agora.xtec.cat\/iesmartipol\/projectes\/servei-comunitari\/\" title=\"Read Servei comunitari\">Llegeix m\u00e9s\u00bb<\/a><\/p>\n","protected":false},"author":1,"featured_media":0,"parent":660,"menu_order":0,"comment_status":"closed","ping_status":"closed","template":"page-templates\/side-menu.php","meta":{"_bbp_topic_count":0,"_bbp_reply_count":0,"_bbp_total_topic_count":0,"_bbp_total_reply_count":0,"_bbp_voice_count":0,"_bbp_anonymous_reply_count":0,"_bbp_topic_count_hidden":0,"_bbp_reply_count_hidden":0,"_bbp_forum_subforum_count":0,"footnotes":""},"class_list":["post-1250","page","type-page","status-publish","hentry"],"post_mailing_queue_ids":[],"_links":{"self":[{"href":"https:\/\/agora.xtec.cat\/iesmartipol\/wp-json\/wp\/v2\/pages\/1250","targetHints":{"allow":["GET"]}}],"collection":[{"href":"https:\/\/agora.xtec.cat\/iesmartipol\/wp-json\/wp\/v2\/pages"}],"about":[{"href":"https:\/\/agora.xtec.cat\/iesmartipol\/wp-json\/wp\/v2\/types\/page"}],"author":[{"embeddable":true,"href":"https:\/\/agora.xtec.cat\/iesmartipol\/wp-json\/wp\/v2\/users\/1"}],"replies":[{"embeddable":true,"href":"https:\/\/agora.xtec.cat\/iesmartipol\/wp-json\/wp\/v2\/comments?post=1250"}],"version-history":[{"count":6,"href":"https:\/\/agora.xtec.cat\/iesmartipol\/wp-json\/wp\/v2\/pages\/1250\/revisions"}],"predecessor-version":[{"id":1897,"href":"https:\/\/agora.xtec.cat\/iesmartipol\/wp-json\/wp\/v2\/pages\/1250\/revisions\/1897"}],"up":[{"embeddable":true,"href":"https:\/\/agora.xtec.cat\/iesmartipol\/wp-json\/wp\/v2\/pages\/660"}],"wp:attachment":[{"href":"https:\/\/agora.xtec.cat\/iesmartipol\/wp-json\/wp\/v2\/media?parent=1250"}],"curies":[{"name":"wp","href":"https:\/\/api.w.org\/{rel}","templated":true}]}}