{"id":1122,"date":"2023-01-30T19:15:10","date_gmt":"2023-01-30T18:15:10","guid":{"rendered":"https:\/\/agora.xtec.cat\/iesmartipol\/?page_id=1122"},"modified":"2025-02-28T12:50:50","modified_gmt":"2025-02-28T11:50:50","slug":"programa-docent-dacollida","status":"publish","type":"page","link":"https:\/\/agora.xtec.cat\/iesmartipol\/projectes\/programes-dinternacionalitzacio\/programa-docent-dacollida\/","title":{"rendered":"Programa docent d&#8217;acollida"},"content":{"rendered":"<p><span style=\"font-weight: 400;\">El centre participa de manera intermitent en un programa d\u2019acollida de docents de la Uni\u00f3 Europea, mitjan\u00e7ant el qual un professor\/a d\u2019un pa\u00eds membre s\u2019incorpora al nostre equip docent durant un per\u00edode breu del curs escolar. L\u2019objectiu d\u2019aquest programa \u00e9s oferir a l\u2019alumnat l\u2019oportunitat d\u2019aprofundir en la llengua i la cultura del pa\u00eds d\u2019origen del docent d\u2019acollida, a trav\u00e9s de diverses activitats did\u00e0ctiques. Gr\u00e0cies a aquesta iniciativa, el professorat tamb\u00e9 es beneficia d\u2019un enriquiment professional, intercanviant experi\u00e8ncies educatives i culturals, i ampliant la xarxa de contactes, la qual pot contribuir a la futura internacionalitzaci\u00f3 dels nostres alumnes.<\/span><\/p>\n<p><span style=\"font-weight: 400;\">CURS 22-23: Per primera vegada, el centre va rebre una docent d\u2019acollida procedent del centre educatiu Hans-Freudenberg Schule, de Weinheim (Alemanya). Durant la seva estada, el nostre alumnat va poder con\u00e8ixer una altra realitat ling\u00fc\u00edstica i cultural a trav\u00e9s de diferents propostes did\u00e0ctiques.\u00a0<\/span><\/p>\n<p><img loading=\"lazy\" decoding=\"async\" class=\"alignnone wp-image-1834\" src=\"https:\/\/agora.xtec.cat\/iesmartipol\/wp-content\/uploads\/usu2298\/2025\/02\/Captura-de-pantalla-2025-02-28-a-les-12.44.23.png\" alt=\"\" width=\"391\" height=\"354\" srcset=\"https:\/\/agora.xtec.cat\/iesmartipol\/wp-content\/uploads\/usu2298\/2025\/02\/Captura-de-pantalla-2025-02-28-a-les-12.44.23.png 646w, https:\/\/agora.xtec.cat\/iesmartipol\/wp-content\/uploads\/usu2298\/2025\/02\/Captura-de-pantalla-2025-02-28-a-les-12.44.23-300x271.png 300w\" sizes=\"auto, (max-width: 391px) 100vw, 391px\" \/>\u00a0 <img loading=\"lazy\" decoding=\"async\" class=\"alignnone wp-image-1835\" src=\"https:\/\/agora.xtec.cat\/iesmartipol\/wp-content\/uploads\/usu2298\/2025\/02\/Captura-de-pantalla-2025-02-28-a-les-12.45.21-e1740743273510.png\" alt=\"\" width=\"338\" height=\"353\" srcset=\"https:\/\/agora.xtec.cat\/iesmartipol\/wp-content\/uploads\/usu2298\/2025\/02\/Captura-de-pantalla-2025-02-28-a-les-12.45.21-e1740743273510.png 602w, https:\/\/agora.xtec.cat\/iesmartipol\/wp-content\/uploads\/usu2298\/2025\/02\/Captura-de-pantalla-2025-02-28-a-les-12.45.21-e1740743273510-287x300.png 287w\" sizes=\"auto, (max-width: 338px) 100vw, 338px\" \/> <img loading=\"lazy\" decoding=\"async\" class=\"alignnone wp-image-1836\" src=\"https:\/\/agora.xtec.cat\/iesmartipol\/wp-content\/uploads\/usu2298\/2025\/02\/Captura-de-pantalla-2025-02-28-a-les-12.45.35-e1740743240310.png\" alt=\"\" width=\"394\" height=\"359\" srcset=\"https:\/\/agora.xtec.cat\/iesmartipol\/wp-content\/uploads\/usu2298\/2025\/02\/Captura-de-pantalla-2025-02-28-a-les-12.45.35-e1740743240310.png 598w, https:\/\/agora.xtec.cat\/iesmartipol\/wp-content\/uploads\/usu2298\/2025\/02\/Captura-de-pantalla-2025-02-28-a-les-12.45.35-e1740743240310-300x273.png 300w\" sizes=\"auto, (max-width: 394px) 100vw, 394px\" \/><\/p>\n<p>&nbsp;<\/p>\n","protected":false},"excerpt":{"rendered":"<p>El centre participa de manera intermitent en un programa d\u2019acollida de docents de la Uni\u00f3 Europea, mitjan\u00e7ant el qual un professor\/a d\u2019un pa\u00eds membre s\u2019incorpora al nostre equip docent durant un per\u00edode breu del curs escolar. L\u2019objectiu d\u2019aquest programa \u00e9s oferir a l\u2019alumnat l\u2019oportunitat d\u2019aprofundir&hellip;  <a href=\"https:\/\/agora.xtec.cat\/iesmartipol\/projectes\/programes-dinternacionalitzacio\/programa-docent-dacollida\/\" title=\"Read Programa docent d&#8217;acollida\">Llegeix m\u00e9s\u00bb<\/a><\/p>\n","protected":false},"author":1,"featured_media":0,"parent":663,"menu_order":0,"comment_status":"closed","ping_status":"closed","template":"page-templates\/side-menu.php","meta":{"_bbp_topic_count":0,"_bbp_reply_count":0,"_bbp_total_topic_count":0,"_bbp_total_reply_count":0,"_bbp_voice_count":0,"_bbp_anonymous_reply_count":0,"_bbp_topic_count_hidden":0,"_bbp_reply_count_hidden":0,"_bbp_forum_subforum_count":0,"footnotes":""},"class_list":["post-1122","page","type-page","status-publish","hentry"],"post_mailing_queue_ids":[],"_links":{"self":[{"href":"https:\/\/agora.xtec.cat\/iesmartipol\/wp-json\/wp\/v2\/pages\/1122","targetHints":{"allow":["GET"]}}],"collection":[{"href":"https:\/\/agora.xtec.cat\/iesmartipol\/wp-json\/wp\/v2\/pages"}],"about":[{"href":"https:\/\/agora.xtec.cat\/iesmartipol\/wp-json\/wp\/v2\/types\/page"}],"author":[{"embeddable":true,"href":"https:\/\/agora.xtec.cat\/iesmartipol\/wp-json\/wp\/v2\/users\/1"}],"replies":[{"embeddable":true,"href":"https:\/\/agora.xtec.cat\/iesmartipol\/wp-json\/wp\/v2\/comments?post=1122"}],"version-history":[{"count":6,"href":"https:\/\/agora.xtec.cat\/iesmartipol\/wp-json\/wp\/v2\/pages\/1122\/revisions"}],"predecessor-version":[{"id":1840,"href":"https:\/\/agora.xtec.cat\/iesmartipol\/wp-json\/wp\/v2\/pages\/1122\/revisions\/1840"}],"up":[{"embeddable":true,"href":"https:\/\/agora.xtec.cat\/iesmartipol\/wp-json\/wp\/v2\/pages\/663"}],"wp:attachment":[{"href":"https:\/\/agora.xtec.cat\/iesmartipol\/wp-json\/wp\/v2\/media?parent=1122"}],"curies":[{"name":"wp","href":"https:\/\/api.w.org\/{rel}","templated":true}]}}