{"id":9,"date":"2014-09-12T10:15:01","date_gmt":"2014-09-12T10:15:01","guid":{"rendered":"http:\/\/agora.xtec.cat\/iesmartilhuma\/?page_id=9"},"modified":"2026-03-25T08:48:15","modified_gmt":"2026-03-25T07:48:15","slug":"pagina-dinici-buida","status":"publish","type":"page","link":"https:\/\/agora.xtec.cat\/iesmartilhuma\/","title":{"rendered":""},"content":{"rendered":"<blockquote>\n<h2 style=\"text-align: left;\"><a href=\"https:\/\/preinscripcio.gencat.cat\/ca\/estudis\/batxillerat\/inici\/\"><span style=\"color: #ff0000;\">PREINSCRIPCI\u00d3 Batxillerat CURS 26-27<\/span><\/a><\/h2>\n<h2 style=\"text-align: left;\"><a href=\"https:\/\/preinscripcio.gencat.cat\/ca\/estudis\/fp-grau-mitja\/inici\/index.html\"><span style=\"color: #ff0000;\">PREINSCRIPCI\u00d3 Cicles Grau Mitj\u00e0 CURS 26-27<\/span><\/a><\/h2>\n<h2 style=\"text-align: left;\"><a href=\"https:\/\/preinscripcio.gencat.cat\/ca\/estudis\/fp-grau-superior\/informat\/calendari\/\"><span style=\"color: #ff0000;\">PREINSCRIPCI\u00d3 Cicles Grau Superior CURS 26-27<\/span><\/a><\/h2>\n<h2 style=\"text-align: left;\"><a href=\"https:\/\/preinscripcio.gencat.cat\/ca\/estudis\/pfi\/informat\/calendari\/\"><span style=\"color: #ff0000;\">PREINSCRIPCI\u00d3 PFI CURS 26-27<\/span><\/a><\/h2>\n<\/blockquote>\n<h3 style=\"text-align: center;\"><span style=\"color: #0000ff;\">CONVOCAT\u00d2RIA AJUTS PEL TRANSPORT ESCOLAR<\/span><\/h3>\n<p style=\"text-align: center;\"><a href=\"https:\/\/agora.xtec.cat\/iesmartilhuma\/wp-content\/uploads\/usu239\/2025\/07\/BASES-SUBV.-TRANSPORT-ESCOLAR.pdf\">BASES SUBV. TRANSPORT ESCOLAR<\/a><\/p>\n<p style=\"text-align: center;\">\u00a0 \u00a0 \u00a0 <a href=\"https:\/\/agora.xtec.cat\/iesmartilhuma\/wp-content\/uploads\/usu239\/2025\/07\/FORMULARI-SOL\u00b7lICITUD-SUB.-TRANSPORT-ESCOLAR-2025.pdf\">FORMULARI SOL\u00b7LICITUD SUB. TRANSPORT ESCOLAR 2025<\/a><\/p>\n<h3 style=\"text-align: center;\"><a href=\"https:\/\/docs.google.com\/spreadsheets\/d\/e\/2PACX-1vRs5YS_brWWrF4pXkwiBYGyqUna_IctZDXLsQmFt0g6H77sz4mtJg283N41kRZim_AkzumlLJmJdGTN\/pubhtml\" target=\"_blank\" rel=\"noopener\"><span style=\"color: #ff0000;\">LLIBRES CURS 2025-26\u00a0<\/span><\/a><\/h3>\n<h4 style=\"text-align: center;\"><span style=\"color: #0000ff;\">SOL\u00b7LICITUD DE TRANSPORT ESCOLAR\u00a0<\/span><\/h4>\n<div><\/div>\n<h6>A partir del 26 de juny i fins el dia 15 d&#8217;agost, es podran fer les sol\u00b7licituds del servei de transport escolar a trav\u00e9s de l&#8217;adre\u00e7a\u00a0\u00a0<a href=\"https:\/\/concadebarbera.cat\/\" target=\"_blank\" rel=\"noopener\" data-saferedirecturl=\"https:\/\/www.google.com\/url?q=https:\/\/concadebarbera.cat&amp;source=gmail&amp;ust=1720164450435000&amp;usg=AOvVaw1-nKv56Wr8YOPOrZnXVwiT\">https:\/\/concadebarbera.cat<\/a><\/h6>\n<p><a href=\"https:\/\/agora.xtec.cat\/iesmartilhuma\/wp-content\/uploads\/usu239\/2025\/06\/265_Cartell_Recollida_2025.jpg\"><br \/>\n<\/a><a href=\"https:\/\/agora.xtec.cat\/iesmartilhuma\/wp-content\/uploads\/usu239\/2024\/06\/265-Recollida-ecoBooks2-e1749471320282.jpg\"><img loading=\"lazy\" decoding=\"async\" class=\"aligncenter size-full wp-image-6490\" src=\"https:\/\/agora.xtec.cat\/iesmartilhuma\/wp-content\/uploads\/usu239\/2024\/06\/265-Recollida-ecoBooks2-e1749471320282.jpg\" alt=\"\" width=\"568\" height=\"402\" srcset=\"https:\/\/agora.xtec.cat\/iesmartilhuma\/wp-content\/uploads\/usu239\/2024\/06\/265-Recollida-ecoBooks2-e1749471320282.jpg 568w, https:\/\/agora.xtec.cat\/iesmartilhuma\/wp-content\/uploads\/usu239\/2024\/06\/265-Recollida-ecoBooks2-e1749471320282-300x212.jpg 300w\" sizes=\"auto, (max-width: 568px) 100vw, 568px\" \/><\/a><\/p>\n","protected":false},"excerpt":{"rendered":"<p>PREINSCRIPCI\u00d3 Batxillerat CURS 26-27 PREINSCRIPCI\u00d3 Cicles Grau Mitj\u00e0 CURS 26-27 PREINSCRIPCI\u00d3 Cicles Grau Superior CURS 26-27 PREINSCRIPCI\u00d3 PFI CURS 26-27 CONVOCAT\u00d2RIA AJUTS PEL TRANSPORT ESCOLAR BASES SUBV. TRANSPORT ESCOLAR \u00a0 \u00a0 \u00a0 FORMULARI SOL\u00b7LICITUD SUB. TRANSPORT ESCOLAR 2025 LLIBRES CURS 2025-26\u00a0 SOL\u00b7LICITUD DE TRANSPORT ESCOLAR\u00a0 A partir del 26 de juny i fins el dia [&hellip;]<\/p>\n","protected":false},"author":1,"featured_media":0,"parent":7,"menu_order":0,"comment_status":"closed","ping_status":"closed","template":"","meta":{"_bbp_topic_count":0,"_bbp_reply_count":0,"_bbp_total_topic_count":0,"_bbp_total_reply_count":0,"_bbp_voice_count":0,"_bbp_anonymous_reply_count":0,"_bbp_topic_count_hidden":0,"_bbp_reply_count_hidden":0,"_bbp_forum_subforum_count":0,"site-sidebar-layout":"default","site-content-layout":"","ast-site-content-layout":"default","site-content-style":"default","site-sidebar-style":"default","ast-global-header-display":"","ast-banner-title-visibility":"","ast-main-header-display":"","ast-hfb-above-header-display":"","ast-hfb-below-header-display":"","ast-hfb-mobile-header-display":"","site-post-title":"","ast-breadcrumbs-content":"","ast-featured-img":"","footer-sml-layout":"","theme-transparent-header-meta":"default","adv-header-id-meta":"","stick-header-meta":"","header-above-stick-meta":"","header-main-stick-meta":"","header-below-stick-meta":"","astra-migrate-meta-layouts":"set","ast-page-background-enabled":"default","ast-page-background-meta":{"desktop":{"background-color":"var(--ast-global-color-4)","background-image":"","background-repeat":"repeat","background-position":"center center","background-size":"auto","background-attachment":"scroll","background-type":"","background-media":"","overlay-type":"","overlay-color":"","overlay-opacity":"","overlay-gradient":""},"tablet":{"background-color":"","background-image":"","background-repeat":"repeat","background-position":"center center","background-size":"auto","background-attachment":"scroll","background-type":"","background-media":"","overlay-type":"","overlay-color":"","overlay-opacity":"","overlay-gradient":""},"mobile":{"background-color":"","background-image":"","background-repeat":"repeat","background-position":"center center","background-size":"auto","background-attachment":"scroll","background-type":"","background-media":"","overlay-type":"","overlay-color":"","overlay-opacity":"","overlay-gradient":""}},"ast-content-background-meta":{"desktop":{"background-color":"var(--ast-global-color-5)","background-image":"","background-repeat":"repeat","background-position":"center center","background-size":"auto","background-attachment":"scroll","background-type":"","background-media":"","overlay-type":"","overlay-color":"","overlay-opacity":"","overlay-gradient":""},"tablet":{"background-color":"var(--ast-global-color-5)","background-image":"","background-repeat":"repeat","background-position":"center center","background-size":"auto","background-attachment":"scroll","background-type":"","background-media":"","overlay-type":"","overlay-color":"","overlay-opacity":"","overlay-gradient":""},"mobile":{"background-color":"var(--ast-global-color-5)","background-image":"","background-repeat":"repeat","background-position":"center center","background-size":"auto","background-attachment":"scroll","background-type":"","background-media":"","overlay-type":"","overlay-color":"","overlay-opacity":"","overlay-gradient":""}},"footnotes":""},"class_list":["post-9","page","type-page","status-publish","hentry"],"post_mailing_queue_ids":[],"_links":{"self":[{"href":"https:\/\/agora.xtec.cat\/iesmartilhuma\/wp-json\/wp\/v2\/pages\/9","targetHints":{"allow":["GET"]}}],"collection":[{"href":"https:\/\/agora.xtec.cat\/iesmartilhuma\/wp-json\/wp\/v2\/pages"}],"about":[{"href":"https:\/\/agora.xtec.cat\/iesmartilhuma\/wp-json\/wp\/v2\/types\/page"}],"author":[{"embeddable":true,"href":"https:\/\/agora.xtec.cat\/iesmartilhuma\/wp-json\/wp\/v2\/users\/1"}],"replies":[{"embeddable":true,"href":"https:\/\/agora.xtec.cat\/iesmartilhuma\/wp-json\/wp\/v2\/comments?post=9"}],"version-history":[{"count":6,"href":"https:\/\/agora.xtec.cat\/iesmartilhuma\/wp-json\/wp\/v2\/pages\/9\/revisions"}],"predecessor-version":[{"id":8123,"href":"https:\/\/agora.xtec.cat\/iesmartilhuma\/wp-json\/wp\/v2\/pages\/9\/revisions\/8123"}],"up":[{"embeddable":true,"href":"https:\/\/agora.xtec.cat\/iesmartilhuma\/wp-json\/wp\/v2\/pages\/7"}],"wp:attachment":[{"href":"https:\/\/agora.xtec.cat\/iesmartilhuma\/wp-json\/wp\/v2\/media?parent=9"}],"curies":[{"name":"wp","href":"https:\/\/api.w.org\/{rel}","templated":true}]}}