{"id":74,"date":"2019-11-11T12:52:00","date_gmt":"2019-11-11T11:52:00","guid":{"rendered":"https:\/\/blocs.xtec.cat\/culturadigitalmartilhuma\/?page_id=74"},"modified":"2024-01-20T13:05:43","modified_gmt":"2024-01-20T12:05:43","slug":"publicacions-digitals","status":"publish","type":"page","link":"https:\/\/agora.xtec.cat\/iesmartilhuma\/bloc-de-cultura-digital\/publicacions-digitals\/","title":{"rendered":"Publicacions digitals"},"content":{"rendered":"<p><img loading=\"lazy\" decoding=\"async\" class=\"alignnone size-full wp-image-75\" src=\"http:\/\/blocs.xtec.cat\/culturadigitalmartilhuma\/files\/2019\/11\/Sin-t\u00edtulo-11.png\" alt=\"\" width=\"358\" height=\"273\" \/><\/p>\n<p><a href=\"http:\/\/ensenyament.gencat.cat\/ca\/departament\/publicacions\/colleccions\/tac\/pissarres-digitals\/\">Col\u00b7lecci\u00f3 sobre pissarres digitals interactives <\/a><\/p>\n<p>&nbsp;<\/p>\n<p><img loading=\"lazy\" decoding=\"async\" class=\"alignnone size-full wp-image-76\" src=\"http:\/\/blocs.xtec.cat\/culturadigitalmartilhuma\/files\/2019\/11\/Sin-t\u00edtulo-12.png\" alt=\"\" width=\"372\" height=\"300\" \/><\/p>\n<p><a href=\"http:\/\/ensenyament.gencat.cat\/ca\/departament\/publicacions\/colleccions\/tac\/moodle\/\">Col\u00b7lecci\u00f3 sobre \u00fas i funcionament de l\u2019Aula Virtual (Moodle)<\/a>.<\/p>\n<p><img loading=\"lazy\" decoding=\"async\" class=\"alignnone size-full wp-image-77\" src=\"http:\/\/blocs.xtec.cat\/culturadigitalmartilhuma\/files\/2019\/11\/compe.png\" alt=\"\" width=\"272\" height=\"358\" \/><\/p>\n<p><a href=\"http:\/\/ensenyament.gencat.cat\/ca\/departament\/publicacions\/monografies\/competencia-digital-docent\/\">Compet\u00e8ncia digital docent del professorat de Catalunya<\/a>.<\/p>\n<p><strong>Altres materials:<br \/>\n<\/strong><\/p>\n<ul>\n<li><strong><a title=\"Materials audiovisuals\" href=\"http:\/\/ateneu.xtec.cat\/wikiform\/wikiexport\/cursos\/dirs\/pft\/index\" target=\"_blank\" rel=\"noopener noreferrer\">Materials de formaci\u00f3<\/a><\/strong><\/li>\n<li><strong><a title=\"Ateneu. Materials i recursos per a la formaci\u00f3\" href=\"http:\/\/ateneu.xtec.cat\/wikiform\/wikiexport\/cursos\/index\" target=\"_blank\" rel=\"noopener noreferrer\">Ateneu. Materials i recursos per a la formaci\u00f3<\/a><\/strong><\/li>\n<li><strong><a title=\"Odissea - TAC\" href=\"http:\/\/odissea.xtec.cat\/course\/category.php?id=41\" target=\"_blank\" rel=\"noopener noreferrer\">TAC \u2013 Odissea<\/a><\/strong><\/li>\n<\/ul>\n","protected":false},"excerpt":{"rendered":"<p>Col\u00b7lecci\u00f3 sobre pissarres digitals interactives &nbsp; Col\u00b7lecci\u00f3 sobre \u00fas i funcionament de l\u2019Aula Virtual (Moodle). Compet\u00e8ncia digital docent del professorat de Catalunya. Altres materials: Materials de formaci\u00f3 Ateneu. Materials i recursos per a la formaci\u00f3 TAC \u2013 Odissea<\/p>\n","protected":false},"author":28,"featured_media":0,"parent":5494,"menu_order":0,"comment_status":"closed","ping_status":"closed","template":"","meta":{"_bbp_topic_count":0,"_bbp_reply_count":0,"_bbp_total_topic_count":0,"_bbp_total_reply_count":0,"_bbp_voice_count":0,"_bbp_anonymous_reply_count":0,"_bbp_topic_count_hidden":0,"_bbp_reply_count_hidden":0,"_bbp_forum_subforum_count":0,"site-sidebar-layout":"default","site-content-layout":"","ast-site-content-layout":"","site-content-style":"default","site-sidebar-style":"default","ast-global-header-display":"","ast-banner-title-visibility":"","ast-main-header-display":"","ast-hfb-above-header-display":"","ast-hfb-below-header-display":"","ast-hfb-mobile-header-display":"","site-post-title":"","ast-breadcrumbs-content":"","ast-featured-img":"","footer-sml-layout":"","theme-transparent-header-meta":"","adv-header-id-meta":"","stick-header-meta":"","header-above-stick-meta":"","header-main-stick-meta":"","header-below-stick-meta":"","astra-migrate-meta-layouts":"default","ast-page-background-enabled":"default","ast-page-background-meta":{"desktop":{"background-color":"var(--ast-global-color-4)","background-image":"","background-repeat":"repeat","background-position":"center center","background-size":"auto","background-attachment":"scroll","background-type":"","background-media":"","overlay-type":"","overlay-color":"","overlay-opacity":"","overlay-gradient":""},"tablet":{"background-color":"","background-image":"","background-repeat":"repeat","background-position":"center center","background-size":"auto","background-attachment":"scroll","background-type":"","background-media":"","overlay-type":"","overlay-color":"","overlay-opacity":"","overlay-gradient":""},"mobile":{"background-color":"","background-image":"","background-repeat":"repeat","background-position":"center center","background-size":"auto","background-attachment":"scroll","background-type":"","background-media":"","overlay-type":"","overlay-color":"","overlay-opacity":"","overlay-gradient":""}},"ast-content-background-meta":{"desktop":{"background-color":"var(--ast-global-color-5)","background-image":"","background-repeat":"repeat","background-position":"center center","background-size":"auto","background-attachment":"scroll","background-type":"","background-media":"","overlay-type":"","overlay-color":"","overlay-opacity":"","overlay-gradient":""},"tablet":{"background-color":"var(--ast-global-color-5)","background-image":"","background-repeat":"repeat","background-position":"center center","background-size":"auto","background-attachment":"scroll","background-type":"","background-media":"","overlay-type":"","overlay-color":"","overlay-opacity":"","overlay-gradient":""},"mobile":{"background-color":"var(--ast-global-color-5)","background-image":"","background-repeat":"repeat","background-position":"center center","background-size":"auto","background-attachment":"scroll","background-type":"","background-media":"","overlay-type":"","overlay-color":"","overlay-opacity":"","overlay-gradient":""}},"footnotes":""},"class_list":["post-74","page","type-page","status-publish","hentry"],"post_mailing_queue_ids":[],"_links":{"self":[{"href":"https:\/\/agora.xtec.cat\/iesmartilhuma\/wp-json\/wp\/v2\/pages\/74","targetHints":{"allow":["GET"]}}],"collection":[{"href":"https:\/\/agora.xtec.cat\/iesmartilhuma\/wp-json\/wp\/v2\/pages"}],"about":[{"href":"https:\/\/agora.xtec.cat\/iesmartilhuma\/wp-json\/wp\/v2\/types\/page"}],"author":[{"embeddable":true,"href":"https:\/\/agora.xtec.cat\/iesmartilhuma\/wp-json\/wp\/v2\/users\/28"}],"replies":[{"embeddable":true,"href":"https:\/\/agora.xtec.cat\/iesmartilhuma\/wp-json\/wp\/v2\/comments?post=74"}],"version-history":[{"count":1,"href":"https:\/\/agora.xtec.cat\/iesmartilhuma\/wp-json\/wp\/v2\/pages\/74\/revisions"}],"predecessor-version":[{"id":5502,"href":"https:\/\/agora.xtec.cat\/iesmartilhuma\/wp-json\/wp\/v2\/pages\/74\/revisions\/5502"}],"up":[{"embeddable":true,"href":"https:\/\/agora.xtec.cat\/iesmartilhuma\/wp-json\/wp\/v2\/pages\/5494"}],"wp:attachment":[{"href":"https:\/\/agora.xtec.cat\/iesmartilhuma\/wp-json\/wp\/v2\/media?parent=74"}],"curies":[{"name":"wp","href":"https:\/\/api.w.org\/{rel}","templated":true}]}}