{"id":43,"date":"2014-09-17T16:45:07","date_gmt":"2014-09-17T14:45:07","guid":{"rendered":"http:\/\/agora.xtec.cat\/iesmartilhuma\/?page_id=43"},"modified":"2026-01-20T16:11:04","modified_gmt":"2026-01-20T15:11:04","slug":"consell-escolar","status":"publish","type":"page","link":"https:\/\/agora.xtec.cat\/iesmartilhuma\/linstitut\/consell-escolar\/","title":{"rendered":"Consell escolar"},"content":{"rendered":"<p>El consell escolar del centre \u00e9s l&#8217;\u00f2rgan col\u00b7legiat de participaci\u00f3 de la comunitat escolar en el govern del centre. En el consell escolar hi ha representats tots els col\u00b7lectius que intervenen en la comunitat educativa: director, professors, alumnes, personal d&#8217;administraci\u00f3 i serveis, etc.<\/p>\n<p>En els <strong>centres p\u00fablics<\/strong>, la funci\u00f3 principal del consell escolar \u00e9s debatre i aprovar tots aquells temes importants per al funcionament i l&#8217;organitzaci\u00f3 del centre: el projecte educatiu, el pla i la mem\u00f2ria anual de centre, el pressupost, etc.<\/p>\n<p>Les persones del consell escolar s\u00f3n elegides per un per\u00edode de quatre anys i es renoven per meitats cada dos anys.<\/p>\n<table width=\"773\" align=\"center\">\n<tbody>\n<tr>\n<td class=\"Estilo9\">Curs 2025-2026<\/td>\n<\/tr>\n<\/tbody>\n<\/table>\n<p>&nbsp;<\/p>\n<table width=\"772\" align=\"center\">\n<tbody>\n<tr>\n<td bgcolor=\"#ff0000\"><span class=\"Estilo15\"><b><span style=\"color: #ffffff; font-family: Arial; font-size: large;\">Equip directiu<\/span><\/b><\/span><\/td>\n<\/tr>\n<\/tbody>\n<\/table>\n<p>&nbsp;<\/p>\n<table width=\"553\" cellspacing=\"2\" align=\"center\">\n<tbody>\n<tr>\n<th scope=\"col\" width=\"188\">\n<div align=\"left\">President<\/div>\n<\/th>\n<th scope=\"col\" bgcolor=\"#99ffff\" width=\"410\">\n<div class=\"Estilo19\" align=\"left\"><strong><span class=\"Estilo11\"><span style=\"font-family: Arial;\">Sra. Immaculada Hueso P\u00e9rez <\/span><\/span><\/strong><\/div>\n<\/th>\n<\/tr>\n<tr>\n<td><strong>Cap d&#8217;Estudis<\/strong><\/td>\n<td bgcolor=\"#99ffff\">\n<div align=\"left\"><span class=\"Estilo11\"><b><span style=\"font-family: Arial;\">Sra. M. Candela Ribera Ruiz<\/span><\/b><\/span><\/div>\n<\/td>\n<\/tr>\n<tr>\n<td><strong>Secretari<\/strong><\/td>\n<td bgcolor=\"#99ffff\"><strong><span class=\"Estilo13\"><span style=\"font-family: Arial;\">Sra. Sonia Tarrafeta Botello<\/span><\/span><\/strong><\/td>\n<\/tr>\n<\/tbody>\n<\/table>\n<p>&nbsp;<\/p>\n<table width=\"772\" align=\"center\">\n<tbody>\n<tr>\n<td bgcolor=\"#ff0000\"><span class=\"Estilo15\"><b><span style=\"color: #ffffff; font-family: Arial; font-size: large;\">Representants dels professors\/es<\/span><\/b><\/span><\/td>\n<\/tr>\n<\/tbody>\n<\/table>\n<p>&nbsp;<\/p>\n<table width=\"371\" cellspacing=\"2\" align=\"center\">\n<tbody>\n<tr>\n<td class=\"Estilo7\" scope=\"col\" bgcolor=\"#99ffff\">\n<div class=\"Estilo24\" align=\"left\"><strong>Sra. Montse Bosch Saumell<\/strong><\/div>\n<\/td>\n<\/tr>\n<tr>\n<td class=\"Estilo24\" scope=\"col\" bgcolor=\"#99ffff\"><strong>Sr. Albert P\u00e9rez Llorens<\/strong><\/td>\n<\/tr>\n<tr>\n<td class=\"Estilo24\" bgcolor=\"#99ffff\"><strong>Sra. N\u00faria Pino Torres<\/strong><\/td>\n<\/tr>\n<tr>\n<td class=\"Estilo24\" bgcolor=\"#99ffff\"><strong>Sr. David Ribera Gassol<\/strong><\/td>\n<\/tr>\n<tr>\n<td class=\"Estilo24\" bgcolor=\"#99ffff\"><strong>Sra. M. Dolores S\u00e1nchez G\u00f3mez<\/strong><\/td>\n<\/tr>\n<tr>\n<td class=\"Estilo24\" bgcolor=\"#99ffff\"><strong>Sr. Robert Viadel Mestre<\/strong><\/td>\n<\/tr>\n<\/tbody>\n<\/table>\n<p>&nbsp;<\/p>\n<table width=\"772\" align=\"center\">\n<tbody>\n<tr>\n<td bgcolor=\"#ff0000\"><span class=\"Estilo15\"><b><span style=\"color: #ffffff; font-family: Arial; font-size: large;\">Representants dels Pares i Mares <\/span><\/b><\/span><\/td>\n<\/tr>\n<\/tbody>\n<\/table>\n<p>&nbsp;<\/p>\n<table style=\"width: 48.6617%; height: 112px;\" width=\"383\" cellspacing=\"2\" align=\"center\">\n<tbody>\n<tr style=\"height: 31px;\">\n<th class=\"Estilo7\" style=\"height: 31px; width: 100%;\" scope=\"col\" bgcolor=\"#99ffff\">\n<div class=\"Estilo24\" align=\"left\"><strong>Sra. Ivanka Gasco Marsal<\/strong><\/div>\n<\/th>\n<\/tr>\n<tr style=\"height: 33px;\">\n<td class=\"Estilo24\" style=\"height: 33px; width: 100%;\" bgcolor=\"#99ffff\"><strong>Sra. Montserrat Ruiz Echezarreta<\/strong><\/td>\n<\/tr>\n<\/tbody>\n<\/table>\n<p>&nbsp;<\/p>\n<table width=\"772\" align=\"center\">\n<tbody>\n<tr>\n<td bgcolor=\"#ff0000\"><span class=\"Estilo15\"><b><span style=\"color: #ffffff; font-family: Arial; font-size: large;\">Representants dels Alumnes <\/span><\/b><\/span><\/td>\n<\/tr>\n<\/tbody>\n<\/table>\n<p>&nbsp;<\/p>\n<table width=\"383\" cellspacing=\"2\" align=\"center\">\n<tbody>\n<tr>\n<th class=\"Estilo7\" scope=\"col\" bgcolor=\"#99ffff\">\n<div align=\"left\">Sr. David Ferran Angl\u00e8s<\/div>\n<\/th>\n<\/tr>\n<tr>\n<th class=\"Estilo7\" scope=\"col\" bgcolor=\"#99ffff\">\n<div align=\"left\"><strong>Sr. Nikolas Ferrer Bernardi<\/strong><\/div>\n<\/th>\n<\/tr>\n<tr>\n<td class=\"Estilo24\" bgcolor=\"#99ffff\"><strong>Sr. Pau Romeu Iglesias<\/strong><\/td>\n<\/tr>\n<\/tbody>\n<\/table>\n<p>&nbsp;<\/p>\n<table width=\"772\" align=\"center\">\n<tbody>\n<tr>\n<td bgcolor=\"#ff0000\"><span class=\"Estilo15\"><b><span style=\"color: #ffffff; font-family: Arial; font-size: large;\">Representant de l&#8217;AMPA<\/span><\/b><\/span><\/td>\n<\/tr>\n<\/tbody>\n<\/table>\n<p>&nbsp;<\/p>\n<table width=\"383\" cellspacing=\"2\" align=\"center\">\n<tbody>\n<tr>\n<th scope=\"col\" bgcolor=\"#99ffff\">\n<div align=\"left\"><span class=\"Estilo24\"><span style=\"font-family: Arial;\">Sra. Susana Rozas S\u00e1nchez<\/span><\/span><\/div>\n<\/th>\n<\/tr>\n<\/tbody>\n<\/table>\n<p>&nbsp;<\/p>\n<table width=\"772\" align=\"center\">\n<tbody>\n<tr>\n<td bgcolor=\"#ff0000\"><span class=\"Estilo15\"><b><span style=\"color: #ffffff; font-family: Arial; font-size: large;\">Representant del PAS<\/span><\/b><\/span><\/td>\n<\/tr>\n<\/tbody>\n<\/table>\n<p>&nbsp;<\/p>\n<table width=\"383\" cellspacing=\"2\" align=\"center\">\n<tbody>\n<tr>\n<th scope=\"col\" bgcolor=\"#99ffff\">\n<div class=\"Estilo7\" align=\"left\">\n<div align=\"left\">Sra. M. Carmen Romero Mart\u00ednez<\/div>\n<\/div>\n<\/th>\n<\/tr>\n<\/tbody>\n<\/table>\n<p>&nbsp;<\/p>\n<table width=\"772\" align=\"center\">\n<tbody>\n<tr>\n<td bgcolor=\"#ff0000\"><span class=\"Estilo15\"><b><span style=\"color: #ffffff; font-family: Arial; font-size: large;\">Representant de l&#8217;Ajuntament<\/span><\/b><\/span><\/td>\n<\/tr>\n<\/tbody>\n<\/table>\n<p>&nbsp;<\/p>\n<table width=\"383\" cellspacing=\"2\" align=\"center\">\n<tbody>\n<tr>\n<td class=\"Estilo24\" bgcolor=\"#99ffff\"><strong>Sra. Judit Pere Cant\u00f3<\/strong><\/td>\n<\/tr>\n<\/tbody>\n<\/table>\n<h3 style=\"text-align: center;\"><span style=\"text-decoration: underline;\"><strong><i><span style=\"color: #ffffff;\">OMISSIONS DEL CONSELL ESCOLAR <\/span><\/i><\/strong><\/span><\/h3>\n<p>&nbsp;<\/p>\n<table width=\"767\" align=\"center\" bgcolor=\"#ffffcc\">\n<tbody>\n<tr>\n<th scope=\"col\" bgcolor=\"#66cc66\" height=\"23\">\n<div class=\"Estilo2\" align=\"left\">\u00a0<span class=\"Estilo26\"><span style=\"color: #ffffff;\"> Comissi\u00f3 Permanent <\/span><\/span><\/div>\n<\/th>\n<\/tr>\n<\/tbody>\n<\/table>\n<table style=\"width: 91.288%;\" width=\"588\" cellspacing=\"2\" align=\"center\">\n<tbody>\n<tr style=\"height: 31px;\">\n<th style=\"height: 31px; width: 39.8095%;\" scope=\"col\" width=\"147\">\n<div class=\"Estilo24\" align=\"left\">Presidenta<\/div>\n<\/th>\n<th style=\"height: 31px; width: 139.844%;\" scope=\"col\" bgcolor=\"#99ff66\">\n<div align=\"left\"><span class=\"Estilo24\"><span style=\"font-family: Arial;\">Sra.<\/span><\/span> <span class=\"Estilo7\"><span class=\"Estilo24\"><span style=\"font-family: Arial;\"> Immaculada Hueso P\u00e9rez<\/span><\/span><\/span><\/div>\n<\/th>\n<\/tr>\n<tr style=\"height: 33px;\">\n<td style=\"height: 33px; width: 39.8095%;\"><strong><span class=\"Estilo7\"><span style=\"font-family: Arial;\">Cap d&#8217;Estudis<\/span><\/span><\/strong><\/td>\n<td style=\"height: 33px; width: 139.844%;\" bgcolor=\"#99ff66\">\n<div align=\"left\"><strong><span class=\"Estilo24\"><span style=\"font-family: Arial;\"> Sra. <\/span><span class=\"Estilo11\"><span style=\"font-family: Arial;\">M. Candela Ribera Ruiz<\/span><\/span><\/span><\/strong><\/div>\n<\/td>\n<\/tr>\n<tr style=\"height: 33px;\">\n<td class=\"Estilo24\" style=\"height: 33px; width: 39.8095%;\"><strong>Representant fam\u00edlies<\/strong><\/td>\n<td class=\"Estilo24\" style=\"height: 33px; width: 139.844%;\" bgcolor=\"#99ff66\"><strong><span class=\"Estilo24\"><span style=\"font-family: Arial;\">Sra. Ivanka Gasco Marsal<\/span><\/span><\/strong><\/td>\n<\/tr>\n<tr style=\"height: 33px;\">\n<td class=\"Estilo24\" style=\"height: 33px; width: 39.8095%;\"><strong>Representant professorat<\/strong><\/td>\n<td class=\"Estilo24\" style=\"height: 33px; width: 139.844%;\" bgcolor=\"#99ff66\"><strong>Sr. David Ribera Gassol<\/strong><\/td>\n<\/tr>\n<tr style=\"height: 33px;\">\n<td class=\"Estilo24\" style=\"height: 33px; width: 39.8095%;\"><strong>Representat alumnat<\/strong><\/td>\n<td class=\"Estilo24\" style=\"height: 33px; width: 139.844%;\" bgcolor=\"#99ff66\"><strong>Sr. Nikolas Ferrer Bernardi<\/strong><\/td>\n<\/tr>\n<tr style=\"height: 33px;\">\n<td style=\"height: 33px; width: 39.8095%;\"><strong><span class=\"Estilo7\"><span style=\"font-family: Arial;\">Secretari<\/span><\/span><\/strong><\/td>\n<td style=\"height: 33px; width: 139.844%;\" bgcolor=\"#99ff66\"><strong><span class=\"Estilo24\"><span style=\"font-family: Arial;\">Sra<\/span><\/span><span class=\"Estilo7\"><span style=\"font-family: Arial;\">. <\/span><\/span><span class=\"Estilo13\"><span style=\"font-family: Arial;\"> Sonia Tarrafeta Botello<\/span><\/span><\/strong><\/td>\n<\/tr>\n<\/tbody>\n<\/table>\n<div align=\"right\"><\/div>\n<table width=\"767\" align=\"center\" bgcolor=\"#ffffcc\">\n<tbody>\n<tr>\n<th scope=\"col\" bgcolor=\"#66cc66\" height=\"23\">\n<div class=\"Estilo2\" align=\"left\">\u00a0<span class=\"Estilo26\"><span style=\"color: #ffffff;\"> Comissi\u00f3 Econ\u00f2mica<\/span><\/span><\/div>\n<\/th>\n<\/tr>\n<\/tbody>\n<\/table>\n<table style=\"width: 92.0936%;\" width=\"614\" cellspacing=\"2\" align=\"center\">\n<tbody>\n<tr>\n<th style=\"width: 35.9223%;\" scope=\"col\" width=\"259\">\n<div class=\"Estilo24\" align=\"left\">Presidenta<\/div>\n<\/th>\n<th style=\"width: 56.172%;\" scope=\"col\" bgcolor=\"#99ff66\">\n<div align=\"left\"><span class=\"Estilo24\"><span style=\"font-family: Arial;\">Sra<\/span><\/span><span class=\"Estilo7\"><span style=\"font-family: Arial;\">. <\/span><\/span><span class=\"Estilo7\"><span class=\"Estilo24\"><span style=\"font-family: Arial;\"> Immaculada Hueso P\u00e9rez<\/span><\/span><\/span><\/div>\n<\/th>\n<\/tr>\n<tr>\n<td class=\"Estilo24\" style=\"width: 35.9223%;\"><strong>Representants pares<\/strong><\/td>\n<td class=\"Estilo24\" style=\"width: 56.172%;\" bgcolor=\"#99ff66\"><strong>Sra. Susana Rozas S\u00e1nchez<\/strong><\/td>\n<\/tr>\n<tr>\n<td class=\"Estilo24\" style=\"width: 35.9223%;\"><strong>Representants professorat<\/strong><\/td>\n<td class=\"Estilo24\" style=\"width: 56.172%;\" bgcolor=\"#99ff66\"><strong>Sr. Robert Viadel Mestre<\/strong><\/td>\n<\/tr>\n<tr>\n<td class=\"Estilo24\" style=\"width: 35.9223%;\"><strong>Representant alumnat<\/strong><\/td>\n<td style=\"width: 56.172%;\" bgcolor=\"#99ff66\"><strong>Sr. David Ferran Angl\u00e8s<\/strong><\/td>\n<\/tr>\n<tr>\n<td style=\"width: 35.9223%;\"><strong><span class=\"Estilo7\"><span style=\"font-family: Arial;\">Secretari<\/span><\/span><\/strong><\/td>\n<td style=\"width: 56.172%;\" bgcolor=\"#99ff66\"><strong><span class=\"Estilo7\"><span style=\"font-family: Arial;\">Sra. <\/span><\/span><span class=\"Estilo13\"><span style=\"font-family: Arial;\"> Sonia Tarrafeta Botello<\/span><\/span><\/strong><\/td>\n<\/tr>\n<\/tbody>\n<\/table>\n<table width=\"767\" align=\"center\" bgcolor=\"#ffffcc\">\n<tbody>\n<tr>\n<th scope=\"col\" bgcolor=\"#66cc66\" height=\"23\">\n<div class=\"Estilo2\" align=\"left\">\u00a0<span class=\"Estilo26\"><span style=\"color: #ffffff;\"> Comissi\u00f3 de Conviv\u00e8ncia <\/span><span class=\"Estilo25\"><span style=\"color: #ffffff; font-size: small;\">( Decret 266\/1997, de 17 d&#8217;octubre, article 25.4 ) <\/span><\/span><\/span><\/div>\n<\/th>\n<\/tr>\n<\/tbody>\n<\/table>\n<table style=\"width: 91.955%;\" width=\"623\" cellspacing=\"2\" align=\"center\">\n<tbody>\n<tr>\n<th style=\"width: 35.9223%;\" scope=\"col\" width=\"259\">\n<div class=\"Estilo24\" align=\"left\"><strong>Presidenta<\/strong><\/div>\n<\/th>\n<th style=\"width: 56.0333%;\" scope=\"col\" bgcolor=\"#99ff66\">\n<div class=\"Estilo24\" align=\"left\"><strong>Sra. Immaculada Hueso P\u00e9rez <\/strong><\/div>\n<\/th>\n<\/tr>\n<tr class=\"Estilo24\">\n<th style=\"width: 35.9223%;\" scope=\"col\">\n<div align=\"left\"><strong>Cap d&#8217;Estudis<\/strong><\/div>\n<\/th>\n<th style=\"width: 56.0333%;\" scope=\"col\" bgcolor=\"#99ff66\">\n<div align=\"left\"><strong>Sra. <span class=\"Estilo11\">M.Candela Ribera Ruiz<\/span><\/strong><\/div>\n<\/th>\n<\/tr>\n<tr>\n<td class=\"Estilo24\" style=\"width: 35.9223%;\"><strong>Representant fam\u00edlies<\/strong><\/td>\n<td class=\"Estilo24\" style=\"width: 56.0333%;\" bgcolor=\"#99ff66\"><strong>Sra. Montserrat Ruiz Echezarreta<\/strong><\/td>\n<\/tr>\n<tr>\n<td class=\"Estilo24\" style=\"width: 35.9223%;\"><strong>Representants professorat<\/strong><\/td>\n<td class=\"Estilo24\" style=\"width: 56.0333%;\" scope=\"col\" align=\"left\" bgcolor=\"#99ff66\"><strong>Sr. Albert P\u00e9rez Llorens<\/strong><\/td>\n<\/tr>\n<tr>\n<td class=\"Estilo24\" style=\"width: 35.9223%;\"><strong>Representats alumnat<\/strong><\/td>\n<td class=\"Estilo24\" style=\"width: 56.0333%;\" bgcolor=\"#99ff66\"><strong>Sr. Pau Romeu Iglesias<\/strong><\/td>\n<\/tr>\n<tr>\n<td style=\"width: 35.9223%;\"><strong><span class=\"Estilo7\"><span style=\"font-family: Arial;\">Secretari<\/span><\/span><\/strong><\/td>\n<td style=\"width: 56.0333%;\" bgcolor=\"#99ff66\"><strong><span class=\"Estilo24\"><span style=\"font-family: Arial;\">Sr. <\/span><\/span><span class=\"Estilo13\"><span style=\"font-family: Arial;\"> Sonia Tarrafeta Botello<\/span><\/span><\/strong><\/td>\n<\/tr>\n<\/tbody>\n<\/table>\n<p>&nbsp;<\/p>\n<table width=\"767\" align=\"center\" bgcolor=\"#ffffcc\">\n<tbody>\n<tr>\n<th scope=\"col\" bgcolor=\"#66cc66\" height=\"23\">\n<div class=\"Estilo2\" align=\"left\">\u00a0<span class=\"Estilo26\"><span style=\"color: #ffffff;\"> Comissi\u00f3 de Normalitzaci\u00f3 Ling\u00fc\u00edstica <\/span><\/span><span class=\"Estilo32\"><span style=\"color: #ffffff; font-size: small;\">(<\/span><\/span> <span class=\"Estilo26\"><span class=\"Estilo25\"><span style=\"color: #ffffff; font-size: small;\">Resoluci\u00f3 de 12 de juny de 1998 article 1.2 Full de disposicions i actes administratius n\u00fam. 720 de maig 1998 ) <\/span><\/span><\/span><\/div>\n<\/th>\n<\/tr>\n<\/tbody>\n<\/table>\n<p>&nbsp;<\/p>\n<table style=\"width: 89.9374%; height: 206px;\" width=\"588\" cellspacing=\"2\" align=\"center\">\n<tbody>\n<tr style=\"height: 31px;\">\n<th style=\"height: 31px; width: 41.4801%;\" scope=\"col\" width=\"147\">\n<div class=\"Estilo24\" align=\"left\">President<\/div>\n<\/th>\n<th style=\"height: 31px; width: 139.371%;\" scope=\"col\" bgcolor=\"#99ff66\">\n<div align=\"left\">\n<div class=\"Estilo24\" align=\"left\"><strong>Sra. Immaculada Hueso P\u00e9rez<\/strong><\/div>\n<\/div>\n<\/th>\n<\/tr>\n<tr style=\"height: 33px;\">\n<td class=\"Estilo24\" style=\"height: 33px; width: 41.4801%;\"><strong>Coordinadora LIC<\/strong><\/td>\n<td class=\"Estilo24\" style=\"height: 33px; width: 139.371%;\" bgcolor=\"#99ff66\"><strong>Sra. Olga Roset<\/strong><\/td>\n<\/tr>\n<tr style=\"height: 33px;\">\n<td class=\"Estilo24\" style=\"height: 33px; width: 41.4801%;\"><strong>Representant professorat<\/strong><\/td>\n<td class=\"Estilo24\" style=\"height: 33px; width: 139.371%;\" bgcolor=\"#99ff66\"><strong>Sra. Montse Bosch Saumell<\/strong><\/td>\n<\/tr>\n<tr style=\"height: 33px;\">\n<td class=\"Estilo24\" style=\"height: 33px; width: 41.4801%;\"><strong>Representat alumnat<\/strong><\/td>\n<td class=\"Estilo24\" style=\"height: 33px; width: 139.371%;\" bgcolor=\"#99ff66\"><strong>Sr. Pau Romeu Iglesias<\/strong><\/td>\n<\/tr>\n<tr style=\"height: 33px;\">\n<td class=\"Estilo24\" style=\"height: 33px; width: 41.4801%;\"><strong>Secretari<\/strong><\/td>\n<td class=\"Estilo24\" style=\"height: 33px; width: 139.371%;\" bgcolor=\"#99ff66\"><strong>Sra. Sonia Tarrafeta Botello<\/strong><\/td>\n<\/tr>\n<\/tbody>\n<\/table>\n<p>&nbsp;<\/p>\n<table width=\"767\" align=\"center\" bgcolor=\"#ffffcc\">\n<tbody>\n<tr>\n<th scope=\"col\" bgcolor=\"#66cc66\" height=\"23\">\n<div class=\"Estilo2\" align=\"left\"><strong>\u00a0<span class=\"Estilo26\"><span style=\"color: #ffffff;\"> Comissi\u00f3 actualitzaci\u00f3 de la Normativa d&#8217;organitzaci\u00f3 i funcionament de centre<\/span><\/span><\/strong><\/div>\n<\/th>\n<\/tr>\n<\/tbody>\n<\/table>\n<p>&nbsp;<\/p>\n<table style=\"width: 92.9254%;\" width=\"646\" cellspacing=\"2\" align=\"center\">\n<tbody>\n<tr>\n<th style=\"width: 38.9736%;\" scope=\"col\" width=\"281\">\n<div class=\"Estilo24\" align=\"left\">Cap d&#8217;Estudis<\/div>\n<\/th>\n<th style=\"width: 53.9528%;\" scope=\"col\" bgcolor=\"#99ff66\">\n<div align=\"left\"><span class=\"Estilo24\"><strong><span style=\"font-family: Arial;\">Sra.<\/span><\/strong><\/span><strong> <span class=\"Estilo11\"><span style=\"font-family: Arial;\">M. Candela Ribera Ruiz<\/span><\/span><\/strong><\/div>\n<\/th>\n<\/tr>\n<tr>\n<td class=\"Estilo24\" style=\"width: 38.9736%;\"><strong>Representant professorat<\/strong><\/td>\n<td class=\"Estilo24\" style=\"width: 53.9528%;\" bgcolor=\"#99ff66\"><strong>Sra. N\u00faria Pino Torres<\/strong><\/td>\n<\/tr>\n<tr>\n<td class=\"Estilo24\" style=\"width: 38.9736%;\"><strong>Representat alumnat<\/strong><\/td>\n<td class=\"Estilo24\" style=\"width: 53.9528%;\" bgcolor=\"#99ff66\"><strong>Sr. David Ferran Angl\u00e8s<\/strong><\/td>\n<\/tr>\n<tr>\n<td class=\"Estilo24\" style=\"width: 38.9736%;\"><strong>Representant fam\u00edlies<\/strong><\/td>\n<td class=\"Estilo24\" style=\"width: 53.9528%;\" bgcolor=\"#99ff66\"><strong>Sra. Ivanka Gasco Marsal<\/strong><\/td>\n<\/tr>\n<tr>\n<td class=\"Estilo24\" style=\"width: 38.9736%;\"><strong>Representant PAS<\/strong><\/td>\n<td class=\"Estilo24\" style=\"width: 53.9528%;\" bgcolor=\"#99ff66\"><strong>Sra. M. Carmen Romero Mart\u00ednez<\/strong><\/td>\n<\/tr>\n<\/tbody>\n<\/table>\n<p>&nbsp;<\/p>\n<table width=\"767\" align=\"center\" bgcolor=\"#ffffcc\">\n<tbody>\n<tr>\n<th scope=\"col\" bgcolor=\"#66cc66\" height=\"23\">\n<div class=\"Estilo2\" align=\"left\">\u00a0<span class=\"Estilo26\"><span style=\"color: #ffffff;\"> Representants al Consell Escolar Municipal <\/span><\/span><\/div>\n<\/th>\n<\/tr>\n<\/tbody>\n<\/table>\n<p>&nbsp;<\/p>\n<table style=\"width: 89.922%; height: 130px;\" width=\"588\" cellspacing=\"2\" align=\"center\">\n<tbody>\n<tr style=\"height: 31px;\">\n<th style=\"height: 31px; width: 47.6667%;\" scope=\"col\" width=\"284\">\n<div class=\"Estilo24\" align=\"left\"><strong>President (directora centre)<\/strong><\/div>\n<\/th>\n<th style=\"height: 31px; width: 131.995%;\" scope=\"col\" bgcolor=\"#99ff66\">\n<div align=\"left\"><strong><span class=\"Estilo7\"><span class=\"Estilo24\"><span style=\"font-family: Arial;\">Sra. Immaculada Hueso P\u00e9rez<\/span><\/span><\/span><\/strong><\/div>\n<\/th>\n<\/tr>\n<tr style=\"height: 33px;\">\n<td class=\"Estilo24\" style=\"height: 33px; width: 47.6667%;\"><strong>Representant professorat<\/strong><\/td>\n<td class=\"Estilo24\" style=\"height: 33px; width: 131.995%;\" bgcolor=\"#99ff66\"><strong>Sra. M. Dolores S\u00e1nchez G\u00f3mez<\/strong><\/td>\n<\/tr>\n<tr style=\"height: 33px;\">\n<td class=\"Estilo24\" style=\"height: 33px; width: 47.6667%;\"><strong>Representat alumnat<\/strong><\/td>\n<td class=\"Estilo24\" style=\"height: 33px; width: 131.995%;\" bgcolor=\"#99ff66\"><strong>Sr. Nikolas Ferrer Bernardi<\/strong><\/td>\n<\/tr>\n<tr style=\"height: 33px;\">\n<td class=\"Estilo24\" style=\"height: 33px; width: 47.6667%;\"><strong>Representant PAS<\/strong><\/td>\n<td class=\"Estilo24\" style=\"height: 33px; width: 131.995%;\" bgcolor=\"#99ff66\"><strong>Sra. M. Carmen Romero Mart\u00ednez<\/strong><\/td>\n<\/tr>\n<\/tbody>\n<\/table>\n<p>&nbsp;<\/p>\n<table width=\"767\" align=\"center\" bgcolor=\"#ffffcc\">\n<tbody>\n<tr>\n<th scope=\"col\" bgcolor=\"#66cc66\" height=\"23\">\n<div class=\"Estilo2\" align=\"left\">\u00a0<strong><span class=\"Estilo26\"> <span style=\"color: #ffffff;\">Comissi\u00f3 de coeducaci\u00f3, pol\u00edtiques de g\u00e8nere i d&#8217;igualtat d&#8217;oportunitats<\/span><\/span><\/strong><\/div>\n<\/th>\n<\/tr>\n<\/tbody>\n<\/table>\n<p>&nbsp;<\/p>\n<table style=\"width: 94.3132%;\" width=\"588\" cellspacing=\"2\" align=\"center\">\n<tbody>\n<tr>\n<th style=\"width: 39.3897%;\" scope=\"col\" width=\"284\">\n<div class=\"Estilo24\" align=\"left\">President (director centre)<\/div>\n<\/th>\n<th style=\"width: 54.9237%;\" scope=\"col\" bgcolor=\"#99ff66\">\n<div align=\"left\"><strong><span class=\"Estilo7\"><span class=\"Estilo24\"><strong><span style=\"font-family: Arial;\">Sra. Immaculada Hueso P\u00e9rez<\/span><\/strong><\/span><\/span><\/strong><\/div>\n<\/th>\n<\/tr>\n<tr>\n<th style=\"width: 39.3897%;\" scope=\"col\">\n<div class=\"Estilo24\" align=\"left\">Secretari<\/div>\n<\/th>\n<th style=\"width: 54.9237%;\" scope=\"col\" bgcolor=\"#99ff66\">\n<div class=\"Estilo24\" align=\"left\">Sra. <span class=\"Estilo13\">Sonia Tarrafeta Baotello<\/span><\/div>\n<\/th>\n<\/tr>\n<tr>\n<td class=\"Estilo24\" style=\"width: 39.3897%;\"><strong>Representant professorat<\/strong><\/td>\n<td class=\"Estilo24\" style=\"width: 54.9237%;\" bgcolor=\"#99ff66\"><strong>Sra M. Dolores S\u00e1nchez G\u00f3mez<\/strong><\/td>\n<\/tr>\n<tr>\n<td class=\"Estilo24\" style=\"width: 39.3897%;\"><strong>Representat alumnat<\/strong><\/td>\n<td class=\"Estilo24\" style=\"width: 54.9237%;\" bgcolor=\"#99ff66\"><strong>Sr. Pau Romeu Iglesias<\/strong><\/td>\n<\/tr>\n<tr>\n<td class=\"Estilo24\" style=\"width: 39.3897%;\"><strong>Representant fam\u00edlies<\/strong><\/td>\n<td class=\"Estilo24\" style=\"width: 54.9237%;\" bgcolor=\"#99ff66\"><strong><span class=\"Estilo24\"><span style=\"font-family: Arial;\">Sra. Montserrat Ruiz Echezarreta<\/span><\/span><\/strong><\/td>\n<\/tr>\n<tr>\n<td class=\"Estilo24\" style=\"width: 39.3897%;\"><strong>Representant PAS<\/strong><\/td>\n<td class=\"Estilo24\" style=\"width: 54.9237%;\" bgcolor=\"#99ff66\"><strong>Sra. M. Carmen Romero Mart\u00ednez<\/strong><\/td>\n<\/tr>\n<\/tbody>\n<\/table>\n<p>&nbsp;<\/p>\n<h5><span style=\"font-size: medium;\">\u00a0<\/span><\/h5>\n<h4 style=\"text-align: center;\"><\/h4>\n<p>&nbsp;<\/p>\n","protected":false},"excerpt":{"rendered":"<p>El consell escolar del centre \u00e9s l&#8217;\u00f2rgan col\u00b7legiat de participaci\u00f3 de la comunitat escolar en el govern del centre. En el consell escolar hi ha representats tots els col\u00b7lectius que intervenen en la comunitat educativa: director, professors, alumnes, personal d&#8217;administraci\u00f3 i serveis, etc. En els centres p\u00fablics, la funci\u00f3 principal del consell escolar \u00e9s debatre [&hellip;]<\/p>\n","protected":false},"author":1,"featured_media":0,"parent":19,"menu_order":40,"comment_status":"closed","ping_status":"closed","template":"","meta":{"_bbp_topic_count":0,"_bbp_reply_count":0,"_bbp_total_topic_count":0,"_bbp_total_reply_count":0,"_bbp_voice_count":0,"_bbp_anonymous_reply_count":0,"_bbp_topic_count_hidden":0,"_bbp_reply_count_hidden":0,"_bbp_forum_subforum_count":0,"site-sidebar-layout":"default","site-content-layout":"","ast-site-content-layout":"default","site-content-style":"default","site-sidebar-style":"default","ast-global-header-display":"","ast-banner-title-visibility":"","ast-main-header-display":"","ast-hfb-above-header-display":"","ast-hfb-below-header-display":"","ast-hfb-mobile-header-display":"","site-post-title":"","ast-breadcrumbs-content":"","ast-featured-img":"","footer-sml-layout":"","theme-transparent-header-meta":"default","adv-header-id-meta":"","stick-header-meta":"","header-above-stick-meta":"","header-main-stick-meta":"","header-below-stick-meta":"","astra-migrate-meta-layouts":"set","ast-page-background-enabled":"default","ast-page-background-meta":{"desktop":{"background-color":"var(--ast-global-color-4)","background-image":"","background-repeat":"repeat","background-position":"center center","background-size":"auto","background-attachment":"scroll","background-type":"","background-media":"","overlay-type":"","overlay-color":"","overlay-opacity":"","overlay-gradient":""},"tablet":{"background-color":"","background-image":"","background-repeat":"repeat","background-position":"center center","background-size":"auto","background-attachment":"scroll","background-type":"","background-media":"","overlay-type":"","overlay-color":"","overlay-opacity":"","overlay-gradient":""},"mobile":{"background-color":"","background-image":"","background-repeat":"repeat","background-position":"center center","background-size":"auto","background-attachment":"scroll","background-type":"","background-media":"","overlay-type":"","overlay-color":"","overlay-opacity":"","overlay-gradient":""}},"ast-content-background-meta":{"desktop":{"background-color":"var(--ast-global-color-5)","background-image":"","background-repeat":"repeat","background-position":"center center","background-size":"auto","background-attachment":"scroll","background-type":"","background-media":"","overlay-type":"","overlay-color":"","overlay-opacity":"","overlay-gradient":""},"tablet":{"background-color":"var(--ast-global-color-5)","background-image":"","background-repeat":"repeat","background-position":"center center","background-size":"auto","background-attachment":"scroll","background-type":"","background-media":"","overlay-type":"","overlay-color":"","overlay-opacity":"","overlay-gradient":""},"mobile":{"background-color":"var(--ast-global-color-5)","background-image":"","background-repeat":"repeat","background-position":"center center","background-size":"auto","background-attachment":"scroll","background-type":"","background-media":"","overlay-type":"","overlay-color":"","overlay-opacity":"","overlay-gradient":""}},"footnotes":""},"class_list":["post-43","page","type-page","status-publish","hentry"],"post_mailing_queue_ids":[],"_links":{"self":[{"href":"https:\/\/agora.xtec.cat\/iesmartilhuma\/wp-json\/wp\/v2\/pages\/43","targetHints":{"allow":["GET"]}}],"collection":[{"href":"https:\/\/agora.xtec.cat\/iesmartilhuma\/wp-json\/wp\/v2\/pages"}],"about":[{"href":"https:\/\/agora.xtec.cat\/iesmartilhuma\/wp-json\/wp\/v2\/types\/page"}],"author":[{"embeddable":true,"href":"https:\/\/agora.xtec.cat\/iesmartilhuma\/wp-json\/wp\/v2\/users\/1"}],"replies":[{"embeddable":true,"href":"https:\/\/agora.xtec.cat\/iesmartilhuma\/wp-json\/wp\/v2\/comments?post=43"}],"version-history":[{"count":7,"href":"https:\/\/agora.xtec.cat\/iesmartilhuma\/wp-json\/wp\/v2\/pages\/43\/revisions"}],"predecessor-version":[{"id":7930,"href":"https:\/\/agora.xtec.cat\/iesmartilhuma\/wp-json\/wp\/v2\/pages\/43\/revisions\/7930"}],"up":[{"embeddable":true,"href":"https:\/\/agora.xtec.cat\/iesmartilhuma\/wp-json\/wp\/v2\/pages\/19"}],"wp:attachment":[{"href":"https:\/\/agora.xtec.cat\/iesmartilhuma\/wp-json\/wp\/v2\/media?parent=43"}],"curies":[{"name":"wp","href":"https:\/\/api.w.org\/{rel}","templated":true}]}}