{"id":28,"date":"2019-11-11T12:21:53","date_gmt":"2019-11-11T11:21:53","guid":{"rendered":"https:\/\/blocs.xtec.cat\/culturadigitalmartilhuma\/?page_id=28"},"modified":"2024-01-20T19:34:40","modified_gmt":"2024-01-20T18:34:40","slug":"eines-digitals-basiques-per-a-les-classes","status":"publish","type":"page","link":"https:\/\/agora.xtec.cat\/iesmartilhuma\/bloc-de-cultura-digital\/eines-digitals-basiques-per-a-les-classes\/","title":{"rendered":"Eines digitals b\u00e0siques per a les classes"},"content":{"rendered":"<p>La Comissi\u00f3 de Cultura Digital del centre ha elaborat un document amb les principals eines que \u00e9s el seg\u00fcent:<\/p>\n<table width=\"718\">\n<tbody>\n<tr>\n<td width=\"142\"><strong>Eina\/Aplicaci\u00f3<\/strong><\/td>\n<td width=\"104\"><strong>Acc\u00e9s XTEC?<\/strong><\/td>\n<td width=\"104\"><strong>\u00c0mbit<\/strong><\/td>\n<td width=\"369\"><strong>Caracter\u00edstiques<\/strong><\/td>\n<\/tr>\n<tr>\n<td width=\"142\">Kahoot!<\/p>\n<p><a href=\"http:\/\/www.kahoot.com\">www.kahoot.com<\/a><\/p>\n<p><img loading=\"lazy\" decoding=\"async\" class=\"alignnone size-full wp-image-96\" src=\"http:\/\/blocs.xtec.cat\/culturadigitalmartilhuma\/files\/2019\/11\/450_1000.jpg\" alt=\"\" width=\"450\" height=\"235\" \/><\/td>\n<td width=\"104\">S\u00ed<\/td>\n<td width=\"104\">Gammificaci\u00f3.<\/p>\n<p>Telefonia m\u00f2bil<\/td>\n<td width=\"369\">\u25cf\u00a0\u00a0\u00a0\u00a0 Permet l\u2019acc\u00e9s amb usuari XTEC (Gmail).<\/p>\n<p>\u25cf\u00a0\u00a0\u00a0\u00a0 Plataforma que cont\u00e9 jocs, q\u00fcestionaris o testos ja de nova creaci\u00f3 o ja creats.<\/p>\n<p>\u25cf\u00a0\u00a0\u00a0\u00a0 Com preparar-lo: <a href=\"https:\/\/www.youtube.com\/watch?v=cP60LQpAYCM&amp;t=1s\">https:\/\/www.youtube.com\/watch?v=cP60LQpAYCM&amp;t=1s<\/a><\/td>\n<\/tr>\n<tr>\n<td width=\"142\">Plickers<\/p>\n<p><a href=\"http:\/\/www.plickers.com\">http:\/\/www.plickers.com <\/a><\/p>\n<p><img loading=\"lazy\" decoding=\"async\" class=\"alignnone size-full wp-image-95\" src=\"http:\/\/blocs.xtec.cat\/culturadigitalmartilhuma\/files\/2019\/11\/1035549143794700291_photo_320w.jpg\" alt=\"\" width=\"320\" height=\"333\" \/><\/td>\n<td width=\"104\">S\u00ed<\/td>\n<td width=\"104\">Gammificaci\u00f3.<\/p>\n<p>Telefonia m\u00f2bil.<\/td>\n<td width=\"369\">\u00a0\u25cf\u00a0\u00a0\u00a0\u00a0 Permet entrar amb usuari XTEC.<\/p>\n<p>\u25cf\u00a0\u00a0\u00a0\u00a0 Possibilita la creaci\u00f3 de tests i preguntes a l&#8217;alumnat i obtenir en temps real les respostes.<\/p>\n<p>\u25cf\u00a0\u00a0\u00a0\u00a0 A difer\u00e8ncia del Kahoot, no cal que cada alumne\/a tingui dispositiu m\u00f2bil o PC, sin\u00f3 que n&#8217;hi ha prou amb el que tingui el\/la professor\/a.<\/td>\n<\/tr>\n<tr>\n<td width=\"142\">Recursos Google Suite<\/p>\n<p><a href=\"http:\/\/www.google.com\">www.google.com<\/a><\/td>\n<td width=\"104\">S\u00ed<\/td>\n<td width=\"104\">Correu, processador de text, full de c\u00e0lcul, espai al n\u00favol\u2026<\/td>\n<td width=\"369\">\u25cf\u00a0\u00a0\u00a0\u00a0 <em>Google Calendar<\/em>: Servei de calendari.<\/p>\n<p>\u25cf\u00a0\u00a0\u00a0\u00a0 <em>Google Mail<\/em>: Correu personal (XTEC).<\/p>\n<p>\u25cf\u00a0\u00a0\u00a0\u00a0 <em>Google Drive<\/em>: emmagatzematge en el n\u00favol.<\/p>\n<p>\u25cf\u00a0\u00a0\u00a0\u00a0 <em>Google Documents<\/em>: escriviu, editeu documents i col\u00b7laboreu amb altres usuaris. Com Word!<\/p>\n<p>\u25cf\u00a0\u00a0\u00a0\u00a0 <em>Google Presentacions<\/em>: escriviu, editeu i compartiu presentacions. Com PowerPoint.<\/p>\n<p>\u25cf\u00a0\u00a0\u00a0\u00a0 <em>Google Formularis<\/em>: permet escriure, editar i compartir formularis.<\/p>\n<p>\u25cf\u00a0\u00a0\u00a0\u00a0 <em>Fulls de c\u00e0lcul<\/em>: escriviu, editeu documents i col\u00b7laboreu amb altres usuaris. Com Excel!<\/p>\n<p>\u25cf\u00a0\u00a0\u00a0 Google Classroom: creeu les vostres aules amb materials, enquestes, entregues i trameses&#8230;<\/p>\n<p><a href=\"http:\/\/xtec.gencat.cat\/ca\/la-meva-xtec\/serveis-xtec-g-suite\/\">http:\/\/xtec.gencat.cat\/ca\/la-meva-xtec\/serveis-xtec-g-suite\/<\/a><\/td>\n<\/tr>\n<tr>\n<td width=\"142\">Genial.ly<\/p>\n<p><a href=\"http:\/\/www.genial.ly\">www.genial.ly<\/a><\/td>\n<td width=\"104\">S\u00ed<\/td>\n<td width=\"104\">Esquemes<\/p>\n<p>Presentacions<\/td>\n<td width=\"369\">\u25cf\u00a0\u00a0\u00a0\u00a0 Permet seleccionar esquemes i presentacions, editar-los i adaptar-los, aix\u00ed com crear-ne de propis.<\/p>\n<p>\u25cf\u00a0\u00a0\u00a0\u00a0 Tutorial virtual d\u2019\u00fas: <a href=\"https:\/\/www.youtube.com\/watch?v=HC_cmTyAKTw\">https:\/\/www.youtube.com\/watch?v=HC_cmTyAKTw<\/a><\/td>\n<\/tr>\n<tr>\n<td width=\"142\">Padlet<\/p>\n<p><a href=\"https:\/\/es.padlet.com\">https:\/\/es.padlet.com<\/a><\/td>\n<td width=\"104\">S\u00ed<\/td>\n<td width=\"104\">Esquemes<\/p>\n<p>Presentacions<\/p>\n<p>&nbsp;<\/p>\n<p>Pissarra virtual<\/td>\n<td width=\"369\">\u25cf\u00a0\u00a0\u00a0\u00a0 Permet fer un esquema \u2013 pissarra virtual i penjar-ho a una web, i despr\u00e9s, els alumnes hi poden accedir des de qualsevol lloc un cop finalitzada la classe!.<\/p>\n<p>\u25cf\u00a0\u00a0\u00a0\u00a0 Com fer-ho: <a href=\"https:\/\/www.youtube.com\/watch?v=9pLDD5RwAGM&amp;t=114s\">https:\/\/www.youtube.com\/watch?v=9pLDD5RwAGM&amp;t=114s<\/a><\/td>\n<\/tr>\n<tr>\n<td width=\"142\">Mindmeister<\/p>\n<p><a href=\"https:\/\/www.mindmeister.com\/es\">https:\/\/www.mindmeister.com\/es<\/a><\/td>\n<td width=\"104\">S\u00ed<\/td>\n<td width=\"104\">Esquemes<\/td>\n<td width=\"369\">\u25cf\u00a0\u00a0\u00a0\u00a0 Serveix per fer esquemes per a l\u2019alumnat i compartir-los.<\/p>\n<p>\u25cf\u00a0\u00a0\u00a0\u00a0 Com crear un mapa mental: <a href=\"https:\/\/www.youtube.com\/watch?v=KjgprJzTupk\">https:\/\/www.youtube.com\/watch?v=KjgprJzTupk<\/a><\/p>\n<p>&nbsp;<\/td>\n<\/tr>\n<tr>\n<td width=\"142\">Prezi<\/p>\n<p><a href=\"http:\/\/www.prezi.com\">http:\/\/www.prezi.com<\/a><\/td>\n<td width=\"104\">S\u00ed<\/td>\n<td width=\"104\">Presentacions<\/td>\n<td width=\"369\">\u25cf\u00a0\u00a0\u00a0\u00a0 Permet fer presentacions din\u00e0miques.<\/p>\n<p>\u25cf\u00a0\u00a0\u00a0\u00a0 Com fer una presentaci\u00f3 Prezi, pas a pas:<\/p>\n<p><a href=\"https:\/\/www.youtube.com\/watch?v=yODtsIvqXxA\">https:\/\/www.youtube.com\/watch?v=yODtsIvqXxA<\/a><\/td>\n<\/tr>\n<tr>\n<td width=\"142\">I-nigma<\/p>\n<p>Aplicaci\u00f3 m\u00f2bil<\/td>\n<td width=\"104\">No<\/td>\n<td width=\"104\">Codis QR<\/p>\n<p>Telefonia m\u00f2bil<\/td>\n<td width=\"369\">\u25cf\u00a0\u00a0\u00a0\u00a0 Permet llegir codis QR, descarregant-lo pel tel\u00e8fon m\u00f2bil.<\/p>\n<p>\u25cf\u00a0\u00a0\u00a0\u00a0 Com crear els codis? Amb p\u00e0gines com: <a href=\"http:\/\/www.codigos-qr.com\/generador-de-codigos-qr\/\">http:\/\/www.codigos-qr.com\/generador-de-codigos-qr\/<\/a><\/td>\n<\/tr>\n<tr>\n<td width=\"142\">VivaVideo (Aplicaci\u00f3 m\u00f2bil).<\/td>\n<td width=\"104\">No<\/td>\n<td width=\"104\">V\u00eddeos.<\/p>\n<p>Telefonia m\u00f2bil<\/td>\n<td width=\"369\">\u25cf\u00a0\u00a0\u00a0\u00a0 Permet crear un v\u00eddeo f\u00e0cilment amb el tel\u00e8fon m\u00f2bil.<\/p>\n<p>\u25cf\u00a0\u00a0\u00a0\u00a0 Com usar-lo: <a href=\"https:\/\/www.youtube.com\/watch?v=dT03VMHUB9U\">https:\/\/www.youtube.com\/watch?v=dT03VMHUB9U<\/a><\/td>\n<\/tr>\n<tr>\n<td width=\"142\">Google Street View<\/p>\n<p>(Aplicaci\u00f3 m\u00f2bil).<\/td>\n<td width=\"104\">S\u00ed<\/td>\n<td width=\"104\">Realitat virtual<\/p>\n<p>&nbsp;<\/td>\n<td width=\"369\">\u25cf\u00a0\u00a0\u00a0\u00a0 Permet visualitzar elements o recreacions reals mitjan\u00e7ant la realitat virtual, fotos 360\u00ba amb ulleres de realitat.<\/p>\n<p>\u25cf\u00a0\u00a0\u00a0\u00a0 Demostraci\u00f3, com s\u2019utilitza: <a href=\"https:\/\/www.youtube.com\/watch?v=7ibEpzIVKRw\">https:\/\/www.youtube.com\/watch?v=7ibEpzIVKRw<\/a><\/td>\n<\/tr>\n<tr>\n<td width=\"142\">EDpuzzle<\/p>\n<p><a href=\"https:\/\/edpuzzle.com\/\">https:\/\/edpuzzle.com\/<\/a><\/td>\n<td width=\"104\">S\u00ed<\/td>\n<td width=\"104\">Recursos externs<\/td>\n<td width=\"369\">\u25cf\u00a0\u00a0\u00a0\u00a0 Permet buscar materials i recursos de la vostra assignatura elaborat per altres professors\/es en forma de v\u00eddeo<\/p>\n<p>\u25cf\u00a0\u00a0\u00a0\u00a0 Tamb\u00e9 permet crear les teves pr\u00f2pies videocoleccions.<\/p>\n<p>\u25cf\u00a0\u00a0\u00a0\u00a0 Tutorial <a href=\"https:\/\/www.youtube.com\/watch?v=MGNkVRJxKUU\">https:\/\/www.youtube.com\/watch?v=MGNkVRJxKUU<\/a><\/td>\n<\/tr>\n<\/tbody>\n<\/table>\n<p><a href=\"https:\/\/agora.xtec.cat\/iesmartilhuma\/wp-content\/uploads\/usu239\/2024\/01\/Bloc-de-Cultura-Digital.png\"><img loading=\"lazy\" decoding=\"async\" class=\"aligncenter size-large wp-image-5392\" src=\"https:\/\/agora.xtec.cat\/iesmartilhuma\/wp-content\/uploads\/usu239\/2024\/01\/Bloc-de-Cultura-Digital-1024x445.png\" alt=\"\" width=\"1024\" height=\"445\" srcset=\"https:\/\/agora.xtec.cat\/iesmartilhuma\/wp-content\/uploads\/usu239\/2024\/01\/Bloc-de-Cultura-Digital-1024x445.png 1024w, https:\/\/agora.xtec.cat\/iesmartilhuma\/wp-content\/uploads\/usu239\/2024\/01\/Bloc-de-Cultura-Digital-300x130.png 300w, https:\/\/agora.xtec.cat\/iesmartilhuma\/wp-content\/uploads\/usu239\/2024\/01\/Bloc-de-Cultura-Digital-768x333.png 768w, https:\/\/agora.xtec.cat\/iesmartilhuma\/wp-content\/uploads\/usu239\/2024\/01\/Bloc-de-Cultura-Digital.png 1200w\" sizes=\"auto, (max-width: 1024px) 100vw, 1024px\" \/><\/a><\/p>\n","protected":false},"excerpt":{"rendered":"<p>La Comissi\u00f3 de Cultura Digital del centre ha elaborat un document amb les principals eines que \u00e9s el seg\u00fcent: Eina\/Aplicaci\u00f3 Acc\u00e9s XTEC? \u00c0mbit Caracter\u00edstiques Kahoot! www.kahoot.com S\u00ed Gammificaci\u00f3. Telefonia m\u00f2bil \u25cf\u00a0\u00a0\u00a0\u00a0 Permet l\u2019acc\u00e9s amb usuari XTEC (Gmail). \u25cf\u00a0\u00a0\u00a0\u00a0 Plataforma que cont\u00e9 jocs, q\u00fcestionaris o testos ja de nova creaci\u00f3 o ja creats. \u25cf\u00a0\u00a0\u00a0\u00a0 Com preparar-lo: [&hellip;]<\/p>\n","protected":false},"author":28,"featured_media":0,"parent":5494,"menu_order":0,"comment_status":"closed","ping_status":"closed","template":"","meta":{"_bbp_topic_count":0,"_bbp_reply_count":0,"_bbp_total_topic_count":0,"_bbp_total_reply_count":0,"_bbp_voice_count":0,"_bbp_anonymous_reply_count":0,"_bbp_topic_count_hidden":0,"_bbp_reply_count_hidden":0,"_bbp_forum_subforum_count":0,"site-sidebar-layout":"default","site-content-layout":"","ast-site-content-layout":"","site-content-style":"default","site-sidebar-style":"default","ast-global-header-display":"","ast-banner-title-visibility":"","ast-main-header-display":"","ast-hfb-above-header-display":"","ast-hfb-below-header-display":"","ast-hfb-mobile-header-display":"","site-post-title":"","ast-breadcrumbs-content":"","ast-featured-img":"","footer-sml-layout":"","theme-transparent-header-meta":"","adv-header-id-meta":"","stick-header-meta":"","header-above-stick-meta":"","header-main-stick-meta":"","header-below-stick-meta":"","astra-migrate-meta-layouts":"default","ast-page-background-enabled":"default","ast-page-background-meta":{"desktop":{"background-color":"var(--ast-global-color-4)","background-image":"","background-repeat":"repeat","background-position":"center center","background-size":"auto","background-attachment":"scroll","background-type":"","background-media":"","overlay-type":"","overlay-color":"","overlay-opacity":"","overlay-gradient":""},"tablet":{"background-color":"","background-image":"","background-repeat":"repeat","background-position":"center center","background-size":"auto","background-attachment":"scroll","background-type":"","background-media":"","overlay-type":"","overlay-color":"","overlay-opacity":"","overlay-gradient":""},"mobile":{"background-color":"","background-image":"","background-repeat":"repeat","background-position":"center center","background-size":"auto","background-attachment":"scroll","background-type":"","background-media":"","overlay-type":"","overlay-color":"","overlay-opacity":"","overlay-gradient":""}},"ast-content-background-meta":{"desktop":{"background-color":"var(--ast-global-color-5)","background-image":"","background-repeat":"repeat","background-position":"center center","background-size":"auto","background-attachment":"scroll","background-type":"","background-media":"","overlay-type":"","overlay-color":"","overlay-opacity":"","overlay-gradient":""},"tablet":{"background-color":"var(--ast-global-color-5)","background-image":"","background-repeat":"repeat","background-position":"center center","background-size":"auto","background-attachment":"scroll","background-type":"","background-media":"","overlay-type":"","overlay-color":"","overlay-opacity":"","overlay-gradient":""},"mobile":{"background-color":"var(--ast-global-color-5)","background-image":"","background-repeat":"repeat","background-position":"center center","background-size":"auto","background-attachment":"scroll","background-type":"","background-media":"","overlay-type":"","overlay-color":"","overlay-opacity":"","overlay-gradient":""}},"footnotes":""},"class_list":["post-28","page","type-page","status-publish","hentry"],"post_mailing_queue_ids":[],"_links":{"self":[{"href":"https:\/\/agora.xtec.cat\/iesmartilhuma\/wp-json\/wp\/v2\/pages\/28","targetHints":{"allow":["GET"]}}],"collection":[{"href":"https:\/\/agora.xtec.cat\/iesmartilhuma\/wp-json\/wp\/v2\/pages"}],"about":[{"href":"https:\/\/agora.xtec.cat\/iesmartilhuma\/wp-json\/wp\/v2\/types\/page"}],"author":[{"embeddable":true,"href":"https:\/\/agora.xtec.cat\/iesmartilhuma\/wp-json\/wp\/v2\/users\/28"}],"replies":[{"embeddable":true,"href":"https:\/\/agora.xtec.cat\/iesmartilhuma\/wp-json\/wp\/v2\/comments?post=28"}],"version-history":[{"count":2,"href":"https:\/\/agora.xtec.cat\/iesmartilhuma\/wp-json\/wp\/v2\/pages\/28\/revisions"}],"predecessor-version":[{"id":5521,"href":"https:\/\/agora.xtec.cat\/iesmartilhuma\/wp-json\/wp\/v2\/pages\/28\/revisions\/5521"}],"up":[{"embeddable":true,"href":"https:\/\/agora.xtec.cat\/iesmartilhuma\/wp-json\/wp\/v2\/pages\/5494"}],"wp:attachment":[{"href":"https:\/\/agora.xtec.cat\/iesmartilhuma\/wp-json\/wp\/v2\/media?parent=28"}],"curies":[{"name":"wp","href":"https:\/\/api.w.org\/{rel}","templated":true}]}}