{"id":2539,"date":"2020-05-14T18:25:30","date_gmt":"2020-05-14T16:25:30","guid":{"rendered":"https:\/\/agora.xtec.cat\/iesmartilhuma\/?page_id=2539"},"modified":"2024-07-02T17:40:10","modified_gmt":"2024-07-02T15:40:10","slug":"ensenyaments-postobligatoris-a-linstitut-marti-lhuma","status":"publish","type":"page","link":"https:\/\/agora.xtec.cat\/iesmartilhuma\/oferta-educativa\/ensenyaments-postobligatoris-a-linstitut-marti-lhuma\/","title":{"rendered":"Estudis postobligatoris a l&#8217;Institut Mart\u00ed l&#8217;Hum\u00e0"},"content":{"rendered":"<p style=\"text-align: center;\"><a href=\"https:\/\/triaeducativa.gencat.cat\/ca\/estudis\/?auxiliar-vendes-oficina-atencio-public&amp;p_id=2770\" target=\"_blank\" rel=\"noopener\"><img loading=\"lazy\" decoding=\"async\" class=\"aligncenter  wp-image-6127\" src=\"https:\/\/agora.xtec.cat\/iesmartilhuma\/wp-content\/uploads\/usu239\/2024\/03\/Novetat-2024-25-2.png\" alt=\"\" width=\"379\" height=\"268\" srcset=\"https:\/\/agora.xtec.cat\/iesmartilhuma\/wp-content\/uploads\/usu239\/2024\/03\/Novetat-2024-25-2.png 1403w, https:\/\/agora.xtec.cat\/iesmartilhuma\/wp-content\/uploads\/usu239\/2024\/03\/Novetat-2024-25-2-300x212.png 300w, https:\/\/agora.xtec.cat\/iesmartilhuma\/wp-content\/uploads\/usu239\/2024\/03\/Novetat-2024-25-2-1024x724.png 1024w, https:\/\/agora.xtec.cat\/iesmartilhuma\/wp-content\/uploads\/usu239\/2024\/03\/Novetat-2024-25-2-768x543.png 768w\" sizes=\"auto, (max-width: 379px) 100vw, 379px\" \/><\/a><a href=\"https:\/\/triaeducativa.gencat.cat\/ca\/estudis\/?auxiliar-vendes-oficina-atencio-public&amp;p_id=2770\" target=\"_blank\" rel=\"noopener\">+ Informaci\u00f3<\/a><\/p>\n<p>&nbsp;<\/p>\n<p>&nbsp;<\/p>\n<table class=\" aligncenter\" style=\"width: 800px;\">\n<tbody>\n<tr>\n<td style=\"width: 196px;\"><a href=\"https:\/\/agora.xtec.cat\/iesmartilhuma\/batxillerat\/\" target=\"_blank\" rel=\"noopener noreferrer\"><img loading=\"lazy\" decoding=\"async\" class=\"alignnone size-large wp-image-2552\" src=\"https:\/\/agora.xtec.cat\/iesmartilhuma\/wp-content\/uploads\/usu239\/2020\/05\/rollup_batxillerat-web-585x1024.jpg\" alt=\"\" width=\"585\" height=\"1024\" srcset=\"https:\/\/agora.xtec.cat\/iesmartilhuma\/wp-content\/uploads\/usu239\/2020\/05\/rollup_batxillerat-web-585x1024.jpg 585w, https:\/\/agora.xtec.cat\/iesmartilhuma\/wp-content\/uploads\/usu239\/2020\/05\/rollup_batxillerat-web-171x300.jpg 171w, https:\/\/agora.xtec.cat\/iesmartilhuma\/wp-content\/uploads\/usu239\/2020\/05\/rollup_batxillerat-web-768x1344.jpg 768w, https:\/\/agora.xtec.cat\/iesmartilhuma\/wp-content\/uploads\/usu239\/2020\/05\/rollup_batxillerat-web.jpg 1070w\" sizes=\"auto, (max-width: 585px) 100vw, 585px\" \/><\/a><\/td>\n<td style=\"width: 197px;\"><a href=\"https:\/\/agora.xtec.cat\/iesmartilhuma\/wp-content\/uploads\/usu239\/2023\/03\/Di\u0301ptic_Manteniment.pdf\" target=\"_blank\" rel=\"noopener\"><img loading=\"lazy\" decoding=\"async\" class=\"aligncenter size-full wp-image-4754\" src=\"https:\/\/agora.xtec.cat\/iesmartilhuma\/wp-content\/uploads\/usu239\/2023\/03\/mi.png\" alt=\"\" width=\"394\" height=\"841\" srcset=\"https:\/\/agora.xtec.cat\/iesmartilhuma\/wp-content\/uploads\/usu239\/2023\/03\/mi.png 394w, https:\/\/agora.xtec.cat\/iesmartilhuma\/wp-content\/uploads\/usu239\/2023\/03\/mi-141x300.png 141w\" sizes=\"auto, (max-width: 394px) 100vw, 394px\" \/><\/a><\/td>\n<td style=\"width: 198px;\"><a href=\"https:\/\/agora.xtec.cat\/iesmartilhuma\/wp-content\/uploads\/usu239\/2023\/03\/Di\u0301ptic_Admin.pdf\" target=\"_blank\" rel=\"noopener\"><img loading=\"lazy\" decoding=\"async\" class=\"aligncenter size-full wp-image-4753\" src=\"https:\/\/agora.xtec.cat\/iesmartilhuma\/wp-content\/uploads\/usu239\/2023\/03\/ga.png\" alt=\"\" width=\"396\" height=\"837\" srcset=\"https:\/\/agora.xtec.cat\/iesmartilhuma\/wp-content\/uploads\/usu239\/2023\/03\/ga.png 396w, https:\/\/agora.xtec.cat\/iesmartilhuma\/wp-content\/uploads\/usu239\/2023\/03\/ga-142x300.png 142w\" sizes=\"auto, (max-width: 396px) 100vw, 396px\" \/><\/a><\/td>\n<td style=\"width: 197px;\"><a href=\"https:\/\/agora.xtec.cat\/iesmartilhuma\/wp-content\/uploads\/usu239\/2023\/04\/Captura.png\"><img loading=\"lazy\" decoding=\"async\" class=\"aligncenter size-full wp-image-4813\" src=\"https:\/\/agora.xtec.cat\/iesmartilhuma\/wp-content\/uploads\/usu239\/2023\/04\/Captura.png\" alt=\"\" width=\"257\" height=\"542\" srcset=\"https:\/\/agora.xtec.cat\/iesmartilhuma\/wp-content\/uploads\/usu239\/2023\/04\/Captura.png 257w, https:\/\/agora.xtec.cat\/iesmartilhuma\/wp-content\/uploads\/usu239\/2023\/04\/Captura-142x300.png 142w\" sizes=\"auto, (max-width: 257px) 100vw, 257px\" \/><\/a><\/td>\n<td style=\"width: 197px;\"><a href=\"https:\/\/agora.xtec.cat\/iesmartilhuma\/wp-content\/uploads\/usu239\/2023\/03\/Di\u0301ptic_Energia.pdf\" target=\"_blank\" rel=\"noopener\"><img loading=\"lazy\" decoding=\"async\" class=\"aligncenter size-full wp-image-4755\" src=\"https:\/\/agora.xtec.cat\/iesmartilhuma\/wp-content\/uploads\/usu239\/2023\/03\/er.png\" alt=\"\" width=\"397\" height=\"841\" srcset=\"https:\/\/agora.xtec.cat\/iesmartilhuma\/wp-content\/uploads\/usu239\/2023\/03\/er.png 397w, https:\/\/agora.xtec.cat\/iesmartilhuma\/wp-content\/uploads\/usu239\/2023\/03\/er-142x300.png 142w\" sizes=\"auto, (max-width: 397px) 100vw, 397px\" \/><\/a><\/td>\n<\/tr>\n<tr>\n<td style=\"width: 196px; text-align: center;\"><a href=\"https:\/\/agora.xtec.cat\/iesmartilhuma\/batxillerat\/\" target=\"_blank\" rel=\"noopener noreferrer\">+ Informaci\u00f3<\/a><\/td>\n<td style=\"width: 197px; text-align: center;\"><a href=\"https:\/\/agora.xtec.cat\/iesmartilhuma\/manteniment-electromecanic\/\" target=\"_blank\" rel=\"noopener noreferrer\">+ Informaci\u00f3<\/a><\/td>\n<td style=\"width: 198px; text-align: center;\"><a href=\"https:\/\/agora.xtec.cat\/iesmartilhuma\/gestio-administrativa\/\" target=\"_blank\" rel=\"noopener noreferrer\">+ Informaci\u00f3<\/a><\/td>\n<td style=\"width: 197px; text-align: center;\">+ Informaci\u00f3<\/td>\n<td style=\"width: 197px; text-align: center;\"><a href=\"https:\/\/agora.xtec.cat\/iesmartilhuma\/energies-renovables\/\/\" target=\"_blank\" rel=\"noopener noreferrer\">+ Informaci\u00f3<\/a><\/td>\n<\/tr>\n<\/tbody>\n<\/table>\n<p style=\"text-align: center;\">\n","protected":false},"excerpt":{"rendered":"<p>+ Informaci\u00f3 &nbsp; &nbsp; + Informaci\u00f3 + Informaci\u00f3 + Informaci\u00f3 + Informaci\u00f3 + Informaci\u00f3<\/p>\n","protected":false},"author":1,"featured_media":0,"parent":1696,"menu_order":2,"comment_status":"closed","ping_status":"closed","template":"","meta":{"_bbp_topic_count":0,"_bbp_reply_count":0,"_bbp_total_topic_count":0,"_bbp_total_reply_count":0,"_bbp_voice_count":0,"_bbp_anonymous_reply_count":0,"_bbp_topic_count_hidden":0,"_bbp_reply_count_hidden":0,"_bbp_forum_subforum_count":0,"site-sidebar-layout":"default","site-content-layout":"","ast-site-content-layout":"","site-content-style":"default","site-sidebar-style":"default","ast-global-header-display":"","ast-banner-title-visibility":"","ast-main-header-display":"","ast-hfb-above-header-display":"","ast-hfb-below-header-display":"","ast-hfb-mobile-header-display":"","site-post-title":"","ast-breadcrumbs-content":"","ast-featured-img":"","footer-sml-layout":"","theme-transparent-header-meta":"","adv-header-id-meta":"","stick-header-meta":"","header-above-stick-meta":"","header-main-stick-meta":"","header-below-stick-meta":"","astra-migrate-meta-layouts":"default","ast-page-background-enabled":"default","ast-page-background-meta":{"desktop":{"background-color":"var(--ast-global-color-4)","background-image":"","background-repeat":"repeat","background-position":"center center","background-size":"auto","background-attachment":"scroll","background-type":"","background-media":"","overlay-type":"","overlay-color":"","overlay-opacity":"","overlay-gradient":""},"tablet":{"background-color":"","background-image":"","background-repeat":"repeat","background-position":"center center","background-size":"auto","background-attachment":"scroll","background-type":"","background-media":"","overlay-type":"","overlay-color":"","overlay-opacity":"","overlay-gradient":""},"mobile":{"background-color":"","background-image":"","background-repeat":"repeat","background-position":"center center","background-size":"auto","background-attachment":"scroll","background-type":"","background-media":"","overlay-type":"","overlay-color":"","overlay-opacity":"","overlay-gradient":""}},"ast-content-background-meta":{"desktop":{"background-color":"var(--ast-global-color-5)","background-image":"","background-repeat":"repeat","background-position":"center center","background-size":"auto","background-attachment":"scroll","background-type":"","background-media":"","overlay-type":"","overlay-color":"","overlay-opacity":"","overlay-gradient":""},"tablet":{"background-color":"var(--ast-global-color-5)","background-image":"","background-repeat":"repeat","background-position":"center center","background-size":"auto","background-attachment":"scroll","background-type":"","background-media":"","overlay-type":"","overlay-color":"","overlay-opacity":"","overlay-gradient":""},"mobile":{"background-color":"var(--ast-global-color-5)","background-image":"","background-repeat":"repeat","background-position":"center center","background-size":"auto","background-attachment":"scroll","background-type":"","background-media":"","overlay-type":"","overlay-color":"","overlay-opacity":"","overlay-gradient":""}},"footnotes":""},"class_list":["post-2539","page","type-page","status-publish","hentry"],"post_mailing_queue_ids":[],"_links":{"self":[{"href":"https:\/\/agora.xtec.cat\/iesmartilhuma\/wp-json\/wp\/v2\/pages\/2539","targetHints":{"allow":["GET"]}}],"collection":[{"href":"https:\/\/agora.xtec.cat\/iesmartilhuma\/wp-json\/wp\/v2\/pages"}],"about":[{"href":"https:\/\/agora.xtec.cat\/iesmartilhuma\/wp-json\/wp\/v2\/types\/page"}],"author":[{"embeddable":true,"href":"https:\/\/agora.xtec.cat\/iesmartilhuma\/wp-json\/wp\/v2\/users\/1"}],"replies":[{"embeddable":true,"href":"https:\/\/agora.xtec.cat\/iesmartilhuma\/wp-json\/wp\/v2\/comments?post=2539"}],"version-history":[{"count":5,"href":"https:\/\/agora.xtec.cat\/iesmartilhuma\/wp-json\/wp\/v2\/pages\/2539\/revisions"}],"predecessor-version":[{"id":6508,"href":"https:\/\/agora.xtec.cat\/iesmartilhuma\/wp-json\/wp\/v2\/pages\/2539\/revisions\/6508"}],"up":[{"embeddable":true,"href":"https:\/\/agora.xtec.cat\/iesmartilhuma\/wp-json\/wp\/v2\/pages\/1696"}],"wp:attachment":[{"href":"https:\/\/agora.xtec.cat\/iesmartilhuma\/wp-json\/wp\/v2\/media?parent=2539"}],"curies":[{"name":"wp","href":"https:\/\/api.w.org\/{rel}","templated":true}]}}