{"id":614,"date":"2026-02-21T13:18:59","date_gmt":"2026-02-21T12:18:59","guid":{"rendered":"https:\/\/agora.xtec.cat\/iesmartifranques\/?page_id=614"},"modified":"2026-04-13T10:08:28","modified_gmt":"2026-04-13T08:08:28","slug":"departaments","status":"publish","type":"page","link":"https:\/\/agora.xtec.cat\/iesmartifranques\/departaments\/","title":{"rendered":"Departaments"},"content":{"rendered":"<p>Als diferents departaments hi trobareu les activitats que duen a terme, els criteris d&#8217;avaluaci\u00f3 de l&#8217;any en curs i altres.<\/p>\n<ul class=\"sub-menu menu-odd menu-depth-1\">\n<li id=\"nav-menu-item-630\" class=\"sub-menu-item menu-item-odd menu-item-depth-1 menu-item menu-item-type-custom menu-item-object-custom\"><a class=\"menu-link sub-menu-link\" title=\"Alemany\" href=\"https:\/\/sites.google.com\/view\/alemanyfrancesiamf\/p%C3%A0gina-dinici?pli=1\" target=\"_blank\" rel=\"noopener noreferrer\">Alemany i Franc\u00e8s<\/a><\/li>\n<li id=\"nav-menu-item-631\" class=\"sub-menu-item menu-item-odd menu-item-depth-1 menu-item menu-item-type-custom menu-item-object-custom\"><a class=\"menu-link sub-menu-link\" title=\"Angl\u00e8s\" href=\"http:\/\/anglesiamf.blogspot.com\/\" target=\"_blank\" rel=\"noopener noreferrer\">Angl\u00e8s<\/a><\/li>\n<li id=\"nav-menu-item-632\" class=\"sub-menu-item menu-item-odd menu-item-depth-1 menu-item menu-item-type-custom menu-item-object-custom\"><a class=\"menu-link sub-menu-link\" title=\"Biologia i Geologia\" href=\"http:\/\/biogeoiamf.blogspot.com\/\" target=\"_blank\" rel=\"noopener noreferrer\">Biologia i Geologia<\/a><\/li>\n<li id=\"nav-menu-item-703\" class=\"sub-menu-item menu-item-odd menu-item-depth-1 menu-item menu-item-type-custom menu-item-object-custom\"><a class=\"menu-link sub-menu-link\" title=\"Dibuix\" href=\"http:\/\/dibuixiamf.blogspot.com\/\" target=\"_blank\" rel=\"noopener noreferrer\">Dibuix<\/a><\/li>\n<li id=\"nav-menu-item-704\" class=\"sub-menu-item menu-item-odd menu-item-depth-1 menu-item menu-item-type-custom menu-item-object-custom\"><a class=\"menu-link sub-menu-link\" title=\"Economia\" href=\"http:\/\/economiaiamf.blogspot.com\/\" target=\"_blank\" rel=\"noopener noreferrer\">Economia<\/a><\/li>\n<li id=\"nav-menu-item-707\" class=\"sub-menu-item menu-item-odd menu-item-depth-1 menu-item menu-item-type-custom menu-item-object-custom\"><a class=\"menu-link sub-menu-link\" title=\"Educaci\u00f3 F\u00edsica\" href=\"http:\/\/educaciofisicaiamf.blogspot.com\/\" target=\"_blank\" rel=\"noopener noreferrer\">Educaci\u00f3 F\u00edsica<\/a><\/li>\n<li id=\"nav-menu-item-709\" class=\"sub-menu-item menu-item-odd menu-item-depth-1 menu-item menu-item-type-custom menu-item-object-custom\"><a class=\"menu-link sub-menu-link\" title=\"Filosofia i \u00c8tica\" href=\"https:\/\/filosofiaiamf1.blogspot.com\/\" target=\"_blank\" rel=\"noopener noreferrer\">Filosofia i \u00c8tica<\/a><\/li>\n<li id=\"nav-menu-item-705\" class=\"sub-menu-item menu-item-odd menu-item-depth-1 menu-item menu-item-type-custom menu-item-object-custom\"><a class=\"menu-link sub-menu-link\" title=\"F\u00edsica i Qu\u00edmica\" href=\"http:\/\/fisicaquimicaiamf.blogspot.com\/\" target=\"_blank\" rel=\"noopener noreferrer\">F\u00edsica i Qu\u00edmica<\/a><\/li>\n<li id=\"nav-menu-item-710\" class=\"sub-menu-item menu-item-odd menu-item-depth-1 menu-item menu-item-type-custom menu-item-object-custom\"><a class=\"menu-link sub-menu-link\" title=\"Hist\u00f2ria i Geografia\" href=\"http:\/\/socialsmartiifranques.blogspot.com\/\" target=\"_blank\" rel=\"noopener noreferrer\">Hist\u00f2ria i Geografia<\/a><\/li>\n<li id=\"nav-menu-item-711\" class=\"sub-menu-item menu-item-odd menu-item-depth-1 menu-item menu-item-type-custom menu-item-object-custom\"><a class=\"menu-link sub-menu-link\" title=\"LLengua castellana\" href=\"http:\/\/castellaiamf.blogspot.com\/\" target=\"_blank\" rel=\"noopener noreferrer\">Llengua castellana<\/a><\/li>\n<li id=\"nav-menu-item-712\" class=\"sub-menu-item menu-item-odd menu-item-depth-1 menu-item menu-item-type-custom menu-item-object-custom\"><a class=\"menu-link sub-menu-link\" title=\"LLengua catalana\" href=\"http:\/\/catalaiamf.blogspot.com\/\" target=\"_blank\" rel=\"noopener noreferrer\">Llengua catalana<\/a><\/li>\n<li id=\"nav-menu-item-701\" class=\"sub-menu-item menu-item-odd menu-item-depth-1 menu-item menu-item-type-custom menu-item-object-custom\"><a class=\"menu-link sub-menu-link\" title=\"Lleng\u00fces cl\u00e0ssiques\" href=\"https:\/\/sites.google.com\/view\/cmriamf\/p%C3%A0gina-dinici\" target=\"_blank\" rel=\"noopener noreferrer\">Lleng\u00fces cl\u00e0ssiques, m\u00fasica i religi\u00f3<\/a><\/li>\n<li id=\"nav-menu-item-713\" class=\"sub-menu-item menu-item-odd menu-item-depth-1 menu-item menu-item-type-custom menu-item-object-custom\"><a class=\"menu-link sub-menu-link\" title=\"Matem\u00e0tiques\" href=\"http:\/\/matematiques-iamf.blogspot.com\/\" target=\"_blank\" rel=\"noopener noreferrer\">Matem\u00e0tiques<\/a><\/li>\n<li id=\"nav-menu-item-718\" class=\"sub-menu-item menu-item-odd menu-item-depth-1 menu-item menu-item-type-custom menu-item-object-custom\"><a class=\"menu-link sub-menu-link\" title=\"Orientaci\u00f3 i SIEI\" href=\"http:\/\/departamentorientacioinsmartifranques.blogspot.com\/\" target=\"_blank\" rel=\"noopener noreferrer\">Orientaci\u00f3 i SIEI<\/a><\/li>\n<li id=\"nav-menu-item-716\" class=\"sub-menu-item menu-item-odd menu-item-depth-1 menu-item menu-item-type-custom menu-item-object-custom\"><a class=\"menu-link sub-menu-link\" title=\"Tecnologia\" href=\"http:\/\/tecnologiesiamf.blogspot.com.es\/\" target=\"_blank\" rel=\"noopener noreferrer\">Tecnologia<\/a><\/li>\n<\/ul>\n","protected":false},"excerpt":{"rendered":"<p>Als diferents departaments hi trobareu les activitats que duen a terme, els criteris d&#8217;avaluaci\u00f3 de l&#8217;any en curs i altres. Alemany i Franc\u00e8s Angl\u00e8s Biologia i Geologia Dibuix Economia Educaci\u00f3 F\u00edsica Filosofia i \u00c8tica F\u00edsica i Qu\u00edmica Hist\u00f2ria i Geografia Llengua castellana Llengua catalana Lleng\u00fces cl\u00e0ssiques, m\u00fasica i religi\u00f3 Matem\u00e0tiques Orientaci\u00f3 i SIEI Tecnologia<\/p>\n","protected":false},"author":1,"featured_media":0,"parent":0,"menu_order":0,"comment_status":"closed","ping_status":"closed","template":"","meta":{"_bbp_topic_count":0,"_bbp_reply_count":0,"_bbp_total_topic_count":0,"_bbp_total_reply_count":0,"_bbp_voice_count":0,"_bbp_anonymous_reply_count":0,"_bbp_topic_count_hidden":0,"_bbp_reply_count_hidden":0,"_bbp_forum_subforum_count":0,"site-sidebar-layout":"default","site-content-layout":"","ast-site-content-layout":"default","site-content-style":"default","site-sidebar-style":"default","ast-global-header-display":"","ast-banner-title-visibility":"","ast-main-header-display":"","ast-hfb-above-header-display":"","ast-hfb-below-header-display":"","ast-hfb-mobile-header-display":"","site-post-title":"","ast-breadcrumbs-content":"","ast-featured-img":"","footer-sml-layout":"","theme-transparent-header-meta":"default","adv-header-id-meta":"","stick-header-meta":"","header-above-stick-meta":"","header-main-stick-meta":"","header-below-stick-meta":"","astra-migrate-meta-layouts":"set","ast-page-background-enabled":"default","ast-page-background-meta":{"desktop":{"background-color":"var(--ast-global-color-4)","background-image":"","background-repeat":"repeat","background-position":"center center","background-size":"auto","background-attachment":"scroll","background-type":"","background-media":"","overlay-type":"","overlay-color":"","overlay-opacity":"","overlay-gradient":""},"tablet":{"background-color":"","background-image":"","background-repeat":"repeat","background-position":"center center","background-size":"auto","background-attachment":"scroll","background-type":"","background-media":"","overlay-type":"","overlay-color":"","overlay-opacity":"","overlay-gradient":""},"mobile":{"background-color":"","background-image":"","background-repeat":"repeat","background-position":"center center","background-size":"auto","background-attachment":"scroll","background-type":"","background-media":"","overlay-type":"","overlay-color":"","overlay-opacity":"","overlay-gradient":""}},"ast-content-background-meta":{"desktop":{"background-color":"var(--ast-global-color-5)","background-image":"","background-repeat":"repeat","background-position":"center center","background-size":"auto","background-attachment":"scroll","background-type":"","background-media":"","overlay-type":"","overlay-color":"","overlay-opacity":"","overlay-gradient":""},"tablet":{"background-color":"var(--ast-global-color-5)","background-image":"","background-repeat":"repeat","background-position":"center center","background-size":"auto","background-attachment":"scroll","background-type":"","background-media":"","overlay-type":"","overlay-color":"","overlay-opacity":"","overlay-gradient":""},"mobile":{"background-color":"var(--ast-global-color-5)","background-image":"","background-repeat":"repeat","background-position":"center center","background-size":"auto","background-attachment":"scroll","background-type":"","background-media":"","overlay-type":"","overlay-color":"","overlay-opacity":"","overlay-gradient":""}},"footnotes":""},"class_list":["post-614","page","type-page","status-publish","hentry"],"post_mailing_queue_ids":[],"_links":{"self":[{"href":"https:\/\/agora.xtec.cat\/iesmartifranques\/wp-json\/wp\/v2\/pages\/614","targetHints":{"allow":["GET"]}}],"collection":[{"href":"https:\/\/agora.xtec.cat\/iesmartifranques\/wp-json\/wp\/v2\/pages"}],"about":[{"href":"https:\/\/agora.xtec.cat\/iesmartifranques\/wp-json\/wp\/v2\/types\/page"}],"author":[{"embeddable":true,"href":"https:\/\/agora.xtec.cat\/iesmartifranques\/wp-json\/wp\/v2\/users\/1"}],"replies":[{"embeddable":true,"href":"https:\/\/agora.xtec.cat\/iesmartifranques\/wp-json\/wp\/v2\/comments?post=614"}],"version-history":[{"count":5,"href":"https:\/\/agora.xtec.cat\/iesmartifranques\/wp-json\/wp\/v2\/pages\/614\/revisions"}],"predecessor-version":[{"id":2626,"href":"https:\/\/agora.xtec.cat\/iesmartifranques\/wp-json\/wp\/v2\/pages\/614\/revisions\/2626"}],"wp:attachment":[{"href":"https:\/\/agora.xtec.cat\/iesmartifranques\/wp-json\/wp\/v2\/media?parent=614"}],"curies":[{"name":"wp","href":"https:\/\/api.w.org\/{rel}","templated":true}]}}