{"id":2041,"date":"2023-10-18T13:05:38","date_gmt":"2023-10-18T11:05:38","guid":{"rendered":"https:\/\/agora.xtec.cat\/iesmartifranques\/?page_id=2041"},"modified":"2023-10-18T13:05:38","modified_gmt":"2023-10-18T11:05:38","slug":"sensei","status":"publish","type":"page","link":"https:\/\/agora.xtec.cat\/iesmartifranques\/sensei\/","title":{"rendered":"SENSEI"},"content":{"rendered":"<p><span style=\"font-weight: 400;\">El\u00a0Programa temporal\u00a0de resid\u00e8ncia inicial docent en centres educatius, Sensei,<\/span><b>\u00a0ofereix una\u00a0experi\u00e8ncia de capacitaci\u00f3 professional pensada especialment per als i les\u00a0docents novells de primer any que els prepara per ser m\u00e9s aut\u00f2noms, i els aporta les eines clau per desenvolupar la seva tasca amb m\u00e9s impacte en l&#8217;alumnat i amb m\u00e9s qualitat docent al llarg de la seva vida professional.\u00a0<\/b><\/p>\n<p><span style=\"font-weight: 400;\">El Programa\u00a0est\u00e0\u00a0<\/span><b>dissenyat per ser desenvolupat en resid\u00e8ncia en un centre educatiu<\/b><span style=\"font-weight: 400;\">, amb l&#8217;acompanyament d&#8217;una mentoria, i compta amb un programa formatiu amb seminaris, experi\u00e8ncies pr\u00e0ctiques, reflexi\u00f3, codoc\u00e8ncia i retorn o <\/span><i><span style=\"font-weight: 400;\">feedback <\/span><\/i><span style=\"font-weight: 400;\">constant.<\/span><\/p>\n<p><span style=\"font-weight: 400;\">Es focalitza a\u00a0<\/span><b>assentar de manera pr\u00e0ctica compet\u00e8ncies i aprenentatges considerats clau\u00a0<\/b><span style=\"font-weight: 400;\">per poder cr\u00e9ixer al llarg de la seva traject\u00f2ria professional. T\u00e9 un constructe basat en la recerca, que ha demostrat l&#8217;impacte positiu que els programes d&#8217;inducci\u00f3 tenen sobre la qualitat docent i l&#8217;\u00e8xit educatiu. Dona coher\u00e8ncia i continu\u00eftat al treball realitzat des del Departament d&#8217;Educaci\u00f3 en la formaci\u00f3 inicial dels estudiants universitaris en pr\u00e0ctiques en centres de formaci\u00f3.<\/span><\/p>\n<p><b>Principis i objectius\u00a0<\/b><\/p>\n<p><span style=\"font-weight: 400;\">El Programa Sensei t\u00e9 una mirada poli\u00e8drica, at\u00e8s que cerca la\u00a0<\/span><b>implicaci\u00f3 de diferents agents educatius<\/b><span style=\"font-weight: 400;\">,<\/span><b>\u00a0<\/b><span style=\"font-weight: 400;\">i sist\u00e8mica, perqu\u00e8\u00a0<\/span><b>afavoreix l&#8217;aprenentatge de tots els agents implicats\u00a0<\/b><span style=\"font-weight: 400;\">i t\u00e9 un impacte en el\u00a0<\/span><b>desenvolupament docent en el context del centre i en xarxa<\/b><span style=\"font-weight: 400;\">.\u00a0<\/span><\/p>\n<p><b>Principis que el fonamenten:<\/b><\/p>\n<ol>\n<li style=\"font-weight: 400;\" aria-level=\"1\"><b>Pr\u00e0ctica docent professionalitzadora\u00a0<\/b><span style=\"font-weight: 400;\">com a eix vertebrador de la formaci\u00f3 del docent novell i de la seva identitat personal i professional.<\/span><\/li>\n<li style=\"font-weight: 400;\" aria-level=\"1\"><span style=\"font-weight: 400;\">El centre formador:\u00a0<\/span><b>entorn d&#8217;aprenentatge professionalitzador<\/b><span style=\"font-weight: 400;\">. Referent de la pr\u00e0ctica pedag\u00f2gica per al desenvolupament professional docent, inicial i continu.<\/span><\/li>\n<li style=\"font-weight: 400;\" aria-level=\"1\"><b>Professionalitzaci\u00f3 de la mentoria\u00a0<\/b><span style=\"font-weight: 400;\">com a motor de qualitat en la formaci\u00f3 docent en el per\u00edode d&#8217;inducci\u00f3: centrada en la pr\u00e0ctica i en el lideratge.<\/span><\/li>\n<li style=\"font-weight: 400;\" aria-level=\"1\"><b>Aprenentatge en xarxa i entre iguals<\/b><span style=\"font-weight: 400;\">: comunitats d&#8217;aprenentatge docent.<\/span><\/li>\n<li style=\"font-weight: 400;\" aria-level=\"1\"><b>Cooperaci\u00f3 entre els agents implicats\u00a0<\/b><span style=\"font-weight: 400;\">en el desenvolupament professional: centres educatius, universitats, ICEs i altres organismes, per potenciar la transversalitat en la presa de decisions.<\/span><\/li>\n<li style=\"font-weight: 400;\" aria-level=\"1\"><b>Cultura de l&#8217;avaluaci\u00f3<\/b><span style=\"font-weight: 400;\">, centrada en el desenvolupament de les compet\u00e8ncies professionals, que permet al docent novell prendre consci\u00e8ncia del seu propi proc\u00e9s i construir el seu sistema d&#8217;aprendre al llarg de la seva traject\u00f2ria.\u00a0<\/span><\/li>\n<\/ol>\n<p><b>Objec\u200bt\u200b\u200bius:<\/b><\/p>\n<ol>\n<li style=\"font-weight: 400;\" aria-level=\"1\"><b>Acompanyar i donar suport\u00a0<\/b><span style=\"font-weight: 400;\">al docent novell en el desenvolupament de la pr\u00e0ctica educativa en el marc de l&#8217;equitat, la innovaci\u00f3 i la transformaci\u00f3 social.<\/span><\/li>\n<li style=\"font-weight: 400;\" aria-level=\"1\"><b>Posar en valor al centre educatiu\u00a0<\/b><span style=\"font-weight: 400;\">com a entorn d&#8217;aprenentatge\u00a0 professionalitzador.<\/span><\/li>\n<li style=\"font-weight: 400;\" aria-level=\"1\"><b>Recon\u00e8ixer i professionalitzar\u00a0<\/b><span style=\"font-weight: 400;\">la tasca d&#8217;acompanyament en la mentoria.<\/span><\/li>\n<li style=\"font-weight: 400;\" aria-level=\"1\"><b>Promoure l&#8217;avaluaci\u00f3 autoreguladora\u00a0<\/b><span style=\"font-weight: 400;\">de l&#8217;aprenentatge docent.<\/span><\/li>\n<li style=\"font-weight: 400;\" aria-level=\"1\"><b>Impulsar la col\u00b7laboraci\u00f3\u00a0<\/b><span style=\"font-weight: 400;\">entre els agents implicats en el desenvolupament professional del docent, que promogui la innovaci\u00f3 i la transformaci\u00f3 social.\u00a0<\/span><\/li>\n<\/ol>\n<p><b>Destinata\u200b\u200bris i places\u00a0<\/b><\/p>\n<p><b>500 docents novells durant dos\u00a0cursos:<\/b><\/p>\n<ul>\n<li style=\"font-weight: 400;\" aria-level=\"1\"><span style=\"font-weight: 400;\">Curs 2023 &#8211; 2024: 150 docents de prim\u00e0ria i 100 de secund\u00e0ria.<\/span><\/li>\n<li style=\"font-weight: 400;\" aria-level=\"1\"><span style=\"font-weight: 400;\">Curs 2024 &#8211; 2025: 150 docents de prim\u00e0ria i 100 de secund\u00e0ria.<\/span><\/li>\n<\/ul>\n<p><span style=\"font-weight: 400;\">Centres i docents mentors<\/span><\/p>\n<ul>\n<li style=\"font-weight: 400;\" aria-level=\"1\"><b>60 centres educatius<\/b><span style=\"font-weight: 400;\"> del Departament d&#8217;Educaci\u00f3.\u00a0<\/span><\/li>\n<li style=\"font-weight: 400;\" aria-level=\"1\"><b>85\u00a0docents<\/b><span style=\"font-weight: 400;\"> d&#8217;aquests centres que participaran com a docents <\/span><b>mentors<\/b><span style=\"font-weight: 400;\">.\u00a0<\/span><\/li>\n<\/ul>\n<p><b>Du\u200br\u200b\u200bada<\/b><\/p>\n<p><span style=\"font-weight: 400;\">Dos cursos escolars: 2023-2024 i 2024-2025. Aquests dos cursos tenen\u200b\u00a0<\/span><b>car\u00e0cter experimental<\/b><span style=\"font-weight: 400;\">, per\u00f2\u00a0la finalitat \u00e9s\u00a0definir, amb base cient\u00edfica, un model catal\u00e0 d&#8217;inducci\u00f3 a la doc\u00e8ncia.<\/span><\/p>\n<p><b>Requisits de participa\u200b\u200bci\u00f3 dels centres<\/b><\/p>\n<p><span style=\"font-weight: 400;\">Poden participar en el procediment selectiu els centres educatius de titularitat del Departament d&#8217;Educaci\u00f3 que reuneixin els requisits seg\u00fcents:<\/span><\/p>\n<ul>\n<li style=\"font-weight: 400;\" aria-level=\"1\"><span style=\"font-weight: 400;\">Impartir els ensenyaments de segon cicle d&#8217;educaci\u00f3 infantil, prim\u00e0ria, educaci\u00f3 secund\u00e0ria obligat\u00f2ria, batxillerat o formaci\u00f3 professional.<\/span><\/li>\n<li style=\"font-weight: 400;\" aria-level=\"1\"><span style=\"font-weight: 400;\">Ser centre de pr\u00e0ctiques d&#8217;acord amb l&#8217;Ordre EDU\/39\/2021, de 16 de febrer, per la qual s&#8217;estableix el desenvolupament de les pr\u00e0ctiques professionalitzadores universit\u00e0ries i d&#8217;altres institucions formadores en centres educatius formadors, serveis educatius i depend\u00e8ncies del Departament d&#8217;Educaci\u00f3 i s&#8217;estableix el procediment per a la selecci\u00f3 i acreditaci\u00f3 de centres formadors.<\/span><\/li>\n<li style=\"font-weight: 400;\" aria-level=\"1\"><span style=\"font-weight: 400;\">Presentar la sol\u00b7licitud i la\u00a0\u200bdocumentaci\u00f3 corresponen<\/span><\/li>\n<\/ul>\n<p>&nbsp;<\/p>\n<p><b>Compromisos dels centres p\u200b\u200b\u200barticipants<\/b><\/p>\n<p><span style=\"font-weight: 400;\">La participaci\u00f3 del centre en el programa suposa l&#8217;acceptaci\u00f3 dels compromisos seg\u00fcents:<\/span><\/p>\n<ul>\n<li style=\"font-weight: 400;\" aria-level=\"1\"><span style=\"font-weight: 400;\">Signar un acord de corresponsabilitat per desenvolupar el programa durant 2 cursos, amb possibilitat de renovaci\u00f3.<\/span><\/li>\n<li style=\"font-weight: 400;\" aria-level=\"1\"><span style=\"font-weight: 400;\">Designar els i les docents mentors i el membre de l&#8217;equip directiu que coordinar\u00e0 l&#8217;aplicaci\u00f3 del programa en el centre.<\/span><\/li>\n<li style=\"font-weight: 400;\" aria-level=\"1\"><span style=\"font-weight: 400;\">Adoptar les mesures necess\u00e0ries per garantir l&#8217;organitzaci\u00f3, el seguiment, la coordinaci\u00f3 i el desenvolupament de les actuacions dels professionals implicats en el programa: docents mentors i docents participants en formaci\u00f3.<\/span><\/li>\n<li style=\"font-weight: 400;\" aria-level=\"1\"><span style=\"font-weight: 400;\">Integrar en el Pla de formaci\u00f3 del centre la formaci\u00f3 dissenyada en el marc del programa, fer-ne la transfer\u00e8ncia al claustre i col\u00b7laborar amb la xarxa de centres del programa.<\/span><\/li>\n<li style=\"font-weight: 400;\" aria-level=\"1\"><span style=\"font-weight: 400;\">Distribuir els recursos del programa d&#8217;acord amb els criteris establerts i els principis d&#8217;equitat, efic\u00e0cia i efici\u00e8ncia per garantir el correcte desenvolupament de les funcions assignades.<\/span><\/li>\n<li style=\"font-weight: 400;\" aria-level=\"1\"><span style=\"font-weight: 400;\">Reflectir en la programaci\u00f3 general anual i en la mem\u00f2ria anual de centre les actuacions desenvolupades en el marc del programa.<\/span><\/li>\n<li style=\"font-weight: 400;\" aria-level=\"1\"><span style=\"font-weight: 400;\">Utilitzar les evid\u00e8ncies obtingudes per millorar el projecte educatiu del centre i transferir-les a la comunitat educativa i a altres centres.<\/span><\/li>\n<li style=\"font-weight: 400;\" aria-level=\"1\"><span style=\"font-weight: 400;\">Retre comptes al claustre, al consell escolar i al servei territorial al final de cada curs.<\/span><\/li>\n<li style=\"font-weight: 400;\" aria-level=\"1\"><span style=\"font-weight: 400;\">Presentar una mem\u00f2ria d&#8217;avaluaci\u00f3 en finalitzar el programa.<\/span><\/li>\n<li style=\"font-weight: 400;\" aria-level=\"1\"><span style=\"font-weight: 400;\">Durant la realitzaci\u00f3 del programa, els centres han d&#8217;informar p\u00fablicament del cofinan\u00e7ament de l&#8217;actuaci\u00f3 mitjan\u00e7ant un cartell visible de mida A3.<\/span><\/li>\n<li style=\"font-weight: 400;\" aria-level=\"1\"><span style=\"font-weight: 400;\">Fer constar el cofinan\u00e7ament del Fons Social Europeu Plus en qualsevol document que es lliuri als participants o que formi part de l&#8217;expedient de l&#8217;actuaci\u00f3 cofinan\u00e7ada.<\/span><\/li>\n<li style=\"font-weight: 400;\" aria-level=\"1\"><span style=\"font-weight: 400;\">Prestar la col\u00b7laboraci\u00f3 i facilitar tota la documentaci\u00f3 que li sigui requerida durant l&#8217;exercici de les funcions de control i verificaci\u00f3 de l&#8217;Autoritat d&#8217;Auditoria del Programa, de l&#8217;Autoritat de Gesti\u00f3 i de Certificaci\u00f3 (la unitat administradora del FSE) de la Comissi\u00f3 Europea i d&#8217;altres \u00f2rgans que, d&#8217;acord amb la normativa comunit\u00e0ria, tinguin atribu\u00efdes funcions de control financer dels ajuts finan\u00e7ats pel FSE+.<\/span><\/li>\n<\/ul>\n<p><span style=\"font-weight: 400;\">L&#8217;incompliment dels compromisos pot comportar la baixa del centre en el programa.<\/span><\/p>\n<p><b>D\u200bocents \u200b\u200bmentors\u00a0<\/b><\/p>\n<p><span style=\"font-weight: 400;\">\u00c9s el\u00a0<\/span><b>referent personal i professional del docent novell en el centre<\/b><span style=\"font-weight: 400;\">\u00a0i, per tant,\u00a0ha de tenir experi\u00e8ncia contrastada en mat\u00e8ria d&#8217;acompanyament i formaci\u00f3 docent.\u00a0\u200bEl Departament d&#8217;Educaci\u00f3 publicar\u00e0\u00a0la convocat\u00f2ria per a la selecci\u00f3 i l&#8217;acreditaci\u00f3 del personal docent mentor. Aquestes r\u00e0tios tenen car\u00e0cter orientatiu i s&#8217;aplicaran amb flexibilitat al llarg del desenvolupament del Programa.\u00a0<\/span><\/p>\n<p><span style=\"font-weight: 400;\">Nombre m\u00e0xim\u00a0de docents mentors per centre:\u00a03\u00a0<\/span><\/p>\n<p><span style=\"font-weight: 400;\">Nombre m\u00e0xim de docents novells a c\u00e0rrec d&#8217;un docent mentor\u00a0durant el curs de resid\u00e8ncia:\u00a03.\u00a0<\/span><\/p>\n<p>&nbsp;<\/p>\n<p><b>Docents novells<\/b><b>\u200b<\/b><\/p>\n<p><span style=\"font-weight: 400;\">Es tracta de docents que han superat la formaci\u00f3 inicial (Grau o m\u00e0ster) que no tenen\u00a0experi\u00e8ncia pr\u00e8via en la pr\u00e0ctica docent (o \u00e9s inferior a\u00a0\u200b3 mesos), i que no han\u00a0participat en el curs i\u00a0avaluaci\u00f3 prevista a la normativa vigent per a interins novells. A trav\u00e9s d&#8217;aquest programa, els docents novells\u00a0comencen la seva vida professional amb un\u00a0acompanyament especialment pensat per consolidar compet\u00e8ncies professionals clau.\u200b Les places del Programa s&#8217;assignen d&#8217;acord amb les necessitats del sistema educatiu, criteris d&#8217;especialitat docent, d&#8217;equilibri territorial, de disponibilitat de centres i de docents mentors. Les sol\u00b7licituds s&#8217;ordenen atenent el nu\u0301mero d&#8217;ordre que ocupa la persona en la borsa de treball de personal docent del Departament d&#8217;Educacio\u0301.\u200b<\/span><\/p>\n<p><b>\u200b<\/b><b>Docents col\u00b7laboradors<\/b><b>\u00a0<\/b><\/p>\n<p><span style=\"font-weight: 400;\">Els docents mentors, per a l&#8217;acompanyament i atenci\u00f3 dels docents novells,\u00a0<\/span><b>poden comptar amb el suport i la participaci\u00f3 d&#8217;altres docents com a col\u00b7laboradors del programa<\/b><span style=\"font-weight: 400;\">, en aspectes com la codoc\u00e8ncia, la gesti\u00f3 del curr\u00edculum, l&#8217;acci\u00f3 tutorial i l&#8217;orientaci\u00f3 educativa.<\/span><\/p>\n<p>&nbsp;<\/p>\n","protected":false},"excerpt":{"rendered":"<p>El\u00a0Programa temporal\u00a0de resid\u00e8ncia inicial docent en centres educatius, Sensei,\u00a0ofereix una\u00a0experi\u00e8ncia de capacitaci\u00f3 professional pensada especialment per als i les\u00a0docents novells de primer any que els prepara per ser m\u00e9s aut\u00f2noms, i els aporta les eines clau per desenvolupar la seva tasca amb m\u00e9s impacte en l&#8217;alumnat i amb m\u00e9s qualitat docent al llarg de la [&hellip;]<\/p>\n","protected":false},"author":1,"featured_media":0,"parent":0,"menu_order":0,"comment_status":"closed","ping_status":"closed","template":"","meta":{"_bbp_topic_count":0,"_bbp_reply_count":0,"_bbp_total_topic_count":0,"_bbp_total_reply_count":0,"_bbp_voice_count":0,"_bbp_anonymous_reply_count":0,"_bbp_topic_count_hidden":0,"_bbp_reply_count_hidden":0,"_bbp_forum_subforum_count":0,"site-sidebar-layout":"default","site-content-layout":"","ast-site-content-layout":"","site-content-style":"default","site-sidebar-style":"default","ast-global-header-display":"","ast-banner-title-visibility":"","ast-main-header-display":"","ast-hfb-above-header-display":"","ast-hfb-below-header-display":"","ast-hfb-mobile-header-display":"","site-post-title":"","ast-breadcrumbs-content":"","ast-featured-img":"","footer-sml-layout":"","theme-transparent-header-meta":"","adv-header-id-meta":"","stick-header-meta":"","header-above-stick-meta":"","header-main-stick-meta":"","header-below-stick-meta":"","astra-migrate-meta-layouts":"default","ast-page-background-enabled":"default","ast-page-background-meta":{"desktop":{"background-color":"var(--ast-global-color-4)","background-image":"","background-repeat":"repeat","background-position":"center center","background-size":"auto","background-attachment":"scroll","background-type":"","background-media":"","overlay-type":"","overlay-color":"","overlay-opacity":"","overlay-gradient":""},"tablet":{"background-color":"","background-image":"","background-repeat":"repeat","background-position":"center center","background-size":"auto","background-attachment":"scroll","background-type":"","background-media":"","overlay-type":"","overlay-color":"","overlay-opacity":"","overlay-gradient":""},"mobile":{"background-color":"","background-image":"","background-repeat":"repeat","background-position":"center center","background-size":"auto","background-attachment":"scroll","background-type":"","background-media":"","overlay-type":"","overlay-color":"","overlay-opacity":"","overlay-gradient":""}},"ast-content-background-meta":{"desktop":{"background-color":"var(--ast-global-color-5)","background-image":"","background-repeat":"repeat","background-position":"center center","background-size":"auto","background-attachment":"scroll","background-type":"","background-media":"","overlay-type":"","overlay-color":"","overlay-opacity":"","overlay-gradient":""},"tablet":{"background-color":"var(--ast-global-color-5)","background-image":"","background-repeat":"repeat","background-position":"center center","background-size":"auto","background-attachment":"scroll","background-type":"","background-media":"","overlay-type":"","overlay-color":"","overlay-opacity":"","overlay-gradient":""},"mobile":{"background-color":"var(--ast-global-color-5)","background-image":"","background-repeat":"repeat","background-position":"center center","background-size":"auto","background-attachment":"scroll","background-type":"","background-media":"","overlay-type":"","overlay-color":"","overlay-opacity":"","overlay-gradient":""}},"footnotes":""},"class_list":["post-2041","page","type-page","status-publish","hentry"],"post_mailing_queue_ids":[],"_links":{"self":[{"href":"https:\/\/agora.xtec.cat\/iesmartifranques\/wp-json\/wp\/v2\/pages\/2041","targetHints":{"allow":["GET"]}}],"collection":[{"href":"https:\/\/agora.xtec.cat\/iesmartifranques\/wp-json\/wp\/v2\/pages"}],"about":[{"href":"https:\/\/agora.xtec.cat\/iesmartifranques\/wp-json\/wp\/v2\/types\/page"}],"author":[{"embeddable":true,"href":"https:\/\/agora.xtec.cat\/iesmartifranques\/wp-json\/wp\/v2\/users\/1"}],"replies":[{"embeddable":true,"href":"https:\/\/agora.xtec.cat\/iesmartifranques\/wp-json\/wp\/v2\/comments?post=2041"}],"version-history":[{"count":1,"href":"https:\/\/agora.xtec.cat\/iesmartifranques\/wp-json\/wp\/v2\/pages\/2041\/revisions"}],"predecessor-version":[{"id":2044,"href":"https:\/\/agora.xtec.cat\/iesmartifranques\/wp-json\/wp\/v2\/pages\/2041\/revisions\/2044"}],"wp:attachment":[{"href":"https:\/\/agora.xtec.cat\/iesmartifranques\/wp-json\/wp\/v2\/media?parent=2041"}],"curies":[{"name":"wp","href":"https:\/\/api.w.org\/{rel}","templated":true}]}}