{"id":1199,"date":"2023-09-18T14:17:36","date_gmt":"2023-09-18T12:17:36","guid":{"rendered":"https:\/\/agora.xtec.cat\/iesmartifranques\/?page_id=1199"},"modified":"2024-07-15T11:20:11","modified_gmt":"2024-07-15T09:20:11","slug":"canvi-de-materia-batxillerat","status":"publish","type":"page","link":"https:\/\/agora.xtec.cat\/iesmartifranques\/secretaria\/canvi-de-materia-batxillerat\/","title":{"rendered":"Canvi de mat\u00e8ria (Batxillerat i ESO)"},"content":{"rendered":"<p>1. Per poder canviar de mat\u00e8ria has d&#8217;omplir un document que trobar\u00e0s a direcci\u00f3 (<strong>ESO:<\/strong> coordinaci\u00f3 pedag\u00f2gica i d&#8217;ESO; <strong>Batxillerat<\/strong>: caps d&#8217;estudis); consulta amb la fam\u00edlia i els tutors els canvis a bans de fer la proposta.<\/p>\n<p>2. Ajustat <strong>als terminis<\/strong> indicats, altrament el proc\u00e9s no ser\u00e0 v\u00e0lid: estigues alerta a les dates de &#8220;matr\u00edcula&#8221; i als de &#8220;canvis&#8221;.<\/p>\n<p>3. Mentrestant el canvi no sigui possible,<strong> t&#8217;has de quedar en la mat\u00e8ria que tens assignada fins que rebis una resoluci\u00f3<\/strong> de la Direcci\u00f3.<\/p>\n<p>&nbsp;<\/p>\n<p>&nbsp;<\/p>\n<p>&nbsp;<\/p>\n","protected":false},"excerpt":{"rendered":"<p>1. Per poder canviar de mat\u00e8ria has d&#8217;omplir un document que trobar\u00e0s a direcci\u00f3 (ESO: coordinaci\u00f3 pedag\u00f2gica i d&#8217;ESO; Batxillerat: caps d&#8217;estudis); consulta amb la fam\u00edlia i els tutors els canvis a bans de fer la proposta. 2. Ajustat als terminis indicats, altrament el proc\u00e9s no ser\u00e0 v\u00e0lid: estigues alerta a les dates de &#8220;matr\u00edcula&#8221; [&hellip;]<\/p>\n","protected":false},"author":1,"featured_media":0,"parent":81,"menu_order":0,"comment_status":"closed","ping_status":"closed","template":"","meta":{"_bbp_topic_count":0,"_bbp_reply_count":0,"_bbp_total_topic_count":0,"_bbp_total_reply_count":0,"_bbp_voice_count":0,"_bbp_anonymous_reply_count":0,"_bbp_topic_count_hidden":0,"_bbp_reply_count_hidden":0,"_bbp_forum_subforum_count":0,"site-sidebar-layout":"default","site-content-layout":"","ast-site-content-layout":"","site-content-style":"default","site-sidebar-style":"default","ast-global-header-display":"","ast-banner-title-visibility":"","ast-main-header-display":"","ast-hfb-above-header-display":"","ast-hfb-below-header-display":"","ast-hfb-mobile-header-display":"","site-post-title":"","ast-breadcrumbs-content":"","ast-featured-img":"","footer-sml-layout":"","theme-transparent-header-meta":"","adv-header-id-meta":"","stick-header-meta":"","header-above-stick-meta":"","header-main-stick-meta":"","header-below-stick-meta":"","astra-migrate-meta-layouts":"default","ast-page-background-enabled":"default","ast-page-background-meta":{"desktop":{"background-color":"var(--ast-global-color-4)","background-image":"","background-repeat":"repeat","background-position":"center center","background-size":"auto","background-attachment":"scroll","background-type":"","background-media":"","overlay-type":"","overlay-color":"","overlay-opacity":"","overlay-gradient":""},"tablet":{"background-color":"","background-image":"","background-repeat":"repeat","background-position":"center center","background-size":"auto","background-attachment":"scroll","background-type":"","background-media":"","overlay-type":"","overlay-color":"","overlay-opacity":"","overlay-gradient":""},"mobile":{"background-color":"","background-image":"","background-repeat":"repeat","background-position":"center center","background-size":"auto","background-attachment":"scroll","background-type":"","background-media":"","overlay-type":"","overlay-color":"","overlay-opacity":"","overlay-gradient":""}},"ast-content-background-meta":{"desktop":{"background-color":"var(--ast-global-color-5)","background-image":"","background-repeat":"repeat","background-position":"center center","background-size":"auto","background-attachment":"scroll","background-type":"","background-media":"","overlay-type":"","overlay-color":"","overlay-opacity":"","overlay-gradient":""},"tablet":{"background-color":"var(--ast-global-color-5)","background-image":"","background-repeat":"repeat","background-position":"center center","background-size":"auto","background-attachment":"scroll","background-type":"","background-media":"","overlay-type":"","overlay-color":"","overlay-opacity":"","overlay-gradient":""},"mobile":{"background-color":"var(--ast-global-color-5)","background-image":"","background-repeat":"repeat","background-position":"center center","background-size":"auto","background-attachment":"scroll","background-type":"","background-media":"","overlay-type":"","overlay-color":"","overlay-opacity":"","overlay-gradient":""}},"footnotes":""},"class_list":["post-1199","page","type-page","status-publish","hentry"],"post_mailing_queue_ids":[],"_links":{"self":[{"href":"https:\/\/agora.xtec.cat\/iesmartifranques\/wp-json\/wp\/v2\/pages\/1199","targetHints":{"allow":["GET"]}}],"collection":[{"href":"https:\/\/agora.xtec.cat\/iesmartifranques\/wp-json\/wp\/v2\/pages"}],"about":[{"href":"https:\/\/agora.xtec.cat\/iesmartifranques\/wp-json\/wp\/v2\/types\/page"}],"author":[{"embeddable":true,"href":"https:\/\/agora.xtec.cat\/iesmartifranques\/wp-json\/wp\/v2\/users\/1"}],"replies":[{"embeddable":true,"href":"https:\/\/agora.xtec.cat\/iesmartifranques\/wp-json\/wp\/v2\/comments?post=1199"}],"version-history":[{"count":5,"href":"https:\/\/agora.xtec.cat\/iesmartifranques\/wp-json\/wp\/v2\/pages\/1199\/revisions"}],"predecessor-version":[{"id":2196,"href":"https:\/\/agora.xtec.cat\/iesmartifranques\/wp-json\/wp\/v2\/pages\/1199\/revisions\/2196"}],"up":[{"embeddable":true,"href":"https:\/\/agora.xtec.cat\/iesmartifranques\/wp-json\/wp\/v2\/pages\/81"}],"wp:attachment":[{"href":"https:\/\/agora.xtec.cat\/iesmartifranques\/wp-json\/wp\/v2\/media?parent=1199"}],"curies":[{"name":"wp","href":"https:\/\/api.w.org\/{rel}","templated":true}]}}