{"id":3303,"date":"2016-09-05T16:36:49","date_gmt":"2016-09-05T15:36:49","guid":{"rendered":"http:\/\/agora.xtec.cat\/iesmarti-i-pol\/?page_id=3303"},"modified":"2025-07-15T20:54:20","modified_gmt":"2025-07-15T18:54:20","slug":"grau-mitja-de-fusteria-i-moble","status":"publish","type":"page","link":"https:\/\/agora.xtec.cat\/iesmarti-i-pol\/grau-mitja-de-fusteria-i-moble\/","title":{"rendered":"Grau mitj\u00e0 de Fusteria i moble"},"content":{"rendered":"<p><span style=\"color: #800000;\"><strong><span style=\"font-size: 16px;\">Per a qu\u00e8 et formem?<\/span><\/strong><\/span><\/p>\n<p style=\"text-align: justify;\"><span style=\"color: #333333;\">La compet\u00e8ncia general d&#8217;aquest t\u00edtol consisteix a fabricar elements de fusteria i mobles, realitzant els processos de mecanitzat, muntatge, acabat, emmagatzematge i expedici\u00f3 de productes, complint les especificacions de qualitat, seguretat i protecci\u00f3 ambiental.<\/span><\/p>\n<p><span style=\"color: #800000;\"><strong><span style=\"font-size: 16px;\">Com ens organitzem?<\/span><\/strong><\/span><\/p>\n<h4><span style=\"color: #008000;\">1r curs (torn de MAT\u00cd)<\/span><\/h4>\n<table dir=\"ltr\" style=\"width: 43.345%; border-style: solid; border-color: #000000;\" border=\"1\" cellspacing=\"0\" cellpadding=\"0\" data-sheets-root=\"1\">\n<colgroup>\n<col width=\"297\" \/>\n<col width=\"100\" \/><\/colgroup>\n<tbody>\n<tr>\n<td style=\"width: 97.8915%; border-style: solid; border-color: #000000;\">\n<h5><strong><span style=\"color: #993300;\">M\u00f2dul<\/span><\/strong><\/h5>\n<\/td>\n<td style=\"width: 46.6083%; border-style: solid; border-color: #000000;\">\n<h5><strong><span style=\"color: #993300;\">Hores<\/span><\/strong><\/h5>\n<\/td>\n<\/tr>\n<tr>\n<td style=\"width: 97.8915%; border-style: solid; border-color: #000000;\" data-sheets-value=\"{&quot;1&quot;:2,&quot;2&quot;:&quot;0538. Materials en Fusteria i moble.&quot;}\">0538. Materials en Fusteria i moble.<\/td>\n<td style=\"width: 46.6083%; border-style: solid; border-color: #000000;\" data-sheets-value=\"{&quot;1&quot;:3,&quot;3&quot;:99}\">99<\/td>\n<\/tr>\n<tr>\n<td style=\"width: 97.8915%; border-style: solid; border-color: #000000;\" data-sheets-value=\"{&quot;1&quot;:2,&quot;2&quot;:&quot;0539. Solucions constructives.&quot;}\">0539. Solucions constructives.<\/td>\n<td style=\"width: 46.6083%; border-style: solid; border-color: #000000;\" data-sheets-value=\"{&quot;1&quot;:3,&quot;3&quot;:132}\">132<\/td>\n<\/tr>\n<tr>\n<td style=\"width: 97.8915%; border-style: solid; border-color: #000000;\" data-sheets-value=\"{&quot;1&quot;:2,&quot;2&quot;:&quot;0540. Operacions b\u00e0siques en fusteria.&quot;}\">0540. Operacions b\u00e0siques en fusteria.<\/td>\n<td style=\"width: 46.6083%; border-style: solid; border-color: #000000;\" data-sheets-value=\"{&quot;1&quot;:3,&quot;3&quot;:132}\">132<\/td>\n<\/tr>\n<tr>\n<td style=\"width: 97.8915%; border-style: solid; border-color: #000000;\" data-sheets-value=\"{&quot;1&quot;:2,&quot;2&quot;:&quot;0541. Operacions b\u00e0siques en mobiliari&quot;}\">0541. Operacions b\u00e0siques en mobiliari<\/td>\n<td style=\"width: 46.6083%; border-style: solid; border-color: #000000;\" data-sheets-value=\"{&quot;1&quot;:3,&quot;3&quot;:132}\">132<\/td>\n<\/tr>\n<tr>\n<td style=\"width: 97.8915%; border-style: solid; border-color: #000000;\" data-sheets-value=\"{&quot;1&quot;:2,&quot;2&quot;:&quot;0542. Control de magatzem.&quot;}\">0542. Control de magatzem.<\/td>\n<td style=\"width: 46.6083%; border-style: solid; border-color: #000000;\" data-sheets-value=\"{&quot;1&quot;:3,&quot;3&quot;:33}\">33<\/td>\n<\/tr>\n<tr>\n<td style=\"width: 97.8915%; border-style: solid; border-color: #000000;\" data-sheets-value=\"{&quot;1&quot;:2,&quot;2&quot;:&quot;0547. Acabats en fusteria i moble.&quot;}\">0547. Acabats en fusteria i moble.<\/td>\n<td style=\"width: 46.6083%; border-style: solid; border-color: #000000;\" data-sheets-value=\"{&quot;1&quot;:3,&quot;3&quot;:33}\">33<\/td>\n<\/tr>\n<tr>\n<td style=\"width: 97.8915%; border-style: solid; border-color: #000000;\" data-sheets-value=\"{&quot;1&quot;:2,&quot;2&quot;:&quot;0156. Angl\u00e8s professional.&quot;}\">0156. Angl\u00e8s professional.<\/td>\n<td style=\"width: 46.6083%; border-style: solid; border-color: #000000;\" data-sheets-value=\"{&quot;1&quot;:3,&quot;3&quot;:66}\">66<\/td>\n<\/tr>\n<tr>\n<td style=\"width: 97.8915%; border-style: solid; border-color: #000000;\" data-sheets-value=\"{&quot;1&quot;:2,&quot;2&quot;:&quot;1708. Sostenibilitat aplicada al sistema productiu.&quot;}\">1708. Sostenibilitat aplicada al sistema productiu.<\/td>\n<td style=\"width: 46.6083%; border-style: solid; border-color: #000000;\" data-sheets-value=\"{&quot;1&quot;:3,&quot;3&quot;:33}\">33<\/td>\n<\/tr>\n<tr>\n<td style=\"width: 97.8915%; border-style: solid; border-color: #000000;\" data-sheets-value=\"{&quot;1&quot;:2,&quot;2&quot;:&quot;1709. Itinerari personal per a l'ocupabilitat I.&quot;}\">1709. Itinerari personal per a l&#8217;ocupabilitat I.<\/td>\n<td style=\"width: 46.6083%; border-style: solid; border-color: #000000;\" data-sheets-value=\"{&quot;1&quot;:3,&quot;3&quot;:99}\">99<\/td>\n<\/tr>\n<tr>\n<td style=\"width: 97.8915%; border-style: solid; border-color: #000000;\" data-sheets-value=\"{&quot;1&quot;:2,&quot;2&quot;:&quot;MPO 1. Representaci\u00f3 d'elements de fusterria i mobiliari&quot;}\">MPO 1. Fabricaci\u00f3 digital<\/td>\n<td style=\"width: 46.6083%; border-style: solid; border-color: #000000;\" data-sheets-value=\"{&quot;1&quot;:3,&quot;3&quot;:66}\">66<\/td>\n<\/tr>\n<tr>\n<td style=\"width: 97.8915%; border-style: solid; border-color: #000000;\" data-sheets-value=\"{&quot;1&quot;:2,&quot;2&quot;:&quot;MO 2. Ebenisteria&quot;}\">MPO 2. Ebenisteria<\/td>\n<td style=\"width: 46.6083%; border-style: solid; border-color: #000000;\" data-sheets-value=\"{&quot;1&quot;:3,&quot;3&quot;:33}\">33<\/td>\n<\/tr>\n<\/tbody>\n<\/table>\n<h4><span style=\"color: #008000;\"><strong>2n curs (torn de TARDA)<\/strong><\/span><\/h4>\n<table dir=\"ltr\" style=\"height: 327px; width: 43.6515%; border-style: solid; border-color: #000000;\" border=\"1\" cellspacing=\"0\" cellpadding=\"0\" data-sheets-root=\"1\">\n<colgroup>\n<col width=\"297\" \/>\n<col width=\"100\" \/><\/colgroup>\n<tbody>\n<tr style=\"height: 47px;\">\n<td style=\"width: 91.0547%; height: 47px; border-style: solid; border-color: #000000;\">\n<h5><strong><span style=\"color: #993300;\">M\u00f2dul<\/span><\/strong><\/h5>\n<\/td>\n<td style=\"width: 15.8091%; height: 47px; border-style: solid; border-color: #000000;\">\n<h5><strong><span style=\"color: #993300;\">Hores<\/span><\/strong><\/h5>\n<\/td>\n<\/tr>\n<tr style=\"height: 33px;\">\n<td style=\"width: 91.0547%; height: 33px; border-style: solid; border-color: #000000;\" data-sheets-value=\"{&quot;1&quot;:2,&quot;2&quot;:&quot;0543. Documentaci\u00f3 t\u00e8cnica.&quot;}\">0543. Documentaci\u00f3 t\u00e8cnica.<\/td>\n<td style=\"width: 15.8091%; height: 33px; border-style: solid; border-color: #000000;\" data-sheets-value=\"{&quot;1&quot;:3,&quot;3&quot;:66}\">66<\/td>\n<\/tr>\n<tr style=\"height: 33px;\">\n<td style=\"width: 91.0547%; height: 33px; border-style: solid; border-color: #000000;\" data-sheets-value=\"{&quot;1&quot;:2,&quot;2&quot;:&quot;0544. Mecanitzaci\u00f3 de fusta i derivats.&quot;}\">0544. Mecanitzaci\u00f3 de fusta i derivats.<\/td>\n<td style=\"width: 15.8091%; height: 33px; border-style: solid; border-color: #000000;\" data-sheets-value=\"{&quot;1&quot;:3,&quot;3&quot;:99}\">99<\/td>\n<\/tr>\n<tr style=\"height: 49px;\">\n<td style=\"width: 91.0547%; height: 49px; border-style: solid; border-color: #000000;\" data-sheets-value=\"{&quot;1&quot;:2,&quot;2&quot;:&quot;0545. Mecanitzaci\u00f3 per control num\u00e8ric en fusteria i moble.&quot;}\">0545. Mecanitzaci\u00f3 per control num\u00e8ric en fusteria i moble.<\/td>\n<td style=\"width: 15.8091%; height: 49px; border-style: solid; border-color: #000000;\" data-sheets-value=\"{&quot;1&quot;:3,&quot;3&quot;:99}\">99<\/td>\n<\/tr>\n<tr style=\"height: 33px;\">\n<td style=\"width: 91.0547%; height: 33px; border-style: solid; border-color: #000000;\" data-sheets-value=\"{&quot;1&quot;:2,&quot;2&quot;:&quot;0546. Muntatge de fusteria i moble.&quot;}\">0546. Muntatge de fusteria i moble.<\/td>\n<td style=\"width: 15.8091%; height: 33px; border-style: solid; border-color: #000000;\" data-sheets-value=\"{&quot;1&quot;:3,&quot;3&quot;:66}\">66<\/td>\n<\/tr>\n<tr style=\"height: 33px;\">\n<td style=\"width: 91.0547%; height: 33px; border-style: solid; border-color: #000000;\" data-sheets-value=\"{&quot;1&quot;:2,&quot;2&quot;:&quot;1664. Digitalitzaci\u00f3 aplicada als sectors productius.&quot;}\">1664. Digitalitzaci\u00f3 aplicada als sectors productius.<\/td>\n<td style=\"width: 15.8091%; height: 33px; border-style: solid; border-color: #000000;\" data-sheets-value=\"{&quot;1&quot;:3,&quot;3&quot;:33}\">33<\/td>\n<\/tr>\n<tr style=\"height: 33px;\">\n<td style=\"width: 91.0547%; height: 33px; border-style: solid; border-color: #000000;\" data-sheets-value=\"{&quot;1&quot;:2,&quot;2&quot;:&quot;1710. Itinerari personal per a l'ocupabilitat II&quot;}\">1710. Itinerari personal per a l&#8217;ocupabilitat II<\/td>\n<td style=\"width: 15.8091%; height: 33px; border-style: solid; border-color: #000000;\" data-sheets-value=\"{&quot;1&quot;:3,&quot;3&quot;:66}\">66<\/td>\n<\/tr>\n<tr style=\"height: 33px;\">\n<td style=\"width: 91.0547%; height: 33px; border-style: solid; border-color: #000000;\" data-sheets-value=\"{&quot;1&quot;:2,&quot;2&quot;:&quot;1713. Projecte intermodular.&quot;}\">1713. Projecte intermodular.<\/td>\n<td style=\"width: 15.8091%; height: 33px; border-style: solid; border-color: #000000;\" data-sheets-value=\"{&quot;1&quot;:3,&quot;3&quot;:198}\">198<\/td>\n<\/tr>\n<tr style=\"height: 33px;\">\n<td style=\"width: 91.0547%; height: 33px; border-style: solid; border-color: #000000;\" data-sheets-value=\"{&quot;1&quot;:2,&quot;2&quot;:&quot;MO 2. Ebenisteria&quot;}\">Estada a l&#8217;empresa<\/td>\n<td style=\"width: 15.8091%; height: 33px; border-style: solid; border-color: #000000;\" data-sheets-value=\"{&quot;1&quot;:3,&quot;3&quot;:33}\">515<\/td>\n<\/tr>\n<\/tbody>\n<\/table>\n<p style=\"text-align: justify;\"><span style=\"color: #800000;\"><strong><span style=\"font-size: 16px;\">I despr\u00e9s qu\u00e8?<\/span><\/strong><\/span><\/p>\n<p style=\"text-align: justify;\"><span style=\"color: #333333;\"><strong>&#8211; Sortides professionals:<\/strong> Aquest professional exercir\u00e0 l\u2019activitat en les ind\u00fastries dedicades a la fabricaci\u00f3 i muntatge de mobiliari i elements de fusteria i en l\u2019aplicaci\u00f3 de productes d\u2019acabat.<br \/>\nLes principals ocupacions i llocs de treball s\u00f3n:<br \/>\na) Personal operador de m\u00e0quines fixes per fabricar productes de fusteria.<br \/>\nb) Personal operador de premses.<br \/>\nc) Personal operador de banc d\u2019armar.<br \/>\nd) Personal muntador acoblador d\u2019elements de fusteria.<br \/>\ne) Personal envernissador i lacador.<br \/>\nf) Responsable de secci\u00f3 d\u2019acabats.<br \/>\n<strong>&#8211; Sortides acad\u00e8miques:<\/strong> d\u00f3na acc\u00e9s a batxillerat i als cicles formatius de grau superior.<\/span><\/p>\n","protected":false},"excerpt":{"rendered":"<p>Per a qu\u00e8 et formem? La compet\u00e8ncia general d&#8217;aquest t\u00edtol consisteix a fabricar elements de fusteria i mobles, realitzant els processos de mecanitzat, muntatge, acabat, emmagatzematge i expedici\u00f3 de productes, complint les especificacions de qualitat, seguretat i protecci\u00f3 ambiental. Com ens organitzem? 1r curs (torn de MAT\u00cd) M\u00f2dul Hores 0538. Materials en Fusteria i moble. [&hellip;]<\/p>\n","protected":false},"author":1,"featured_media":0,"parent":0,"menu_order":20,"comment_status":"closed","ping_status":"closed","template":"","meta":{"_bbp_topic_count":0,"_bbp_reply_count":0,"_bbp_total_topic_count":0,"_bbp_total_reply_count":0,"_bbp_voice_count":0,"_bbp_anonymous_reply_count":0,"_bbp_topic_count_hidden":0,"_bbp_reply_count_hidden":0,"_bbp_forum_subforum_count":0,"site-sidebar-layout":"default","site-content-layout":"","ast-site-content-layout":"default","site-content-style":"default","site-sidebar-style":"default","ast-global-header-display":"","ast-banner-title-visibility":"","ast-main-header-display":"","ast-hfb-above-header-display":"","ast-hfb-below-header-display":"","ast-hfb-mobile-header-display":"","site-post-title":"","ast-breadcrumbs-content":"","ast-featured-img":"","footer-sml-layout":"","theme-transparent-header-meta":"default","adv-header-id-meta":"","stick-header-meta":"","header-above-stick-meta":"","header-main-stick-meta":"","header-below-stick-meta":"","astra-migrate-meta-layouts":"set","ast-page-background-enabled":"default","ast-page-background-meta":{"desktop":{"background-color":"var(--ast-global-color-4)","background-image":"","background-repeat":"repeat","background-position":"center center","background-size":"auto","background-attachment":"scroll","background-type":"","background-media":"","overlay-type":"","overlay-color":"","overlay-opacity":"","overlay-gradient":""},"tablet":{"background-color":"","background-image":"","background-repeat":"repeat","background-position":"center center","background-size":"auto","background-attachment":"scroll","background-type":"","background-media":"","overlay-type":"","overlay-color":"","overlay-opacity":"","overlay-gradient":""},"mobile":{"background-color":"","background-image":"","background-repeat":"repeat","background-position":"center center","background-size":"auto","background-attachment":"scroll","background-type":"","background-media":"","overlay-type":"","overlay-color":"","overlay-opacity":"","overlay-gradient":""}},"ast-content-background-meta":{"desktop":{"background-color":"var(--ast-global-color-5)","background-image":"","background-repeat":"repeat","background-position":"center center","background-size":"auto","background-attachment":"scroll","background-type":"","background-media":"","overlay-type":"","overlay-color":"","overlay-opacity":"","overlay-gradient":""},"tablet":{"background-color":"var(--ast-global-color-5)","background-image":"","background-repeat":"repeat","background-position":"center center","background-size":"auto","background-attachment":"scroll","background-type":"","background-media":"","overlay-type":"","overlay-color":"","overlay-opacity":"","overlay-gradient":""},"mobile":{"background-color":"var(--ast-global-color-5)","background-image":"","background-repeat":"repeat","background-position":"center center","background-size":"auto","background-attachment":"scroll","background-type":"","background-media":"","overlay-type":"","overlay-color":"","overlay-opacity":"","overlay-gradient":""}},"footnotes":""},"class_list":["post-3303","page","type-page","status-publish","hentry"],"post_mailing_queue_ids":[],"_links":{"self":[{"href":"https:\/\/agora.xtec.cat\/iesmarti-i-pol\/wp-json\/wp\/v2\/pages\/3303","targetHints":{"allow":["GET"]}}],"collection":[{"href":"https:\/\/agora.xtec.cat\/iesmarti-i-pol\/wp-json\/wp\/v2\/pages"}],"about":[{"href":"https:\/\/agora.xtec.cat\/iesmarti-i-pol\/wp-json\/wp\/v2\/types\/page"}],"author":[{"embeddable":true,"href":"https:\/\/agora.xtec.cat\/iesmarti-i-pol\/wp-json\/wp\/v2\/users\/1"}],"replies":[{"embeddable":true,"href":"https:\/\/agora.xtec.cat\/iesmarti-i-pol\/wp-json\/wp\/v2\/comments?post=3303"}],"version-history":[{"count":7,"href":"https:\/\/agora.xtec.cat\/iesmarti-i-pol\/wp-json\/wp\/v2\/pages\/3303\/revisions"}],"predecessor-version":[{"id":3305,"href":"https:\/\/agora.xtec.cat\/iesmarti-i-pol\/wp-json\/wp\/v2\/pages\/3303\/revisions\/3305"}],"wp:attachment":[{"href":"https:\/\/agora.xtec.cat\/iesmarti-i-pol\/wp-json\/wp\/v2\/media?parent=3303"}],"curies":[{"name":"wp","href":"https:\/\/api.w.org\/{rel}","templated":true}]}}