{"id":3060,"date":"2016-07-04T11:05:15","date_gmt":"2016-07-04T10:05:15","guid":{"rendered":"http:\/\/agora.xtec.cat\/iesmarti-i-pol\/?page_id=3060"},"modified":"2026-04-07T18:05:54","modified_gmt":"2026-04-07T16:05:54","slug":"batxillerat","status":"publish","type":"page","link":"https:\/\/agora.xtec.cat\/iesmarti-i-pol\/eso-batxillerat\/batxillerat\/","title":{"rendered":"Batxillerat"},"content":{"rendered":"<ul>\n<li><a href=\"https:\/\/agora.xtec.cat\/iesmarti-i-pol\/linstitut\/documents-de-centre\/\" target=\"_blank\" rel=\"noopener\">Documents de centre<\/a> (Aqu\u00ed hi trobareu m\u00e9s informaci\u00f3)<\/li>\n<li><a href=\"http:\/\/agora.xtec.cat\/iesmarti-i-pol\/eso-batx-presentacio-materies-i-criteris-avaluacio-qualificacio\/\" target=\"_blank\" rel=\"noopener noreferrer\">Presentaci\u00f3 mat\u00e8ries i criteris avaluaci\u00f3. Fulls d&#8217;inici de curs<\/a><\/li>\n<\/ul>\n<p>Podeu veure el Batxillerat\u00a0 curs 26\/27 amb la seg\u00fcent <a href=\"https:\/\/canva.link\/dpown4t63349ztx\">presentaci\u00f3<\/a>.<\/p>\n<p>L&#8217;alumnat pot sol\u00b7licitar un canvi de mat\u00e8ries o b\u00e9 de modalitat fins al <strong>12 d&#8217;octubre<\/strong>. El fet d&#8217;acceptar el canvi ve determinat per la pr\u00f2pia\u00a0 organitzaci\u00f3 del centre i per criteris pedag\u00f2gics.<\/p>\n<p><strong>CURRICULUM 1r BATXILLERAT\u00a0<\/strong><\/p>\n<p><a href=\"https:\/\/agora.xtec.cat\/iesmarti-i-pol\/wp-content\/uploads\/usu1292\/2026\/04\/Captura-de-pantalla-de-2026-04-07-17-16-13.png\"><img loading=\"lazy\" decoding=\"async\" class=\" wp-image-29265 alignleft\" src=\"https:\/\/agora.xtec.cat\/iesmarti-i-pol\/wp-content\/uploads\/usu1292\/2026\/04\/Captura-de-pantalla-de-2026-04-07-17-16-13.png\" alt=\"\" width=\"1272\" height=\"742\" srcset=\"https:\/\/agora.xtec.cat\/iesmarti-i-pol\/wp-content\/uploads\/usu1292\/2026\/04\/Captura-de-pantalla-de-2026-04-07-17-16-13.png 881w, https:\/\/agora.xtec.cat\/iesmarti-i-pol\/wp-content\/uploads\/usu1292\/2026\/04\/Captura-de-pantalla-de-2026-04-07-17-16-13-300x175.png 300w, https:\/\/agora.xtec.cat\/iesmarti-i-pol\/wp-content\/uploads\/usu1292\/2026\/04\/Captura-de-pantalla-de-2026-04-07-17-16-13-768x448.png 768w\" sizes=\"auto, (max-width: 1272px) 100vw, 1272px\" \/><\/a><\/p>\n<p>&nbsp;<\/p>\n<p>&nbsp;<\/p>\n<p>&nbsp;<\/p>\n<p>&nbsp;<\/p>\n<p>&nbsp;<\/p>\n<p>&nbsp;<\/p>\n<p>&nbsp;<\/p>\n<p>&nbsp;<\/p>\n<p>&nbsp;<\/p>\n<p>&nbsp;<\/p>\n<p>&nbsp;<\/p>\n<p>&nbsp;<\/p>\n<p>&nbsp;<\/p>\n<p>&nbsp;<\/p>\n<p>&nbsp;<\/p>\n<p>&nbsp;<\/p>\n<p>&nbsp;<\/p>\n<p><strong>CURRICULUM 2n BATXILLERAT<\/strong><\/p>\n<div style=\"width: 100%; height: 0; padding-bottom: 75%; position: relative;\"><a href=\"https:\/\/agora.xtec.cat\/iesmarti-i-pol\/wp-content\/uploads\/usu1292\/2026\/04\/Captura-de-pantalla-de-2026-04-07-17-18-56.png\"><img loading=\"lazy\" decoding=\"async\" class=\" wp-image-29266 alignleft\" src=\"https:\/\/agora.xtec.cat\/iesmarti-i-pol\/wp-content\/uploads\/usu1292\/2026\/04\/Captura-de-pantalla-de-2026-04-07-17-18-56.png\" alt=\"\" width=\"1287\" height=\"751\" srcset=\"https:\/\/agora.xtec.cat\/iesmarti-i-pol\/wp-content\/uploads\/usu1292\/2026\/04\/Captura-de-pantalla-de-2026-04-07-17-18-56.png 881w, https:\/\/agora.xtec.cat\/iesmarti-i-pol\/wp-content\/uploads\/usu1292\/2026\/04\/Captura-de-pantalla-de-2026-04-07-17-18-56-300x175.png 300w, https:\/\/agora.xtec.cat\/iesmarti-i-pol\/wp-content\/uploads\/usu1292\/2026\/04\/Captura-de-pantalla-de-2026-04-07-17-18-56-768x448.png 768w\" sizes=\"auto, (max-width: 1287px) 100vw, 1287px\" \/><\/a><\/div>\n","protected":false},"excerpt":{"rendered":"<p>Documents de centre (Aqu\u00ed hi trobareu m\u00e9s informaci\u00f3) Presentaci\u00f3 mat\u00e8ries i criteris avaluaci\u00f3. Fulls d&#8217;inici de curs Podeu veure el Batxillerat\u00a0 curs 26\/27 amb la seg\u00fcent presentaci\u00f3. L&#8217;alumnat pot sol\u00b7licitar un canvi de mat\u00e8ries o b\u00e9 de modalitat fins al 12 d&#8217;octubre. El fet d&#8217;acceptar el canvi ve determinat per la pr\u00f2pia\u00a0 organitzaci\u00f3 del centre [&hellip;]<\/p>\n","protected":false},"author":1,"featured_media":0,"parent":23665,"menu_order":2,"comment_status":"closed","ping_status":"closed","template":"","meta":{"_bbp_topic_count":0,"_bbp_reply_count":0,"_bbp_total_topic_count":0,"_bbp_total_reply_count":0,"_bbp_voice_count":0,"_bbp_anonymous_reply_count":0,"_bbp_topic_count_hidden":0,"_bbp_reply_count_hidden":0,"_bbp_forum_subforum_count":0,"site-sidebar-layout":"default","site-content-layout":"","ast-site-content-layout":"default","site-content-style":"default","site-sidebar-style":"default","ast-global-header-display":"","ast-banner-title-visibility":"","ast-main-header-display":"","ast-hfb-above-header-display":"","ast-hfb-below-header-display":"","ast-hfb-mobile-header-display":"","site-post-title":"","ast-breadcrumbs-content":"","ast-featured-img":"","footer-sml-layout":"","theme-transparent-header-meta":"default","adv-header-id-meta":"","stick-header-meta":"","header-above-stick-meta":"","header-main-stick-meta":"","header-below-stick-meta":"","astra-migrate-meta-layouts":"set","ast-page-background-enabled":"default","ast-page-background-meta":{"desktop":{"background-color":"var(--ast-global-color-4)","background-image":"","background-repeat":"repeat","background-position":"center center","background-size":"auto","background-attachment":"scroll","background-type":"","background-media":"","overlay-type":"","overlay-color":"","overlay-opacity":"","overlay-gradient":""},"tablet":{"background-color":"","background-image":"","background-repeat":"repeat","background-position":"center center","background-size":"auto","background-attachment":"scroll","background-type":"","background-media":"","overlay-type":"","overlay-color":"","overlay-opacity":"","overlay-gradient":""},"mobile":{"background-color":"","background-image":"","background-repeat":"repeat","background-position":"center center","background-size":"auto","background-attachment":"scroll","background-type":"","background-media":"","overlay-type":"","overlay-color":"","overlay-opacity":"","overlay-gradient":""}},"ast-content-background-meta":{"desktop":{"background-color":"var(--ast-global-color-5)","background-image":"","background-repeat":"repeat","background-position":"center center","background-size":"auto","background-attachment":"scroll","background-type":"","background-media":"","overlay-type":"","overlay-color":"","overlay-opacity":"","overlay-gradient":""},"tablet":{"background-color":"var(--ast-global-color-5)","background-image":"","background-repeat":"repeat","background-position":"center center","background-size":"auto","background-attachment":"scroll","background-type":"","background-media":"","overlay-type":"","overlay-color":"","overlay-opacity":"","overlay-gradient":""},"mobile":{"background-color":"var(--ast-global-color-5)","background-image":"","background-repeat":"repeat","background-position":"center center","background-size":"auto","background-attachment":"scroll","background-type":"","background-media":"","overlay-type":"","overlay-color":"","overlay-opacity":"","overlay-gradient":""}},"footnotes":""},"class_list":["post-3060","page","type-page","status-publish","hentry"],"post_mailing_queue_ids":[],"_links":{"self":[{"href":"https:\/\/agora.xtec.cat\/iesmarti-i-pol\/wp-json\/wp\/v2\/pages\/3060","targetHints":{"allow":["GET"]}}],"collection":[{"href":"https:\/\/agora.xtec.cat\/iesmarti-i-pol\/wp-json\/wp\/v2\/pages"}],"about":[{"href":"https:\/\/agora.xtec.cat\/iesmarti-i-pol\/wp-json\/wp\/v2\/types\/page"}],"author":[{"embeddable":true,"href":"https:\/\/agora.xtec.cat\/iesmarti-i-pol\/wp-json\/wp\/v2\/users\/1"}],"replies":[{"embeddable":true,"href":"https:\/\/agora.xtec.cat\/iesmarti-i-pol\/wp-json\/wp\/v2\/comments?post=3060"}],"version-history":[{"count":8,"href":"https:\/\/agora.xtec.cat\/iesmarti-i-pol\/wp-json\/wp\/v2\/pages\/3060\/revisions"}],"predecessor-version":[{"id":29268,"href":"https:\/\/agora.xtec.cat\/iesmarti-i-pol\/wp-json\/wp\/v2\/pages\/3060\/revisions\/29268"}],"up":[{"embeddable":true,"href":"https:\/\/agora.xtec.cat\/iesmarti-i-pol\/wp-json\/wp\/v2\/pages\/23665"}],"wp:attachment":[{"href":"https:\/\/agora.xtec.cat\/iesmarti-i-pol\/wp-json\/wp\/v2\/media?parent=3060"}],"curies":[{"name":"wp","href":"https:\/\/api.w.org\/{rel}","templated":true}]}}