{"id":3047,"date":"2016-07-04T10:19:19","date_gmt":"2016-07-04T09:19:19","guid":{"rendered":"http:\/\/agora.xtec.cat\/iesmarti-i-pol\/?page_id=3047"},"modified":"2023-02-11T08:18:22","modified_gmt":"2023-02-11T07:18:22","slug":"pfi-fiap","status":"publish","type":"page","link":"https:\/\/agora.xtec.cat\/iesmarti-i-pol\/estudis\/pfi-fiap\/","title":{"rendered":"PFI"},"content":{"rendered":"<p style=\"text-align: justify;\"><strong><span style=\"color: #3366ff;\">Programes de Formaci\u00f3 i Inserci\u00f3<\/span><\/strong> &#8211; <strong><span style=\"color: #800000;\">PFI<\/span><\/strong><\/p>\n<p style=\"text-align: justify;\"><span style=\"color: #3366ff;\">AUXILIAR EN TREBALLS DE FUSTERIA I INSTAL\u00b7LACIONS DE MOBLES<\/span><\/p>\n<p style=\"text-align: justify;\">Els programes de formaci\u00f3 i inserci\u00f3 (<strong>PFI<\/strong>) s\u00f3n el primer nivell de qualificaci\u00f3 dins dels estudis de formaci\u00f3 professional i s&#8217;adscriuen a diferents fam\u00edlies professionals.<\/p>\n<p style=\"text-align: justify;\">Per cursar un <span style=\"color: #800000;\">Programa de Formaci\u00f3 i Inserci\u00f3<\/span> cal complir, com a m\u00ednim, 16 anys i, com a m\u00e0xim 21, durant l&#8217;any que es presenta la sol\u00b7licitud i no haver obtingut el t\u00edtol de graduat en educaci\u00f3 secund\u00e0ria obligat\u00f2ria o equivalent a efectes acad\u00e8mics. Aquests programes s&#8217;adrecen a <strong><span style=\"color: #800000;\">nois i noies<\/span><\/strong> que volen:<br \/>\n<span style=\"color: #800000;\">&#8211; Iniciar-se en una professi\u00f3<\/span><br \/>\n<span style=\"color: #800000;\"> &#8211; Treballar en aquest \u00e0mbit professional<\/span><br \/>\n<span style=\"color: #800000;\"> &#8211; Seguir estudiant qualsevol especialitat en cicles de grau mitj\u00e0<\/span><\/p>\n<p style=\"text-align: justify;\">Tenen l&#8217;objectiu de proporcionar al\/la jove que hi participa un conjunt de compet\u00e8ncies personals i professionals que li han de <strong><span style=\"color: #800000;\">facilitar la seva incorporaci\u00f3 al m\u00f3n laboral i el desenvolupament correcte de les tasques que li corresponen pel seu nivell<\/span><\/strong>. Per aix\u00f2 es duu a terme formaci\u00f3 professional de primer nivell de qualificaci\u00f3.<\/p>\n<p style=\"text-align: left;\">Els cursos tenen una durada de <strong>1000<\/strong> hores de setembre a juny,<br \/>\n&#8211; <strong>485<\/strong> de formaci\u00f3 te\u00f3rico-pr\u00e0ctica en els tallers del centre.<br \/>\n&#8211; <strong>335<\/strong> de formaci\u00f3 b\u00e0sica (lleng\u00fces, matem\u00e0tiques i orientaci\u00f3 laboral).<br \/>\n&#8211; <strong>180<\/strong> hores de pr\u00e0ctiques en empresa<\/p>\n<p style=\"text-align: justify;\"><span style=\"color: #3366ff;\"><strong>Horari de l\u2019alumnat<\/strong><\/span><\/p>\n<p style=\"text-align: justify;\">L\u2019horari de formaci\u00f3 ser\u00e0, amb car\u00e0cter general, de 30 hores a la setmana,<br \/>\ndistribu\u00efdes de la manera seg\u00fcent:<br \/>\na) <strong><span style=\"color: #800000;\">M\u00f2duls de formaci\u00f3 professional<\/span><\/strong>: Formaci\u00f3 professional teoricopr\u00e0ctica i pr\u00e0ctiques en empreses quan pertoqui (21 hores).<br \/>\nb) <span style=\"color: #800000;\"><strong>M\u00f2duls de formaci\u00f3 general<\/strong><\/span>: Formaci\u00f3 b\u00e0sica i laboral (9 hores).<br \/>\nc) <span style=\"color: #800000;\"><strong>Accions de seguiment i orientaci\u00f3 de l&#8217;alumne<\/strong><\/span>.<\/p>\n<p style=\"text-align: justify;\"><strong><span style=\"color: #3366ff;\">Formaci\u00f3 pr\u00e0ctica en Centres de Treball (FCT)<\/span><\/strong><\/p>\n<p style=\"text-align: justify;\">Aquesta formaci\u00f3 en centres de treball:<br \/>\n&#8211; Es realitza entre els mesos de mar\u00e7 i juny<br \/>\n&#8211; T\u00e9 l&#8217;objectiu de <strong>completar l&#8217;aprenentatge<\/strong> professional en un entorn real aix\u00ed com el coneixement del m\u00f3n laboral i dels h\u00e0bits i actituds necessaris per a desenvolupar una feina.<br \/>\n&#8211; No comporta retribuci\u00f3 econ\u00f2mica ni vinculaci\u00f3 laboral.<br \/>\n&#8211; Es signa un <strong>conveni<\/strong> entre l&#8217;institut i l&#8217;empresa que concreta la col\u2022laboraci\u00f3.<br \/>\n&#8211; Els joves estan coberts per una <strong>asseguran\u00e7a<\/strong> subscrita pel Departament d&#8217;Ensenyament i per l\u2019asseguran\u00e7a escolar.<br \/>\n&#8211; L&#8217;empresa t\u00e9 l&#8217;<strong>oportunitat<\/strong> de con\u00e8ixer el\/la jove. Cas de necessitar incorporar algun aprenent, t\u00e9 l\u2019opci\u00f3 de considerar les seves possibilitats i contractar-lo\/a.<\/p>\n<p style=\"text-align: justify;\">En l&#8217;especialitat de <span style=\"color: #800000;\"><strong>FUSTERIA<\/strong> <\/span>les tasques que els\/les joves han desenvolupat s\u00f3n:<br \/>\n&#8211; Preparaci\u00f3 d\u2019equips i mitjans d\u2019aplicaci\u00f3 de vernissos i laques en fusta i moble<br \/>\n&#8211; Condicionament de la superf\u00edcie i operacions d\u2019assecat en productes de fusteria i moble<br \/>\n&#8211; Aplicaci\u00f3 de productes superficials d\u2019acabat en fusteria i moble<br \/>\n&#8211; Ajust i embalatge de mobles i elements de fusteria<br \/>\n&#8211; Mecanitzat de fusta i derivats<br \/>\n&#8211; Muntatge i instal\u00b7laci\u00f3 d\u2019elements de fusteria i moble<\/p>\n","protected":false},"excerpt":{"rendered":"<p>Programes de Formaci\u00f3 i Inserci\u00f3 &#8211; PFI AUXILIAR EN TREBALLS DE FUSTERIA I INSTAL\u00b7LACIONS DE MOBLES Els programes de formaci\u00f3 i inserci\u00f3 (PFI) s\u00f3n el primer nivell de qualificaci\u00f3 dins dels estudis de formaci\u00f3 professional i s&#8217;adscriuen a diferents fam\u00edlies professionals. Per cursar un Programa de Formaci\u00f3 i Inserci\u00f3 cal complir, com a m\u00ednim, 16 [&hellip;]<\/p>\n","protected":false},"author":1,"featured_media":0,"parent":195,"menu_order":4,"comment_status":"closed","ping_status":"closed","template":"page-templates\/side-menu.php","meta":{"_bbp_topic_count":0,"_bbp_reply_count":0,"_bbp_total_topic_count":0,"_bbp_total_reply_count":0,"_bbp_voice_count":0,"_bbp_anonymous_reply_count":0,"_bbp_topic_count_hidden":0,"_bbp_reply_count_hidden":0,"_bbp_forum_subforum_count":0,"site-sidebar-layout":"default","site-content-layout":"","ast-site-content-layout":"","site-content-style":"default","site-sidebar-style":"default","ast-global-header-display":"","ast-banner-title-visibility":"","ast-main-header-display":"","ast-hfb-above-header-display":"","ast-hfb-below-header-display":"","ast-hfb-mobile-header-display":"","site-post-title":"","ast-breadcrumbs-content":"","ast-featured-img":"","footer-sml-layout":"","theme-transparent-header-meta":"","adv-header-id-meta":"","stick-header-meta":"","header-above-stick-meta":"","header-main-stick-meta":"","header-below-stick-meta":"","astra-migrate-meta-layouts":"default","ast-page-background-enabled":"default","ast-page-background-meta":{"desktop":{"background-color":"var(--ast-global-color-4)","background-image":"","background-repeat":"repeat","background-position":"center center","background-size":"auto","background-attachment":"scroll","background-type":"","background-media":"","overlay-type":"","overlay-color":"","overlay-opacity":"","overlay-gradient":""},"tablet":{"background-color":"","background-image":"","background-repeat":"repeat","background-position":"center center","background-size":"auto","background-attachment":"scroll","background-type":"","background-media":"","overlay-type":"","overlay-color":"","overlay-opacity":"","overlay-gradient":""},"mobile":{"background-color":"","background-image":"","background-repeat":"repeat","background-position":"center center","background-size":"auto","background-attachment":"scroll","background-type":"","background-media":"","overlay-type":"","overlay-color":"","overlay-opacity":"","overlay-gradient":""}},"ast-content-background-meta":{"desktop":{"background-color":"var(--ast-global-color-5)","background-image":"","background-repeat":"repeat","background-position":"center center","background-size":"auto","background-attachment":"scroll","background-type":"","background-media":"","overlay-type":"","overlay-color":"","overlay-opacity":"","overlay-gradient":""},"tablet":{"background-color":"var(--ast-global-color-5)","background-image":"","background-repeat":"repeat","background-position":"center center","background-size":"auto","background-attachment":"scroll","background-type":"","background-media":"","overlay-type":"","overlay-color":"","overlay-opacity":"","overlay-gradient":""},"mobile":{"background-color":"var(--ast-global-color-5)","background-image":"","background-repeat":"repeat","background-position":"center center","background-size":"auto","background-attachment":"scroll","background-type":"","background-media":"","overlay-type":"","overlay-color":"","overlay-opacity":"","overlay-gradient":""}},"footnotes":""},"class_list":["post-3047","page","type-page","status-publish","hentry"],"post_mailing_queue_ids":[],"_links":{"self":[{"href":"https:\/\/agora.xtec.cat\/iesmarti-i-pol\/wp-json\/wp\/v2\/pages\/3047","targetHints":{"allow":["GET"]}}],"collection":[{"href":"https:\/\/agora.xtec.cat\/iesmarti-i-pol\/wp-json\/wp\/v2\/pages"}],"about":[{"href":"https:\/\/agora.xtec.cat\/iesmarti-i-pol\/wp-json\/wp\/v2\/types\/page"}],"author":[{"embeddable":true,"href":"https:\/\/agora.xtec.cat\/iesmarti-i-pol\/wp-json\/wp\/v2\/users\/1"}],"replies":[{"embeddable":true,"href":"https:\/\/agora.xtec.cat\/iesmarti-i-pol\/wp-json\/wp\/v2\/comments?post=3047"}],"version-history":[{"count":3,"href":"https:\/\/agora.xtec.cat\/iesmarti-i-pol\/wp-json\/wp\/v2\/pages\/3047\/revisions"}],"predecessor-version":[{"id":23200,"href":"https:\/\/agora.xtec.cat\/iesmarti-i-pol\/wp-json\/wp\/v2\/pages\/3047\/revisions\/23200"}],"up":[{"embeddable":true,"href":"https:\/\/agora.xtec.cat\/iesmarti-i-pol\/wp-json\/wp\/v2\/pages\/195"}],"wp:attachment":[{"href":"https:\/\/agora.xtec.cat\/iesmarti-i-pol\/wp-json\/wp\/v2\/media?parent=3047"}],"curies":[{"name":"wp","href":"https:\/\/api.w.org\/{rel}","templated":true}]}}

<p style="text-align: justify;"><strong><span style="color: #3366ff;">Programes de Formació i Inserció</span></strong> &#8211; <strong><span style="color: #800000;">PFI</span></strong></p>
<p style="text-align: justify;"><span style="color: #3366ff;">AUXILIAR EN TREBALLS DE FUSTERIA I INSTAL·LACIONS DE MOBLES</span></p>
<p style="text-align: justify;">Els programes de formació i inserció (<strong>PFI</strong>) són el primer nivell de qualificació dins dels estudis de formació professional i s&#8217;adscriuen a diferents famílies professionals.</p>
<p style="text-align: justify;">Per cursar un <span style="color: #800000;">Programa de Formació i Inserció</span> cal complir, com a mínim, 16 anys i, com a màxim 21, durant l&#8217;any que es presenta la sol·licitud i no haver obtingut el títol de graduat en educació secundària obligatòria o equivalent a efectes acadèmics. Aquests programes s&#8217;adrecen a <strong><span style="color: #800000;">nois i noies</span></strong> que volen:<br />
<span style="color: #800000;">&#8211; Iniciar-se en una professió</span><br />
<span style="color: #800000;"> &#8211; Treballar en aquest àmbit professional</span><br />
<span style="color: #800000;"> &#8211; Seguir estudiant qualsevol especialitat en cicles de grau mitjà</span></p>
<p style="text-align: justify;">Tenen l&#8217;objectiu de proporcionar al/la jove que hi participa un conjunt de competències personals i professionals que li han de <strong><span style="color: #800000;">facilitar la seva incorporació al món laboral i el desenvolupament correcte de les tasques que li corresponen pel seu nivell</span></strong>. Per això es duu a terme formació professional de primer nivell de qualificació.</p>
<p style="text-align: left;">Els cursos tenen una durada de <strong>1000</strong> hores de setembre a juny,<br />
&#8211; <strong>485</strong> de formació teórico-pràctica en els tallers del centre.<br />
&#8211; <strong>335</strong> de formació bàsica (llengües, matemàtiques i orientació laboral).<br />
&#8211; <strong>180</strong> hores de pràctiques en empresa</p>
<p style="text-align: justify;"><span style="color: #3366ff;"><strong>Horari de l’alumnat</strong></span></p>
<p style="text-align: justify;">L’horari de formació serà, amb caràcter general, de 30 hores a la setmana,<br />
distribuïdes de la manera següent:<br />
a) <strong><span style="color: #800000;">Mòduls de formació professional</span></strong>: Formació professional teoricopràctica i pràctiques en empreses quan pertoqui (21 hores).<br />
b) <span style="color: #800000;"><strong>Mòduls de formació general</strong></span>: Formació bàsica i laboral (9 hores).<br />
c) <span style="color: #800000;"><strong>Accions de seguiment i orientació de l&#8217;alumne</strong></span>.</p>
<p style="text-align: justify;"><strong><span style="color: #3366ff;">Formació pràctica en Centres de Treball (FCT)</span></strong></p>
<p style="text-align: justify;">Aquesta formació en centres de treball:<br />
&#8211; Es realitza entre els mesos de març i juny<br />
&#8211; Té l&#8217;objectiu de <strong>completar l&#8217;aprenentatge</strong> professional en un entorn real així com el coneixement del món laboral i dels hàbits i actituds necessaris per a desenvolupar una feina.<br />
&#8211; No comporta retribució econòmica ni vinculació laboral.<br />
&#8211; Es signa un <strong>conveni</strong> entre l&#8217;institut i l&#8217;empresa que concreta la col•laboració.<br />
&#8211; Els joves estan coberts per una <strong>assegurança</strong> subscrita pel Departament d&#8217;Ensenyament i per l’assegurança escolar.<br />
&#8211; L&#8217;empresa té l&#8217;<strong>oportunitat</strong> de conèixer el/la jove. Cas de necessitar incorporar algun aprenent, té l’opció de considerar les seves possibilitats i contractar-lo/a.</p>
<p style="text-align: justify;">En l&#8217;especialitat de <span style="color: #800000;"><strong>FUSTERIA</strong> </span>les tasques que els/les joves han desenvolupat són:<br />
&#8211; Preparació d’equips i mitjans d’aplicació de vernissos i laques en fusta i moble<br />
&#8211; Condicionament de la superfície i operacions d’assecat en productes de fusteria i moble<br />
&#8211; Aplicació de productes superficials d’acabat en fusteria i moble<br />
&#8211; Ajust i embalatge de mobles i elements de fusteria<br />
&#8211; Mecanitzat de fusta i derivats<br />
&#8211; Muntatge i instal·lació d’elements de fusteria i moble</p>

<p>Programes de Formació i Inserció &#8211; PFI AUXILIAR EN TREBALLS DE FUSTERIA I INSTAL·LACIONS DE MOBLES Els programes de formació i inserció (PFI) són el primer nivell de qualificació dins dels estudis de formació professional i s&#8217;adscriuen a diferents famílies professionals. Per cursar un Programa de Formació i Inserció cal complir, com a mínim, 16 [&hellip;]</p>
