{"id":2903,"date":"2016-06-28T16:29:12","date_gmt":"2016-06-28T15:29:12","guid":{"rendered":"http:\/\/agora.xtec.cat\/iesmarti-i-pol\/?page_id=2903"},"modified":"2026-03-04T12:20:03","modified_gmt":"2026-03-04T11:20:03","slug":"informacio-general","status":"publish","type":"page","link":"https:\/\/agora.xtec.cat\/iesmarti-i-pol\/formacio-professional\/informacio-general\/","title":{"rendered":"Informaci\u00f3 general"},"content":{"rendered":"<p>&nbsp;<\/p>\n<ul>\n<li class=\"page_item page-item-2885\"><a title=\"Qu\u00e8 s\u00f3n els cicles\" href=\"http:\/\/agora.xtec.cat\/iesmarti-i-pol\/estudis\/cicles-formatius\/informacio-general-cicles-formatius\/\">Qu\u00e8 s\u00f3n els cicles<\/a><\/li>\n<li class=\"page_item page-item-2888\"><a title=\"Organitzaci\u00f3 dels cicles\" href=\"http:\/\/agora.xtec.cat\/iesmarti-i-pol\/estudis\/cicles-formatius\/organitzacio-dels-cicles-formatius\/\">Organitzaci\u00f3 dels cicles<\/a><\/li>\n<li class=\"page_item page-item-2896\"><a title=\"Objectius\" href=\"http:\/\/agora.xtec.cat\/iesmarti-i-pol\/estudis\/cicles-formatius\/objectius\/\">Objectius<\/a><\/li>\n<li class=\"page_item page-item-2899\"><a title=\"Pr\u00e0ctiques\" href=\"http:\/\/agora.xtec.cat\/iesmarti-i-pol\/estudis\/cicles-formatius\/practiques\/\">Pr\u00e0ctiques<\/a><\/li>\n<\/ul>\n<p>Torns on s&#8217;oferten del diferents estudis de Formaci\u00f3 Professional:<\/p>\n<table style=\"width: 49.8719%; border-color: #000000; border-style: solid;\" cellspacing=\"0\" cellpadding=\"5\">\n<tbody>\n<tr valign=\"top\">\n<td style=\"width: 20.5121%; border-style: solid; border-color: #000000;\" width=\"419\"><\/td>\n<td style=\"width: 4.19847%; border-style: solid; border-color: #000000;\" width=\"80\"><b>1<span style=\"font-size: 11.6667px;\">r<\/span>\u00a0curs<\/b><\/td>\n<td style=\"width: 1.27551%; border-style: solid; border-color: #000000;\" width=\"74\"><b>2n curs<\/b><\/td>\n<\/tr>\n<tr valign=\"top\">\n<td style=\"width: 20.5121%; border-style: solid; border-color: #000000;\" width=\"419\"><b>CFGM Cures Auxilixars d\u2019Infermeria<\/b><\/td>\n<td style=\"width: 4.19847%; border-style: solid; border-color: #000000;\" width=\"80\">Mat\u00ed o Tarda<\/td>\n<td style=\"width: 1.27551%; border-style: solid; border-color: #000000;\" width=\"74\"><\/td>\n<\/tr>\n<tr valign=\"top\">\n<td style=\"width: 20.5121%; border-color: #000000; border-style: solid;\" width=\"419\"><b>CFGM Instal\u00b7lacions El\u00e8ctriques i Autom\u00e0tiques<\/b><\/td>\n<td style=\"width: 4.19847%; border-color: #000000; border-style: solid;\" width=\"80\">Tarda<\/td>\n<td style=\"width: 1.27551%; border-color: #000000; border-style: solid;\" width=\"74\">Tarda<\/td>\n<\/tr>\n<tr valign=\"top\">\n<td style=\"width: 20.5121%; border-color: #000000; border-style: solid;\" width=\"419\"><b>CFGM Fusteria i Moble <\/b><\/td>\n<td style=\"width: 4.19847%; border-color: #000000; border-style: solid;\" width=\"80\">Mat\u00ed<\/td>\n<td style=\"width: 1.27551%; border-color: #000000; border-style: solid;\" width=\"74\">Tarda<\/td>\n<\/tr>\n<tr valign=\"top\">\n<td style=\"width: 20.5121%; border-color: #000000; border-style: solid;\" width=\"419\"><b>CFGM Farm\u00e0cia i Parafarm\u00e0cia<\/b><\/td>\n<td style=\"width: 4.19847%; border-color: #000000; border-style: solid;\" width=\"80\">Mat\u00ed<\/td>\n<td style=\"width: 1.27551%; border-color: #000000; border-style: solid;\" width=\"74\">Tarda<\/td>\n<\/tr>\n<tr>\n<td style=\"width: 25.9861%; border-color: #000000; border-style: solid;\" colspan=\"3\" valign=\"top\" width=\"593\"><\/td>\n<\/tr>\n<tr valign=\"top\">\n<td style=\"width: 20.5121%; border-color: #000000; border-style: solid;\" width=\"419\"><b>CFGS Disseny i Moblament<\/b><\/td>\n<td style=\"width: 4.19847%; border-color: #000000; border-style: solid;\" width=\"80\">Mat\u00ed<\/td>\n<td style=\"width: 1.27551%; border-color: #000000; border-style: solid;\" width=\"74\">Tarda<\/td>\n<\/tr>\n<tr valign=\"top\">\n<td style=\"width: 20.5121%; border-color: #000000; border-style: solid;\" width=\"419\"><b>CFGS Qu\u00edmica i Salut Ambiental <\/b><\/td>\n<td style=\"width: 4.19847%; border-color: #000000; border-style: solid;\" width=\"80\">Mat\u00ed<\/td>\n<td style=\"width: 1.27551%; border-color: #000000; border-style: solid;\" width=\"74\">Tarda<\/td>\n<\/tr>\n<tr valign=\"top\">\n<td style=\"width: 20.5121%; border-color: #000000; border-style: solid;\" width=\"419\"><b>CFGS Sistemes Electrot\u00e8cnics i Automatitzats<\/b><\/td>\n<td style=\"width: 4.19847%; border-color: #000000; border-style: solid;\" width=\"80\">Mat\u00ed<\/td>\n<td style=\"width: 1.27551%; border-color: #000000; border-style: solid;\" width=\"74\">Tarda<\/td>\n<\/tr>\n<tr valign=\"top\">\n<td style=\"width: 20.5121%; border-color: #000000; border-style: solid;\" width=\"419\"><b>CFGS Anatomia Patol\u00f2gica i Citodiagn\u00f2stic<\/b><\/td>\n<td style=\"width: 4.19847%; border-color: #000000; border-style: solid;\" width=\"80\">Mat\u00ed<\/td>\n<td style=\"width: 1.27551%; border-color: #000000; border-style: solid;\" width=\"74\">Tarda<\/td>\n<\/tr>\n<tr valign=\"top\">\n<td style=\"width: 20.5121%; border-color: #000000; border-style: solid;\" width=\"419\"><b>CFGS Laboratori Cl\u00ednic i Biom\u00e8dic<\/b><\/td>\n<td style=\"width: 4.19847%; border-color: #000000; border-style: solid;\" width=\"80\">Mat\u00ed<\/td>\n<td style=\"width: 1.27551%; border-color: #000000; border-style: solid;\" width=\"74\">Tarda<\/td>\n<\/tr>\n<\/tbody>\n<\/table>\n","protected":false},"excerpt":{"rendered":"<p>&nbsp; Qu\u00e8 s\u00f3n els cicles Organitzaci\u00f3 dels cicles Objectius Pr\u00e0ctiques Torns on s&#8217;oferten del diferents estudis de Formaci\u00f3 Professional: 1r\u00a0curs 2n curs CFGM Cures Auxilixars d\u2019Infermeria Mat\u00ed o Tarda CFGM Instal\u00b7lacions El\u00e8ctriques i Autom\u00e0tiques Tarda Tarda CFGM Fusteria i Moble Mat\u00ed Tarda CFGM Farm\u00e0cia i Parafarm\u00e0cia Mat\u00ed Tarda CFGS Disseny i Moblament Mat\u00ed Tarda CFGS [&hellip;]<\/p>\n","protected":false},"author":1,"featured_media":0,"parent":23601,"menu_order":1,"comment_status":"closed","ping_status":"closed","template":"","meta":{"_bbp_topic_count":0,"_bbp_reply_count":0,"_bbp_total_topic_count":0,"_bbp_total_reply_count":0,"_bbp_voice_count":0,"_bbp_anonymous_reply_count":0,"_bbp_topic_count_hidden":0,"_bbp_reply_count_hidden":0,"_bbp_forum_subforum_count":0,"site-sidebar-layout":"default","site-content-layout":"","ast-site-content-layout":"default","site-content-style":"default","site-sidebar-style":"default","ast-global-header-display":"","ast-banner-title-visibility":"","ast-main-header-display":"","ast-hfb-above-header-display":"","ast-hfb-below-header-display":"","ast-hfb-mobile-header-display":"","site-post-title":"","ast-breadcrumbs-content":"","ast-featured-img":"","footer-sml-layout":"","theme-transparent-header-meta":"default","adv-header-id-meta":"","stick-header-meta":"","header-above-stick-meta":"","header-main-stick-meta":"","header-below-stick-meta":"","astra-migrate-meta-layouts":"set","ast-page-background-enabled":"default","ast-page-background-meta":{"desktop":{"background-color":"var(--ast-global-color-4)","background-image":"","background-repeat":"repeat","background-position":"center center","background-size":"auto","background-attachment":"scroll","background-type":"","background-media":"","overlay-type":"","overlay-color":"","overlay-opacity":"","overlay-gradient":""},"tablet":{"background-color":"","background-image":"","background-repeat":"repeat","background-position":"center center","background-size":"auto","background-attachment":"scroll","background-type":"","background-media":"","overlay-type":"","overlay-color":"","overlay-opacity":"","overlay-gradient":""},"mobile":{"background-color":"","background-image":"","background-repeat":"repeat","background-position":"center center","background-size":"auto","background-attachment":"scroll","background-type":"","background-media":"","overlay-type":"","overlay-color":"","overlay-opacity":"","overlay-gradient":""}},"ast-content-background-meta":{"desktop":{"background-color":"var(--ast-global-color-5)","background-image":"","background-repeat":"repeat","background-position":"center center","background-size":"auto","background-attachment":"scroll","background-type":"","background-media":"","overlay-type":"","overlay-color":"","overlay-opacity":"","overlay-gradient":""},"tablet":{"background-color":"var(--ast-global-color-5)","background-image":"","background-repeat":"repeat","background-position":"center center","background-size":"auto","background-attachment":"scroll","background-type":"","background-media":"","overlay-type":"","overlay-color":"","overlay-opacity":"","overlay-gradient":""},"mobile":{"background-color":"var(--ast-global-color-5)","background-image":"","background-repeat":"repeat","background-position":"center center","background-size":"auto","background-attachment":"scroll","background-type":"","background-media":"","overlay-type":"","overlay-color":"","overlay-opacity":"","overlay-gradient":""}},"footnotes":""},"class_list":["post-2903","page","type-page","status-publish","hentry"],"post_mailing_queue_ids":[],"_links":{"self":[{"href":"https:\/\/agora.xtec.cat\/iesmarti-i-pol\/wp-json\/wp\/v2\/pages\/2903","targetHints":{"allow":["GET"]}}],"collection":[{"href":"https:\/\/agora.xtec.cat\/iesmarti-i-pol\/wp-json\/wp\/v2\/pages"}],"about":[{"href":"https:\/\/agora.xtec.cat\/iesmarti-i-pol\/wp-json\/wp\/v2\/types\/page"}],"author":[{"embeddable":true,"href":"https:\/\/agora.xtec.cat\/iesmarti-i-pol\/wp-json\/wp\/v2\/users\/1"}],"replies":[{"embeddable":true,"href":"https:\/\/agora.xtec.cat\/iesmarti-i-pol\/wp-json\/wp\/v2\/comments?post=2903"}],"version-history":[{"count":6,"href":"https:\/\/agora.xtec.cat\/iesmarti-i-pol\/wp-json\/wp\/v2\/pages\/2903\/revisions"}],"predecessor-version":[{"id":29018,"href":"https:\/\/agora.xtec.cat\/iesmarti-i-pol\/wp-json\/wp\/v2\/pages\/2903\/revisions\/29018"}],"up":[{"embeddable":true,"href":"https:\/\/agora.xtec.cat\/iesmarti-i-pol\/wp-json\/wp\/v2\/pages\/23601"}],"wp:attachment":[{"href":"https:\/\/agora.xtec.cat\/iesmarti-i-pol\/wp-json\/wp\/v2\/media?parent=2903"}],"curies":[{"name":"wp","href":"https:\/\/api.w.org\/{rel}","templated":true}]}}