{"id":20997,"date":"2022-09-30T11:47:23","date_gmt":"2022-09-30T09:47:23","guid":{"rendered":"https:\/\/agora.xtec.cat\/iesmarti-i-pol\/?page_id=20997"},"modified":"2024-02-26T13:29:29","modified_gmt":"2024-02-26T12:29:29","slug":"proves-obtencio-de-titol","status":"publish","type":"page","link":"https:\/\/agora.xtec.cat\/iesmarti-i-pol\/proves-obtencio-de-titol\/","title":{"rendered":"PROVES OBTENCI\u00d3 DE T\u00cdTOL CAI curs 2023-24"},"content":{"rendered":"<ul>\n<li style=\"font-weight: 400;\" aria-level=\"1\"><b>Caracter\u00edstiques i criteris de superaci\u00f3 dels diferents cr\u00e8dits<\/b><span style=\"font-weight: 400;\"> (02\/10\/23): <a href=\"https:\/\/educacio.gencat.cat\/ca\/serveis-tramits\/proves\/proves-lliures-obtencio-titols\/obtencio-titols-fp\/continguts-proves\/\">document<\/a><\/span><\/li>\n<li style=\"font-weight: 400;\" aria-level=\"1\"><b>Calendari proves<\/b><span style=\"font-weight: 400;\">:<\/span>\n<ul>\n<li style=\"font-weight: 400;\" aria-level=\"2\"><span style=\"font-weight: 400;\">Inscripci\u00f3 telem\u00e0tica a les proves: del 9 al 19 d\u2019octubre de 2023 (cal llegir b\u00e9 tota la informaci\u00f3). <a href=\"https:\/\/educacio.gencat.cat\/ca\/tramits\/tramits-temes\/Proves-per-obtenir-titols-de-formacio-professional?moda=1\">Formulari d\u2019inscripci\u00f3<\/a><\/span><\/li>\n<\/ul>\n<\/li>\n<li style=\"font-weight: 400;\" aria-level=\"1\"><b>Presentaci\u00f3 de documentaci\u00f3 per convalidacions o exempcions <\/b><span style=\"font-weight: 400;\">de cr\u00e8dits ja aprovats: del 9 al 20 d\u2019octubre de 2023. Cal fer arribar al centre on es fan les proves (en horari de registre) la <\/span><b>documentaci\u00f3 justificativa<\/b><span style=\"font-weight: 400;\"> acompanyada del <a href=\"https:\/\/documents.espai.educacio.gencat.cat\/FormularisModels\/CentresDocumentacioAcademica\/A178.pdf\">formulari de sol\u00b7licitud d&#8217;exempci\u00f3<\/a>.<\/span>\n<ul>\n<li style=\"font-weight: 400;\" aria-level=\"2\"><span style=\"font-weight: 400;\">Horari de registre de secretaria de l\u2019Institut Miquel Mart\u00ed i Pol:<\/span>\n<ul>\n<li style=\"font-weight: 400;\" aria-level=\"3\"><span style=\"font-weight: 400;\">Matins: de dilluns a divendres de 10 a 13h<\/span><\/li>\n<li style=\"font-weight: 400;\" aria-level=\"3\"><span style=\"font-weight: 400;\">Tardes: dilluns, dimecres i dijous de 16 a 17,30h<\/span><\/li>\n<\/ul>\n<\/li>\n<\/ul>\n<\/li>\n<li>Per consultes <strong>que no siguin de caire administratiu<\/strong>, podeu contactar amb la presidenta de la comissi\u00f3 avaluadora amb aquest correu: <a href=\"mailto:pot@mmpol.cat\" target=\"_blank\" rel=\"noopener\">pot@mmpol.cat<\/a><b><\/b><\/li>\n<li><b>Consulta de la llista provisional d\u2019admesos i exclosos<\/b><span style=\"font-weight: 400;\">, amb indicaci\u00f3 dels motius d\u2019exclusi\u00f3 i de les convalidacions atorgades: <\/span><b>a partir del 23 de novembre de 2023. <\/b><span style=\"font-weight: 400;\">Aquesta informaci\u00f3, es pot consultar des de la p\u00e0gina web del Departament d\u2019Educaci\u00f3, utilitzant el n\u00famero de document d\u2019identificaci\u00f3 personal (DNI, NIE o passaport) i el n\u00famero o codi de sol\u00b7licitud que consten al resguard de la inscripci\u00f3.<\/span><span style=\"font-weight: 400;\"><br \/>\n<\/span><a href=\"https:\/\/educacio.gencat.cat\/ca\/serveis-tramits\/proves\/proves-lliures-obtencio-titols\/obtencio-titols-fp\/\"><span style=\"font-weight: 400;\">https:\/\/educacio.gencat.cat\/ca\/serveis-tramits\/proves\/proves-lliures-obtencio-titols\/obtencio-titols-fp\/<\/span><\/a><b><\/b><\/li>\n<li><b>Reclamacions a la llista provisional de persones admeses i excloses. <\/b><span style=\"font-weight: 400;\">Les persones aspirants poden presentar, <\/span><b>des del 24 de novembre\u00a0 al 14 de desembre 2023\u00a0 en l\u2019horari de registre del centre <\/b><span style=\"font-weight: 400;\">on es realitzen les proves, les reclamacions i documentaci\u00f3 que considerin oportunes. <\/span><b>Fora d\u2019aquest termini no s\u2019admetr\u00e0 cap tipus de documentaci\u00f3.<\/b><\/li>\n<\/ul>\n<ul>\n<li style=\"list-style-type: none;\"><\/li>\n<\/ul>\n<ul>\n<li aria-level=\"1\"><b>Publicaci\u00f3 de la llista definitiva de persones admeses i excloses:<\/b><span style=\"font-weight: 400;\"> \u00a0<\/span>La consulta\u00a0<strong style=\"font-family: inherit; font-size: 1em;\">personalitzada\u00a0<\/strong><span style=\"font-family: inherit; font-size: 1em;\">est\u00e0 accessible als interessats i a les interessades a la p\u00e0gina web de les Proves (dins de Consulta de resultats), utilitzant el corresponent n\u00famero d\u2019identificaci\u00f3 personal (DNI, NIE o passaport) i el n\u00famero de la sol\u00b7licitud d\u2019inscripci\u00f3: <\/span><a style=\"font-family: inherit; font-size: 1em;\" href=\"https:\/\/educacio.gencat.cat\/ca\/serveis-tramits\/proves\/proves-lliures-obtencio-titols\/obtencio-titols-fp\/consulta-resultats\/\" data-saferedirecturl=\"https:\/\/www.google.com\/url?q=https:\/\/educacio.gencat.cat\/ca\/serveis-tramits\/proves\/proves-lliures-obtencio-titols\/obtencio-titols-fp\/consulta-resultats\/&amp;source=gmail&amp;ust=1701354486125000&amp;usg=AOvVaw1LNhOR58_jURiHajT0usD-\">https:\/\/educacio.gencat.cat\/ca\/serveis-tramits\/proves\/proves-lliures-obtencio-titols\/obtencio-titols-fp\/consulta-resultats\/<\/a><\/li>\n<li style=\"font-weight: 400;\" aria-level=\"1\"><b>Calendari de les proves<\/b><span style=\"font-weight: 400;\">:<\/span>\n<ul>\n<li style=\"font-weight: 400;\" aria-level=\"2\"><span style=\"font-weight: 400;\">T\u00e8cniques<\/span><span style=\"font-weight: 400;\">: del 15 al 23 de gener de 2024 <a href=\"https:\/\/educacio.gencat.cat\/web\/.content\/home\/serveis-tramits\/proves\/proves-lliures-obtencio-titols\/obtencio-titols-fp\/calendari\/tec-cures-infermeria.pdf\">https:\/\/educacio.gencat.cat\/web\/.content\/home\/serveis-tramits\/proves\/proves-lliures-obtencio-titols\/obtencio-titols-fp\/calendari\/tec-cures-infermeria.pdf<\/a><\/span><\/li>\n<li aria-level=\"2\"><span style=\"font-weight: 400;\">\u00daniques<\/span><span style=\"font-weight: 400;\">: del 15 de gener de 2022 al 23 de febrer de 2024\u00a0 <a href=\"https:\/\/educacio.gencat.cat\/web\/.content\/home\/serveis-tramits\/proves\/proves-lliures-obtencio-titols\/obtencio-titols-fp\/calendari\/uniq-cures-infermeria.pdf\">https:\/\/educacio.gencat.cat\/web\/.content\/home\/serveis-tramits\/proves\/proves-lliures-obtencio-titols\/obtencio-titols-fp\/calendari\/uniq-cures-infermeria.pdf<\/a><\/span><\/li>\n<li style=\"font-weight: 400;\" aria-level=\"2\"><span style=\"font-weight: 400;\">Pr\u00e0ctiques<\/span><span style=\"font-weight: 400;\">: del 9 al 23 de febrer de 2024 <a href=\"https:\/\/educacio.gencat.cat\/web\/.content\/home\/serveis-tramits\/proves\/proves-lliures-obtencio-titols\/obtencio-titols-fp\/calendari\/prac-cures-infermeria.pdf\">https:\/\/educacio.gencat.cat\/web\/.content\/home\/serveis-tramits\/proves\/proves-lliures-obtencio-titols\/obtencio-titols-fp\/calendari\/prac-cures-infermeria.pdf<\/a><\/span><\/li>\n<\/ul>\n<\/li>\n<li><strong>Informaci\u00f3 important:<\/strong>\n<ul>\n<li>El dia de l&#8217;examen heu d&#8217;estar a l&#8217;aula 2.6 de l&#8217;institut Miquel Mart\u00ed i Pol.<\/li>\n<li>Preguem puntualitat. 15 minuts despr\u00e9s de l&#8217;hora tancarem l&#8217;aula i no estar\u00e0 perm\u00e8s entrar a l&#8217;examen.<\/li>\n<li>Heu de portar el mateix document identificatiu (DNI, passaport o NIE) que vau utilitzar per matricular-vos a les proves. Sense aquest document no podreu entrar a fer l&#8217;examen.<\/li>\n<li>Si necessiteu justificants d&#8217;assist\u00e8ncia per la feina, us els tramitarem durant l&#8217;examen i us els imprimirem abans que marxeu.<\/li>\n<\/ul>\n<\/li>\n<li style=\"font-weight: 400;\" aria-level=\"1\"><span style=\"color: #000000;\"><strong>Notes provisionals proves t\u00e8cniques: C3, C4 i C6:\u00a0<\/strong><a style=\"color: #000000;\" href=\"https:\/\/educacio.gencat.cat\/ca\/serveis-tramits\/proves\/proves-lliures-obtencio-titols\/obtencio-titols-fp\/consulta-resultats\/\"> a partir del 30 de gener en la <span style=\"color: #99ccff;\">web d&#8217;ensenyament.<\/span><\/a><\/span><\/li>\n<li style=\"font-weight: 400;\" aria-level=\"2\"><b>Consulta ex\u00e0mens proves t\u00e8cniques (C3, C4 i C6): <\/b>1 de febrer de 15.30 a 16:30 a l&#8217;aula 2.6.<\/li>\n<li style=\"font-weight: 400;\" aria-level=\"2\"><b>Per\u00edode de reclamacions proves t\u00e8cniques<\/b><span style=\"font-weight: 400;\"> (<\/span><b>C3, C4 i C6): <\/b>del 31\/1 al 2\/2.\n<ul>\n<li style=\"list-style-type: none;\">\n<ul>\n<li style=\"font-weight: 400;\" aria-level=\"2\">Cal fer la reclamaci\u00f3 per escrit a secretaria (segons el seu horari de registre). Cal indicar per qu\u00e8 es demana la revisi\u00f3 i al\u00b7legar els motius que es creguin convenients.<\/li>\n<\/ul>\n<\/li>\n<\/ul>\n<\/li>\n<li style=\"font-weight: 400;\" aria-level=\"1\"><span style=\"color: #000000;\"><span style=\"color: #000000;\"><b>Publicaci\u00f3 qualificacions\u00a0 definitives proves t\u00e8cniques C3, C4 i C6 : <\/b>a partir del dia 8 de febrer<\/span><span style=\"color: #00ccff;\"><a style=\"color: #000000;\" href=\"https:\/\/educacio.gencat.cat\/ca\/serveis-tramits\/proves\/proves-lliures-obtencio-titols\/obtencio-titols-fp\/consulta-resultats\/\">\u00a0en la <span style=\"color: #99ccff;\">web d&#8217;ensenyament.<\/span><\/a><\/span><\/span><\/li>\n<li aria-level=\"1\"><strong>La realitzaci\u00f3 de les proves pr\u00e0ctiques dels Cr\u00e8dits C3, C4 i C6<\/strong> : es realitzaran a l&#8217;aula: <strong>Taller 1 CAI<\/strong>, que es troba en la zona de cicles de\u00a0 Sanitat del nostre institut. Recordeu que heu de portar el DNI. No cal cap altre material.<\/li>\n<li aria-level=\"1\"><span style=\"color: #000000;\"><b>Publicaci\u00f3 qualificacions provisionals de les proves \u00faniques i pr\u00e0ctiques:<\/b> a partir del 29 de febrer <span style=\"color: #00ccff;\"><a style=\"color: #000000;\" href=\"https:\/\/educacio.gencat.cat\/ca\/serveis-tramits\/proves\/proves-lliures-obtencio-titols\/obtencio-titols-fp\/consulta-resultats\/\">en la <strong><span style=\"color: #0000ff;\">web d&#8217;ensenyament.<\/span><\/strong><\/a><\/span><\/span><\/li>\n<li><strong>Data de revisi\u00f3 dels ex\u00e0mens<\/strong><b> d<span style=\"color: #000000;\">e les proves \u00faniques i pr\u00e0ctiques:<\/span><\/b><span style=\"color: #000000;\"> 4 de mar\u00e7 a les 15:30. A l&#8217;aula 2.6.<\/span><\/li>\n<li aria-level=\"1\"><strong>Per\u00edode de reclamacions<\/strong><b> <span style=\"color: #000000;\">de les proves \u00faniques i pr\u00e0ctiques:<\/span><\/b><span style=\"color: #000000;\"> del 1 de mar\u00e7 al 5 de mar\u00e7.<\/span>\n<ul>\n<li aria-level=\"1\">Cal fer la reclamaci\u00f3 per escrit a secretaria (segons el seu horari de registre). Cal indicar per qu\u00e8 es demana la revisi\u00f3 i al\u00b7legar els motius que es creguin convenients.<\/li>\n<\/ul>\n<\/li>\n<li aria-level=\"1\"><span style=\"color: #000000;\"><b>Publicaci\u00f3 qualificacions definitives proves \u00faniques i pr\u00e0ctiques:<\/b> a partir de l&#8217;11 de mar\u00e7 en la<strong><span style=\"color: #0000ff;\"> <a style=\"color: #0000ff;\" href=\"https:\/\/educacio.gencat.cat\/ca\/serveis-tramits\/proves\/proves-lliures-obtencio-titols\/obtencio-titols-fp\/consulta-resultats\/\">web d&#8217;ensenyament.<\/a><\/span><\/strong><\/span><\/li>\n<\/ul>\n","protected":false},"excerpt":{"rendered":"<p>Caracter\u00edstiques i criteris de superaci\u00f3 dels diferents cr\u00e8dits (02\/10\/23): document Calendari proves: Inscripci\u00f3 telem\u00e0tica a les proves: del 9 al 19 d\u2019octubre de 2023 (cal llegir b\u00e9 tota la informaci\u00f3). Formulari d\u2019inscripci\u00f3 Presentaci\u00f3 de documentaci\u00f3 per convalidacions o exempcions de cr\u00e8dits ja aprovats: del 9 al 20 d\u2019octubre de 2023. Cal fer arribar al centre [&hellip;]<\/p>\n","protected":false},"author":1,"featured_media":0,"parent":0,"menu_order":0,"comment_status":"closed","ping_status":"closed","template":"","meta":{"_bbp_topic_count":0,"_bbp_reply_count":0,"_bbp_total_topic_count":0,"_bbp_total_reply_count":0,"_bbp_voice_count":0,"_bbp_anonymous_reply_count":0,"_bbp_topic_count_hidden":0,"_bbp_reply_count_hidden":0,"_bbp_forum_subforum_count":0,"site-sidebar-layout":"default","site-content-layout":"","ast-site-content-layout":"","site-content-style":"default","site-sidebar-style":"default","ast-global-header-display":"","ast-banner-title-visibility":"","ast-main-header-display":"","ast-hfb-above-header-display":"","ast-hfb-below-header-display":"","ast-hfb-mobile-header-display":"","site-post-title":"","ast-breadcrumbs-content":"","ast-featured-img":"","footer-sml-layout":"","theme-transparent-header-meta":"","adv-header-id-meta":"","stick-header-meta":"","header-above-stick-meta":"","header-main-stick-meta":"","header-below-stick-meta":"","astra-migrate-meta-layouts":"default","ast-page-background-enabled":"default","ast-page-background-meta":{"desktop":{"background-color":"var(--ast-global-color-4)","background-image":"","background-repeat":"repeat","background-position":"center center","background-size":"auto","background-attachment":"scroll","background-type":"","background-media":"","overlay-type":"","overlay-color":"","overlay-opacity":"","overlay-gradient":""},"tablet":{"background-color":"","background-image":"","background-repeat":"repeat","background-position":"center center","background-size":"auto","background-attachment":"scroll","background-type":"","background-media":"","overlay-type":"","overlay-color":"","overlay-opacity":"","overlay-gradient":""},"mobile":{"background-color":"","background-image":"","background-repeat":"repeat","background-position":"center center","background-size":"auto","background-attachment":"scroll","background-type":"","background-media":"","overlay-type":"","overlay-color":"","overlay-opacity":"","overlay-gradient":""}},"ast-content-background-meta":{"desktop":{"background-color":"var(--ast-global-color-5)","background-image":"","background-repeat":"repeat","background-position":"center center","background-size":"auto","background-attachment":"scroll","background-type":"","background-media":"","overlay-type":"","overlay-color":"","overlay-opacity":"","overlay-gradient":""},"tablet":{"background-color":"var(--ast-global-color-5)","background-image":"","background-repeat":"repeat","background-position":"center center","background-size":"auto","background-attachment":"scroll","background-type":"","background-media":"","overlay-type":"","overlay-color":"","overlay-opacity":"","overlay-gradient":""},"mobile":{"background-color":"var(--ast-global-color-5)","background-image":"","background-repeat":"repeat","background-position":"center center","background-size":"auto","background-attachment":"scroll","background-type":"","background-media":"","overlay-type":"","overlay-color":"","overlay-opacity":"","overlay-gradient":""}},"footnotes":""},"class_list":["post-20997","page","type-page","status-publish","hentry"],"post_mailing_queue_ids":[],"_links":{"self":[{"href":"https:\/\/agora.xtec.cat\/iesmarti-i-pol\/wp-json\/wp\/v2\/pages\/20997","targetHints":{"allow":["GET"]}}],"collection":[{"href":"https:\/\/agora.xtec.cat\/iesmarti-i-pol\/wp-json\/wp\/v2\/pages"}],"about":[{"href":"https:\/\/agora.xtec.cat\/iesmarti-i-pol\/wp-json\/wp\/v2\/types\/page"}],"author":[{"embeddable":true,"href":"https:\/\/agora.xtec.cat\/iesmarti-i-pol\/wp-json\/wp\/v2\/users\/1"}],"replies":[{"embeddable":true,"href":"https:\/\/agora.xtec.cat\/iesmarti-i-pol\/wp-json\/wp\/v2\/comments?post=20997"}],"version-history":[{"count":8,"href":"https:\/\/agora.xtec.cat\/iesmarti-i-pol\/wp-json\/wp\/v2\/pages\/20997\/revisions"}],"predecessor-version":[{"id":25209,"href":"https:\/\/agora.xtec.cat\/iesmarti-i-pol\/wp-json\/wp\/v2\/pages\/20997\/revisions\/25209"}],"wp:attachment":[{"href":"https:\/\/agora.xtec.cat\/iesmarti-i-pol\/wp-json\/wp\/v2\/media?parent=20997"}],"curies":[{"name":"wp","href":"https:\/\/api.w.org\/{rel}","templated":true}]}}