{"id":15488,"date":"2020-03-09T16:25:58","date_gmt":"2020-03-09T15:25:58","guid":{"rendered":"http:\/\/agora.xtec.cat\/iesmarti-i-pol\/?page_id=15488"},"modified":"2025-07-15T20:51:04","modified_gmt":"2025-07-15T18:51:04","slug":"cfgs-quimica-i-salut-ambiental","status":"publish","type":"page","link":"https:\/\/agora.xtec.cat\/iesmarti-i-pol\/cfgs-quimica-i-salut-ambiental\/","title":{"rendered":"CFGS Qu\u00edmica i salut ambiental"},"content":{"rendered":"<p style=\"text-align: justify;\">Aquests estudis formen<em> t\u00e8cnics superiors en Qu\u00edmica i salut ambiental<\/em>, que adquireixen els coneixements i les habilitats per a vigilar i controlar els efectes sobre la salut dels factors de risc ambiental i alimentari, participar en la posada en marxa i el desenvolupament de sistemes de gesti\u00f3 ambiental i intervenir en programes d&#8217;educaci\u00f3 per a la salut p\u00fablica i comunit\u00e0ria sota la supervisi\u00f3, si escau, del superior responsable, d&#8217;acord amb els protocols establerts, respectant la normativa de refer\u00e8ncia en condicions de qualitat i seguretat.<\/p>\n<p><strong><span style=\"color: #3366ff;\">Distribuci\u00f3 de m\u00f2duls i unitats formatives a 1r curs (MAT\u00cd):<\/span><\/strong><\/p>\n<table dir=\"ltr\" style=\"height: 262px; width: 48.0619%; border-style: solid; border-color: #000000;\" border=\"1\" cellspacing=\"0\" cellpadding=\"0\" data-sheets-root=\"1\">\n<colgroup>\n<col width=\"325\" \/>\n<col width=\"100\" \/><\/colgroup>\n<tbody>\n<tr style=\"height: 10px;\">\n<td style=\"height: 10px; width: 80.6316%; border-style: solid; border-color: #000000;\">\n<h5><strong><span style=\"color: #993300;\">M\u00d2DULS<\/span><\/strong><\/h5>\n<\/td>\n<td style=\"height: 10px; width: 13.1823%; border-style: solid; border-color: #000000;\">\n<h5><strong><span style=\"color: #993300;\">HORES<\/span><\/strong><\/h5>\n<\/td>\n<\/tr>\n<tr style=\"height: 33px;\">\n<td style=\"height: 33px; width: 80.6316%; border-style: solid; border-color: #000000;\" data-sheets-value=\"{&quot;1&quot;:2,&quot;2&quot;:&quot;1546. Sistemes de Gesti\u00f3 Ambiental.&quot;}\">1546. Sistemes de Gesti\u00f3 Ambiental.<\/td>\n<td style=\"height: 33px; width: 13.1823%; border-style: solid; border-color: #000000;\" data-sheets-value=\"{&quot;1&quot;:3,&quot;3&quot;:66}\">66<\/td>\n<\/tr>\n<tr style=\"height: 17px;\">\n<td style=\"height: 17px; width: 80.6316%; border-style: solid; border-color: #000000;\" data-sheets-value=\"{&quot;1&quot;:2,&quot;2&quot;:&quot;1548. Control d'Aig\u00fces.&quot;}\">1548. Control d&#8217;Aig\u00fces.<\/td>\n<td style=\"height: 17px; width: 13.1823%; border-style: solid; border-color: #000000;\" data-sheets-value=\"{&quot;1&quot;:3,&quot;3&quot;:198}\">198<\/td>\n<\/tr>\n<tr style=\"height: 33px;\">\n<td style=\"height: 33px; width: 80.6316%; border-style: solid; border-color: #000000;\" data-sheets-value=\"{&quot;1&quot;:2,&quot;2&quot;:&quot;1552. Contaminaci\u00f3 Ambiental i Atmosf\u00e8rica.&quot;}\">1552. Contaminaci\u00f3 Ambiental i Atmosf\u00e8rica.<\/td>\n<td style=\"height: 33px; width: 13.1823%; border-style: solid; border-color: #000000;\" data-sheets-value=\"{&quot;1&quot;:3,&quot;3&quot;:99}\">99<\/td>\n<\/tr>\n<tr style=\"height: 33px;\">\n<td style=\"height: 33px; width: 80.6316%; border-style: solid; border-color: #000000;\" data-sheets-value=\"{&quot;1&quot;:2,&quot;2&quot;:&quot;1553. Control d'Organismes Nocius.&quot;}\">1553. Control d&#8217;Organismes Nocius.<\/td>\n<td style=\"height: 33px; width: 13.1823%; border-style: solid; border-color: #000000;\" data-sheets-value=\"{&quot;1&quot;:3,&quot;3&quot;:99}\">99<\/td>\n<\/tr>\n<tr style=\"height: 33px;\">\n<td style=\"height: 33px; width: 80.6316%; border-style: solid; border-color: #000000;\" data-sheets-value=\"{&quot;1&quot;:2,&quot;2&quot;:&quot;1554. Unitat de Salut Ambiental.&quot;}\">1554. Unitat de Salut Ambiental.<\/td>\n<td style=\"height: 33px; width: 13.1823%; border-style: solid; border-color: #000000;\" data-sheets-value=\"{&quot;1&quot;:3,&quot;3&quot;:99}\">99<\/td>\n<\/tr>\n<tr style=\"height: 12px;\">\n<td style=\"height: 12px; width: 80.6316%; border-style: solid; border-color: #000000;\" data-sheets-value=\"{&quot;1&quot;:2,&quot;2&quot;:&quot;0179. Angl\u00e8s professional.&quot;}\">0179. Angl\u00e8s professional.<\/td>\n<td style=\"height: 12px; width: 13.1823%; border-style: solid; border-color: #000000;\" data-sheets-value=\"{&quot;1&quot;:3,&quot;3&quot;:66}\">66<\/td>\n<\/tr>\n<tr style=\"height: 12px;\">\n<td style=\"height: 12px; width: 80.6316%; border-style: solid; border-color: #000000;\" data-sheets-value=\"{&quot;1&quot;:2,&quot;2&quot;:&quot;1665. Digitalitzaci\u00f3 aplicada als sectors productius.&quot;}\">1665. Digitalitzaci\u00f3 aplicada als sectors productius.<\/td>\n<td style=\"height: 12px; width: 13.1823%; border-style: solid; border-color: #000000;\" data-sheets-value=\"{&quot;1&quot;:3,&quot;3&quot;:33}\">33<\/td>\n<\/tr>\n<tr style=\"height: 13px;\">\n<td style=\"height: 13px; width: 80.6316%; border-style: solid; border-color: #000000;\" data-sheets-value=\"{&quot;1&quot;:2,&quot;2&quot;:&quot;1708. Sostenibilitat aplicada al sistema productiu.&quot;}\">1708. Sostenibilitat aplicada al sistema productiu.<\/td>\n<td style=\"height: 13px; width: 13.1823%; border-style: solid; border-color: #000000;\" data-sheets-value=\"{&quot;1&quot;:3,&quot;3&quot;:33}\">33<\/td>\n<\/tr>\n<tr style=\"height: 33px;\">\n<td style=\"height: 33px; width: 80.6316%; border-style: solid; border-color: #000000;\" data-sheets-value=\"{&quot;1&quot;:2,&quot;2&quot;:&quot;1709. Itinerari personal per a l'ocupabilitat I.&quot;}\">1709. Itinerari personal per a l&#8217;ocupabilitat I.<\/td>\n<td style=\"height: 33px; width: 13.1823%; border-style: solid; border-color: #000000;\" data-sheets-value=\"{&quot;1&quot;:3,&quot;3&quot;:99}\">99<\/td>\n<\/tr>\n<tr style=\"height: 33px;\">\n<td style=\"height: 33px; width: 80.6316%; border-style: solid; border-color: #000000;\" data-sheets-value=\"{&quot;1&quot;:2,&quot;2&quot;:&quot;MO1. Taxonomia d'organismes nocius&quot;}\">MPO1. Taxonomia d&#8217;organismes nocius<\/td>\n<td style=\"height: 33px; width: 13.1823%; border-style: solid; border-color: #000000;\" data-sheets-value=\"{&quot;1&quot;:3,&quot;3&quot;:66}\">66<\/td>\n<\/tr>\n<\/tbody>\n<\/table>\n<p><span style=\"color: #3366ff;\"><strong>Distribuci\u00f3 de m\u00f2duls i unitats formatives a 2n curs (TARDA):<\/strong><\/span><\/p>\n<table dir=\"ltr\" style=\"height: 274px; width: 48.0842%; border-style: solid; border-color: #000000;\" border=\"1\" cellspacing=\"0\" cellpadding=\"0\" data-sheets-root=\"1\">\n<colgroup>\n<col width=\"325\" \/>\n<col width=\"100\" \/><\/colgroup>\n<tbody>\n<tr style=\"height: 33px;\">\n<td style=\"height: 33px; width: 86.382%; border-style: solid; border-color: #000000;\">\n<h5><strong><span style=\"color: #993300;\">M\u00d2DULS<\/span><\/strong><\/h5>\n<\/td>\n<td style=\"height: 33px; width: 65.7371%; border-style: solid; border-color: #000000;\">\n<h5><strong><span style=\"color: #993300;\">HORES<\/span><\/strong><\/h5>\n<\/td>\n<\/tr>\n<tr style=\"height: 33px;\">\n<td style=\"height: 33px; width: 86.382%; border-style: solid; border-color: #000000;\" data-sheets-value=\"{&quot;1&quot;:2,&quot;2&quot;:&quot;1547. Educaci\u00f3 per a la Salut i el Medi Ambient.&quot;}\">1547. Educaci\u00f3 per a la Salut i el Medi Ambient.<\/td>\n<td style=\"height: 33px; width: 65.7371%; border-style: solid; border-color: #000000;\" data-sheets-value=\"{&quot;1&quot;:3,&quot;3&quot;:66}\">66<\/td>\n<\/tr>\n<tr style=\"height: 33px;\">\n<td style=\"height: 33px; width: 86.382%; border-style: solid; border-color: #000000;\" data-sheets-value=\"{&quot;1&quot;:2,&quot;2&quot;:&quot;1549. Control de Residus.&quot;}\">1549. Control de Residus.<\/td>\n<td style=\"height: 33px; width: 65.7371%; border-style: solid; border-color: #000000;\" data-sheets-value=\"{&quot;1&quot;:3,&quot;3&quot;:66}\">66<\/td>\n<\/tr>\n<tr style=\"height: 33px;\">\n<td style=\"height: 33px; width: 86.382%; border-style: solid; border-color: #000000;\" data-sheets-value=\"{&quot;1&quot;:2,&quot;2&quot;:&quot;1550. Salut i Riscos del medi Constru\u00eft.&quot;}\">1550. Salut i Riscos del medi Constru\u00eft.<\/td>\n<td style=\"height: 33px; width: 65.7371%; border-style: solid; border-color: #000000;\" data-sheets-value=\"{&quot;1&quot;:3,&quot;3&quot;:66}\">66<\/td>\n<\/tr>\n<tr style=\"height: 33px;\">\n<td style=\"height: 33px; width: 86.382%; border-style: solid; border-color: #000000;\" data-sheets-value=\"{&quot;1&quot;:2,&quot;2&quot;:&quot;1551. Control i Seguretat Aliment\u00e0ria.&quot;}\">1551. Control i Seguretat Aliment\u00e0ria.<\/td>\n<td style=\"height: 33px; width: 65.7371%; border-style: solid; border-color: #000000;\" data-sheets-value=\"{&quot;1&quot;:3,&quot;3&quot;:132}\">132<\/td>\n<\/tr>\n<tr style=\"height: 33px;\">\n<td style=\"height: 33px; width: 86.382%; border-style: solid; border-color: #000000;\" data-sheets-value=\"{&quot;1&quot;:2,&quot;2&quot;:&quot;1710. Itinerari personal per a l'ocupabilitat II&quot;}\">1710. Itinerari personal per a l&#8217;ocupabilitat II<\/td>\n<td style=\"height: 33px; width: 65.7371%; border-style: solid; border-color: #000000;\" data-sheets-value=\"{&quot;1&quot;:3,&quot;3&quot;:66}\">66<\/td>\n<\/tr>\n<tr style=\"height: 49px;\">\n<td style=\"height: 10px; width: 86.382%; border-style: solid; border-color: #000000;\" data-sheets-value=\"{&quot;1&quot;:2,&quot;2&quot;:&quot;1555. Projecte intermodular de Qu\u00edmica i Salut Ambiental.&quot;}\">1555. Projecte intermodular de Qu\u00edmica i Salut Ambiental.<\/td>\n<td style=\"height: 10px; width: 65.7371%; border-style: solid; border-color: #000000;\" data-sheets-value=\"{&quot;1&quot;:3,&quot;3&quot;:198}\">198<\/td>\n<\/tr>\n<tr style=\"height: 33px;\">\n<td style=\"height: 33px; width: 86.382%; border-style: solid; border-color: #000000;\" data-sheets-value=\"{&quot;1&quot;:2,&quot;2&quot;:&quot;M\u00f2dul professional optatiu 2&quot;}\">MPO 2 Operacions de laboratori qu\u00edmic<\/td>\n<td style=\"height: 33px; width: 65.7371%; border-style: solid; border-color: #000000;\" data-sheets-value=\"{&quot;1&quot;:3,&quot;3&quot;:33}\">33<\/td>\n<\/tr>\n<tr style=\"height: 33px;\">\n<td style=\"width: 86.382%; height: 33px; border-style: solid; border-color: #000000;\">Estada en empresa<\/td>\n<td style=\"width: 65.7371%; height: 33px; border-style: solid; border-color: #000000;\">515<\/td>\n<\/tr>\n<\/tbody>\n<\/table>\n<p>&nbsp;<\/p>\n<p>&nbsp;<\/p>\n","protected":false},"excerpt":{"rendered":"<p>Aquests estudis formen t\u00e8cnics superiors en Qu\u00edmica i salut ambiental, que adquireixen els coneixements i les habilitats per a vigilar i controlar els efectes sobre la salut dels factors de risc ambiental i alimentari, participar en la posada en marxa i el desenvolupament de sistemes de gesti\u00f3 ambiental i intervenir en programes d&#8217;educaci\u00f3 per a [&hellip;]<\/p>\n","protected":false},"author":1,"featured_media":0,"parent":0,"menu_order":0,"comment_status":"closed","ping_status":"closed","template":"","meta":{"_bbp_topic_count":0,"_bbp_reply_count":0,"_bbp_total_topic_count":0,"_bbp_total_reply_count":0,"_bbp_voice_count":0,"_bbp_anonymous_reply_count":0,"_bbp_topic_count_hidden":0,"_bbp_reply_count_hidden":0,"_bbp_forum_subforum_count":0,"site-sidebar-layout":"default","site-content-layout":"","ast-site-content-layout":"default","site-content-style":"default","site-sidebar-style":"default","ast-global-header-display":"","ast-banner-title-visibility":"","ast-main-header-display":"","ast-hfb-above-header-display":"","ast-hfb-below-header-display":"","ast-hfb-mobile-header-display":"","site-post-title":"","ast-breadcrumbs-content":"","ast-featured-img":"","footer-sml-layout":"","theme-transparent-header-meta":"default","adv-header-id-meta":"","stick-header-meta":"","header-above-stick-meta":"","header-main-stick-meta":"","header-below-stick-meta":"","astra-migrate-meta-layouts":"set","ast-page-background-enabled":"default","ast-page-background-meta":{"desktop":{"background-color":"var(--ast-global-color-4)","background-image":"","background-repeat":"repeat","background-position":"center center","background-size":"auto","background-attachment":"scroll","background-type":"","background-media":"","overlay-type":"","overlay-color":"","overlay-opacity":"","overlay-gradient":""},"tablet":{"background-color":"","background-image":"","background-repeat":"repeat","background-position":"center center","background-size":"auto","background-attachment":"scroll","background-type":"","background-media":"","overlay-type":"","overlay-color":"","overlay-opacity":"","overlay-gradient":""},"mobile":{"background-color":"","background-image":"","background-repeat":"repeat","background-position":"center center","background-size":"auto","background-attachment":"scroll","background-type":"","background-media":"","overlay-type":"","overlay-color":"","overlay-opacity":"","overlay-gradient":""}},"ast-content-background-meta":{"desktop":{"background-color":"var(--ast-global-color-5)","background-image":"","background-repeat":"repeat","background-position":"center center","background-size":"auto","background-attachment":"scroll","background-type":"","background-media":"","overlay-type":"","overlay-color":"","overlay-opacity":"","overlay-gradient":""},"tablet":{"background-color":"var(--ast-global-color-5)","background-image":"","background-repeat":"repeat","background-position":"center center","background-size":"auto","background-attachment":"scroll","background-type":"","background-media":"","overlay-type":"","overlay-color":"","overlay-opacity":"","overlay-gradient":""},"mobile":{"background-color":"var(--ast-global-color-5)","background-image":"","background-repeat":"repeat","background-position":"center center","background-size":"auto","background-attachment":"scroll","background-type":"","background-media":"","overlay-type":"","overlay-color":"","overlay-opacity":"","overlay-gradient":""}},"footnotes":""},"class_list":["post-15488","page","type-page","status-publish","hentry"],"post_mailing_queue_ids":[],"_links":{"self":[{"href":"https:\/\/agora.xtec.cat\/iesmarti-i-pol\/wp-json\/wp\/v2\/pages\/15488","targetHints":{"allow":["GET"]}}],"collection":[{"href":"https:\/\/agora.xtec.cat\/iesmarti-i-pol\/wp-json\/wp\/v2\/pages"}],"about":[{"href":"https:\/\/agora.xtec.cat\/iesmarti-i-pol\/wp-json\/wp\/v2\/types\/page"}],"author":[{"embeddable":true,"href":"https:\/\/agora.xtec.cat\/iesmarti-i-pol\/wp-json\/wp\/v2\/users\/1"}],"replies":[{"embeddable":true,"href":"https:\/\/agora.xtec.cat\/iesmarti-i-pol\/wp-json\/wp\/v2\/comments?post=15488"}],"version-history":[{"count":7,"href":"https:\/\/agora.xtec.cat\/iesmarti-i-pol\/wp-json\/wp\/v2\/pages\/15488\/revisions"}],"predecessor-version":[{"id":26112,"href":"https:\/\/agora.xtec.cat\/iesmarti-i-pol\/wp-json\/wp\/v2\/pages\/15488\/revisions\/26112"}],"wp:attachment":[{"href":"https:\/\/agora.xtec.cat\/iesmarti-i-pol\/wp-json\/wp\/v2\/media?parent=15488"}],"curies":[{"name":"wp","href":"https:\/\/api.w.org\/{rel}","templated":true}]}}