{"id":14409,"date":"2019-12-18T10:56:20","date_gmt":"2019-12-18T09:56:20","guid":{"rendered":"http:\/\/agora.xtec.cat\/iesmarti-i-pol\/?page_id=14409"},"modified":"2019-12-22T11:53:37","modified_gmt":"2019-12-22T10:53:37","slug":"tln-mobilitat","status":"publish","type":"page","link":"https:\/\/agora.xtec.cat\/iesmarti-i-pol\/tln-mobilitat\/","title":{"rendered":"TLN mobilicat"},"content":{"rendered":"<p><span style=\"color: #000080;\"><strong>TLN Mobilicat<\/strong><\/span> \u00e9s un projecte impulsat per la <em>Generalitat de Catalunya<\/em> i finan\u00e7at pel <em>Fons Social Europeu<\/em> a trav\u00e9s del programa <strong>Garantia Juvenil<\/strong>. La Garantia Juvenil \u00e9s una iniciativa a nivell europeu l&#8217;objectiu principal \u00e9s reduir la desocupaci\u00f3 juvenil. Mitjan\u00e7ant TLN Mobilicat els joves residents a Catalunya inscrits en el registre de Garantia Juvenil tenen l&#8217;oportunitat de gaudir d&#8217;una beca per a realitzar pr\u00e0ctiques professionals a l&#8217;estranger.<br \/>\n<iframe loading=\"lazy\" src=\"https:\/\/www.youtube.com\/embed\/ZmUngX6LVB8\" width=\"300\" height=\"185\" frameborder=\"0\" allowfullscreen=\"allowfullscreen\"><\/iframe><br \/>\nPer a m\u00e9s informaci\u00f3 fes un clic a sobre els logos del nostre soci col\u00b7laborador <em>MUNDUS<\/em> o a <em>Erasmus+<\/em><\/p>\n<table>\n<tbody>\n<tr>\n<td><a href=\"https:\/\/asociacionmundus.com\/practicas\/tln-mobilicat\/\"><img loading=\"lazy\" decoding=\"async\" class=\"alignright size-full wp-image-14426\" src=\"https:\/\/agora.xtec.cat\/iesmarti-i-pol\/wp-content\/uploads\/usu1292\/2019\/12\/mundus.png\" alt=\"\" width=\"225\" height=\"225\" srcset=\"https:\/\/agora.xtec.cat\/iesmarti-i-pol\/wp-content\/uploads\/usu1292\/2019\/12\/mundus.png 225w, https:\/\/agora.xtec.cat\/iesmarti-i-pol\/wp-content\/uploads\/usu1292\/2019\/12\/mundus-150x150.png 150w\" sizes=\"auto, (max-width: 225px) 100vw, 225px\" \/><\/a><\/td>\n<td><a href=\"http:\/\/garantiajuvenil.gencat.cat\/ca\/Que_Toferim\/Mobilitat-internacional\/TLN-Mobilicat\/\"><img loading=\"lazy\" decoding=\"async\" class=\"alignright size-full wp-image-14460\" src=\"https:\/\/agora.xtec.cat\/iesmarti-i-pol\/wp-content\/uploads\/usu1292\/2019\/12\/tln.png\" alt=\"\" width=\"299\" height=\"168\" \/><\/a><\/td>\n<\/tr>\n<\/tbody>\n<\/table>\n<p>Tamb\u00e9 pots rebre informaci\u00f3 enviant un mail a l&#8217;adre\u00e7a electr\u00f2nica seg\u00fcent: <a href=\"mailto:mobility_fp@mmpol.cat\">mobility_fp<span class=\"atwho-query\">@mmpol.cat<\/span><\/a><\/p>\n<p><a href=\"https:\/\/agora.xtec.cat\/iesmarti-i-pol\/wp-content\/uploads\/usu1292\/2019\/12\/logos-TLN.png\"><img loading=\"lazy\" decoding=\"async\" class=\"alignright size-full wp-image-14465\" src=\"https:\/\/agora.xtec.cat\/iesmarti-i-pol\/wp-content\/uploads\/usu1292\/2019\/12\/logos-TLN.png\" alt=\"\" width=\"873\" height=\"124\" srcset=\"https:\/\/agora.xtec.cat\/iesmarti-i-pol\/wp-content\/uploads\/usu1292\/2019\/12\/logos-TLN.png 873w, https:\/\/agora.xtec.cat\/iesmarti-i-pol\/wp-content\/uploads\/usu1292\/2019\/12\/logos-TLN-300x43.png 300w, https:\/\/agora.xtec.cat\/iesmarti-i-pol\/wp-content\/uploads\/usu1292\/2019\/12\/logos-TLN-768x109.png 768w\" sizes=\"auto, (max-width: 873px) 100vw, 873px\" \/><\/a><\/p>\n","protected":false},"excerpt":{"rendered":"<p>TLN Mobilicat \u00e9s un projecte impulsat per la Generalitat de Catalunya i finan\u00e7at pel Fons Social Europeu a trav\u00e9s del programa Garantia Juvenil. La Garantia Juvenil \u00e9s una iniciativa a nivell europeu l&#8217;objectiu principal \u00e9s reduir la desocupaci\u00f3 juvenil. Mitjan\u00e7ant TLN Mobilicat els joves residents a Catalunya inscrits en el registre de Garantia Juvenil tenen [&hellip;]<\/p>\n","protected":false},"author":1,"featured_media":0,"parent":0,"menu_order":0,"comment_status":"closed","ping_status":"closed","template":"page-templates\/side-menu.php","meta":{"_bbp_topic_count":0,"_bbp_reply_count":0,"_bbp_total_topic_count":0,"_bbp_total_reply_count":0,"_bbp_voice_count":0,"_bbp_anonymous_reply_count":0,"_bbp_topic_count_hidden":0,"_bbp_reply_count_hidden":0,"_bbp_forum_subforum_count":0,"site-sidebar-layout":"default","site-content-layout":"","ast-site-content-layout":"","site-content-style":"default","site-sidebar-style":"default","ast-global-header-display":"","ast-banner-title-visibility":"","ast-main-header-display":"","ast-hfb-above-header-display":"","ast-hfb-below-header-display":"","ast-hfb-mobile-header-display":"","site-post-title":"","ast-breadcrumbs-content":"","ast-featured-img":"","footer-sml-layout":"","theme-transparent-header-meta":"","adv-header-id-meta":"","stick-header-meta":"","header-above-stick-meta":"","header-main-stick-meta":"","header-below-stick-meta":"","astra-migrate-meta-layouts":"default","ast-page-background-enabled":"default","ast-page-background-meta":{"desktop":{"background-color":"var(--ast-global-color-4)","background-image":"","background-repeat":"repeat","background-position":"center center","background-size":"auto","background-attachment":"scroll","background-type":"","background-media":"","overlay-type":"","overlay-color":"","overlay-opacity":"","overlay-gradient":""},"tablet":{"background-color":"","background-image":"","background-repeat":"repeat","background-position":"center center","background-size":"auto","background-attachment":"scroll","background-type":"","background-media":"","overlay-type":"","overlay-color":"","overlay-opacity":"","overlay-gradient":""},"mobile":{"background-color":"","background-image":"","background-repeat":"repeat","background-position":"center center","background-size":"auto","background-attachment":"scroll","background-type":"","background-media":"","overlay-type":"","overlay-color":"","overlay-opacity":"","overlay-gradient":""}},"ast-content-background-meta":{"desktop":{"background-color":"var(--ast-global-color-5)","background-image":"","background-repeat":"repeat","background-position":"center center","background-size":"auto","background-attachment":"scroll","background-type":"","background-media":"","overlay-type":"","overlay-color":"","overlay-opacity":"","overlay-gradient":""},"tablet":{"background-color":"var(--ast-global-color-5)","background-image":"","background-repeat":"repeat","background-position":"center center","background-size":"auto","background-attachment":"scroll","background-type":"","background-media":"","overlay-type":"","overlay-color":"","overlay-opacity":"","overlay-gradient":""},"mobile":{"background-color":"var(--ast-global-color-5)","background-image":"","background-repeat":"repeat","background-position":"center center","background-size":"auto","background-attachment":"scroll","background-type":"","background-media":"","overlay-type":"","overlay-color":"","overlay-opacity":"","overlay-gradient":""}},"footnotes":""},"class_list":["post-14409","page","type-page","status-publish","hentry"],"post_mailing_queue_ids":[],"_links":{"self":[{"href":"https:\/\/agora.xtec.cat\/iesmarti-i-pol\/wp-json\/wp\/v2\/pages\/14409","targetHints":{"allow":["GET"]}}],"collection":[{"href":"https:\/\/agora.xtec.cat\/iesmarti-i-pol\/wp-json\/wp\/v2\/pages"}],"about":[{"href":"https:\/\/agora.xtec.cat\/iesmarti-i-pol\/wp-json\/wp\/v2\/types\/page"}],"author":[{"embeddable":true,"href":"https:\/\/agora.xtec.cat\/iesmarti-i-pol\/wp-json\/wp\/v2\/users\/1"}],"replies":[{"embeddable":true,"href":"https:\/\/agora.xtec.cat\/iesmarti-i-pol\/wp-json\/wp\/v2\/comments?post=14409"}],"version-history":[{"count":3,"href":"https:\/\/agora.xtec.cat\/iesmarti-i-pol\/wp-json\/wp\/v2\/pages\/14409\/revisions"}],"predecessor-version":[{"id":14466,"href":"https:\/\/agora.xtec.cat\/iesmarti-i-pol\/wp-json\/wp\/v2\/pages\/14409\/revisions\/14466"}],"wp:attachment":[{"href":"https:\/\/agora.xtec.cat\/iesmarti-i-pol\/wp-json\/wp\/v2\/media?parent=14409"}],"curies":[{"name":"wp","href":"https:\/\/api.w.org\/{rel}","templated":true}]}}