{"id":13728,"date":"2019-07-25T11:54:31","date_gmt":"2019-07-25T09:54:31","guid":{"rendered":"http:\/\/agora.xtec.cat\/iesmarti-i-pol\/?page_id=13728"},"modified":"2025-10-09T11:53:29","modified_gmt":"2025-10-09T09:53:29","slug":"convalidacions","status":"publish","type":"page","link":"https:\/\/agora.xtec.cat\/iesmarti-i-pol\/secretaria\/convalidacions\/","title":{"rendered":"Convalidacions"},"content":{"rendered":"<p>Les convalidacions s&#8217;obtenen per haver cursat pr\u00e8viament ESTUDIS OFICIALS o disposar d&#8217;un certificat d&#8217;Acreditaci\u00f3 de compet\u00e8ncies professionals.<br \/>\nNo es pot tornar a sol\u00b7licitar una convalidaci\u00f3 ja demanada el curs anterior.<\/p>\n<p>:: <a href=\"http:\/\/agora.xtec.cat\/iesmarti-i-pol\/serveis\/secretaria\/convalidacions-2019-2020\/documentacio-convalidacions\/\">Documentaci\u00f3 que cal portar<\/a> (recordeu que ha de ser el document original i una fotoc\u00f2pia per compulsar a secretaria)<br \/>\n:: <a href=\"http:\/\/agora.xtec.cat\/iesmarti-i-pol\/serveis\/secretaria\/convalidacions-2019-2020\/caracteristiques-i-efecte-de-les-convalidacions\/\">Caracter\u00edstiques i efecte de les convalidacions<\/a><br \/>\n:: <a href=\"http:\/\/agora.xtec.cat\/iesmarti-i-pol\/serveis\/secretaria\/convalidacions-2019-2020\/resolucio-de-les-sollicituds-i-comunicacio-de-les-convalidacions\/\">Resoluci\u00f3 de les sol\u00b7licituds i comunicaci\u00f3 de les convalidacions<\/a><br \/>\n:: <a href=\"http:\/\/agora.xtec.cat\/iesmarti-i-pol\/serveis\/secretaria\/convalidacions-2019-2020\/altres-situacions-convalidacions\/\">Altres situacions<\/a><\/p>\n<h4 id=\"h21\"><em>Q\u00fcestions a\u00a0tenir en compte<\/em><\/h4>\n<ul>\n<li><em>Els m\u00f2duls professionals i les mat\u00e8ries d&#8217;estudis universitaris oficials\u00a0<strong>que hagin estat pr\u00e8viament convalidats<\/strong>, reconeguts\u00a0o superats per compensaci\u00f3,\u00a0<strong>no podran ser aportats per sol\u00b7licitar la convalidaci\u00f3 d&#8217;altres m\u00f2duls professionals<\/strong>.\u00a0<\/em><\/li>\n<li><em>Els m\u00f2duls professionals d&#8217;FP Inicial\u00a0d&#8217;<strong>Itinerari personal per a l&#8217;ocupabilitat I i II<\/strong>, inclosos en els reials decrets que regulen els t\u00edtols de formaci\u00f3 professional LOE, es convalidaran amb independ\u00e8ncia del cicle formatiu de grau mitj\u00e0 o superior a qu\u00e8 pertanyen.\u00a0<\/em><\/li>\n<li><em>El\u00a0<strong>certificat de qualificacions\u00a0<\/strong>que s&#8217;aporti per acreditar els seus estudis ha de ser un certificat de qualificacions oficial expedit i signat pel centre educatiu on s&#8217;han cursat. Tingueu en compte que els butlletins de notes o informes d&#8217;avaluaci\u00f3 no s\u00f3n v\u00e0lids.\u00a0<\/em><\/li>\n<li><em><strong>Els Reconeixements de ECTS entre estudis universitaris i de formaci\u00f3 professional\u00a0<\/strong>es podran sol\u00b7licitar quan aquests \u00faltims pertanyin a l&#8217;espai europeu de l&#8217;educaci\u00f3 superior. Es podr\u00e0 sol\u00b7licitar recon\u00e8ixer entre el 15%-25% de cr\u00e8dits ECTS que estableix el Reial decret pel qual s&#8217;estableix el t\u00edtol de t\u00e8cnic o t\u00e8cnica superior i es fixen els aspectes b\u00e0sics del curr\u00edculum, sempre que s&#8217;aportin ensenyaments universitaris que estiguin relacionats amb el camp de coneixement i hi hagi similitud entre les compet\u00e8ncies, coneixements i resultats d&#8217;aprenentatge.\u00a0\u00a0\u200b<\/em><\/li>\n<\/ul>\n","protected":false},"excerpt":{"rendered":"<p>Les convalidacions s&#8217;obtenen per haver cursat pr\u00e8viament ESTUDIS OFICIALS o disposar d&#8217;un certificat d&#8217;Acreditaci\u00f3 de compet\u00e8ncies professionals. No es pot tornar a sol\u00b7licitar una convalidaci\u00f3 ja demanada el curs anterior. :: Documentaci\u00f3 que cal portar (recordeu que ha de ser el document original i una fotoc\u00f2pia per compulsar a secretaria) :: Caracter\u00edstiques i efecte de [&hellip;]<\/p>\n","protected":false},"author":1,"featured_media":0,"parent":81,"menu_order":0,"comment_status":"closed","ping_status":"closed","template":"","meta":{"_bbp_topic_count":0,"_bbp_reply_count":0,"_bbp_total_topic_count":0,"_bbp_total_reply_count":0,"_bbp_voice_count":0,"_bbp_anonymous_reply_count":0,"_bbp_topic_count_hidden":0,"_bbp_reply_count_hidden":0,"_bbp_forum_subforum_count":0,"site-sidebar-layout":"default","site-content-layout":"","ast-site-content-layout":"default","site-content-style":"default","site-sidebar-style":"default","ast-global-header-display":"","ast-banner-title-visibility":"","ast-main-header-display":"","ast-hfb-above-header-display":"","ast-hfb-below-header-display":"","ast-hfb-mobile-header-display":"","site-post-title":"","ast-breadcrumbs-content":"","ast-featured-img":"","footer-sml-layout":"","theme-transparent-header-meta":"default","adv-header-id-meta":"","stick-header-meta":"","header-above-stick-meta":"","header-main-stick-meta":"","header-below-stick-meta":"","astra-migrate-meta-layouts":"set","ast-page-background-enabled":"default","ast-page-background-meta":{"desktop":{"background-color":"var(--ast-global-color-4)","background-image":"","background-repeat":"repeat","background-position":"center center","background-size":"auto","background-attachment":"scroll","background-type":"","background-media":"","overlay-type":"","overlay-color":"","overlay-opacity":"","overlay-gradient":""},"tablet":{"background-color":"","background-image":"","background-repeat":"repeat","background-position":"center center","background-size":"auto","background-attachment":"scroll","background-type":"","background-media":"","overlay-type":"","overlay-color":"","overlay-opacity":"","overlay-gradient":""},"mobile":{"background-color":"","background-image":"","background-repeat":"repeat","background-position":"center center","background-size":"auto","background-attachment":"scroll","background-type":"","background-media":"","overlay-type":"","overlay-color":"","overlay-opacity":"","overlay-gradient":""}},"ast-content-background-meta":{"desktop":{"background-color":"var(--ast-global-color-5)","background-image":"","background-repeat":"repeat","background-position":"center center","background-size":"auto","background-attachment":"scroll","background-type":"","background-media":"","overlay-type":"","overlay-color":"","overlay-opacity":"","overlay-gradient":""},"tablet":{"background-color":"var(--ast-global-color-5)","background-image":"","background-repeat":"repeat","background-position":"center center","background-size":"auto","background-attachment":"scroll","background-type":"","background-media":"","overlay-type":"","overlay-color":"","overlay-opacity":"","overlay-gradient":""},"mobile":{"background-color":"var(--ast-global-color-5)","background-image":"","background-repeat":"repeat","background-position":"center center","background-size":"auto","background-attachment":"scroll","background-type":"","background-media":"","overlay-type":"","overlay-color":"","overlay-opacity":"","overlay-gradient":""}},"footnotes":""},"class_list":["post-13728","page","type-page","status-publish","hentry"],"post_mailing_queue_ids":[],"_links":{"self":[{"href":"https:\/\/agora.xtec.cat\/iesmarti-i-pol\/wp-json\/wp\/v2\/pages\/13728","targetHints":{"allow":["GET"]}}],"collection":[{"href":"https:\/\/agora.xtec.cat\/iesmarti-i-pol\/wp-json\/wp\/v2\/pages"}],"about":[{"href":"https:\/\/agora.xtec.cat\/iesmarti-i-pol\/wp-json\/wp\/v2\/types\/page"}],"author":[{"embeddable":true,"href":"https:\/\/agora.xtec.cat\/iesmarti-i-pol\/wp-json\/wp\/v2\/users\/1"}],"replies":[{"embeddable":true,"href":"https:\/\/agora.xtec.cat\/iesmarti-i-pol\/wp-json\/wp\/v2\/comments?post=13728"}],"version-history":[{"count":7,"href":"https:\/\/agora.xtec.cat\/iesmarti-i-pol\/wp-json\/wp\/v2\/pages\/13728\/revisions"}],"predecessor-version":[{"id":28310,"href":"https:\/\/agora.xtec.cat\/iesmarti-i-pol\/wp-json\/wp\/v2\/pages\/13728\/revisions\/28310"}],"up":[{"embeddable":true,"href":"https:\/\/agora.xtec.cat\/iesmarti-i-pol\/wp-json\/wp\/v2\/pages\/81"}],"wp:attachment":[{"href":"https:\/\/agora.xtec.cat\/iesmarti-i-pol\/wp-json\/wp\/v2\/media?parent=13728"}],"curies":[{"name":"wp","href":"https:\/\/api.w.org\/{rel}","templated":true}]}}