{"id":12767,"date":"2019-03-27T00:18:07","date_gmt":"2019-03-26T23:18:07","guid":{"rendered":"http:\/\/agora.xtec.cat\/iesmarti-i-pol\/?page_id=12767"},"modified":"2020-12-16T15:24:30","modified_gmt":"2020-12-16T14:24:30","slug":"ects-ecvet-i-europass","status":"publish","type":"page","link":"https:\/\/agora.xtec.cat\/iesmarti-i-pol\/erasmus-plus\/ects-ecvet-i-europass\/","title":{"rendered":"ECTS, ECVET i Europass"},"content":{"rendered":"<p>&nbsp;<\/p>\n<p>El Sistema Europeu de Transfer\u00e8ncia i Acumulaci\u00f3 de Cr\u00e8dits (ECTS) \u00e9s una eina de l&#8217;Espai Europeu d&#8217;Educaci\u00f3 Superior (EEES) per fer els estudis i els cursos m\u00e9s transparents i contribuir aix\u00ed a millorar la qualitat de l&#8217;educaci\u00f3 superior.<\/p>\n<p>Europass \u00e9s un instrument europeu com\u00fa que serveix per garantir la transpar\u00e8ncia de les qualificacions i les habilitats adquirides, per ajudar els ciutadans a presentar les seves habilitats i qualificacions d&#8217;una manera senzilla i f\u00e0cilment comprensible (per exemple, el curr\u00edculum vitae, el document de mobilitat Europass o l&#8217;acreditaci\u00f3 de lleng\u00fces) a Europa i, per tant, facilitar la seva mobilitat i permetre&#8217;ls noves oportunitats per estudiar o treballar a l\u2019estranger.<\/p>\n<p>.<\/p>\n<p><a href=\"https:\/\/ec.europa.eu\/education\/resources-and-tools\/european-credit-transfer-and-accumulation-system-ects_en\"><br \/>\n<\/a><a href=\"https:\/\/ec.europa.eu\/education\/resources-and-tools\/european-credit-transfer-and-accumulation-system-ects_en\"><img loading=\"lazy\" decoding=\"async\" class=\"alignleft wp-image-12877 size-full\" title=\"per a m\u00e9s informaci\u00f3, visiteu el web ECTS \" src=\"https:\/\/agora.xtec.cat\/iesmarti-i-pol\/wp-content\/uploads\/usu1292\/2019\/03\/ects.jpg\" alt=\"\" width=\"152\" height=\"153\" srcset=\"https:\/\/agora.xtec.cat\/iesmarti-i-pol\/wp-content\/uploads\/usu1292\/2019\/03\/ects.jpg 152w, https:\/\/agora.xtec.cat\/iesmarti-i-pol\/wp-content\/uploads\/usu1292\/2019\/03\/ects-150x150.jpg 150w\" sizes=\"auto, (max-width: 152px) 100vw, 152px\" \/><\/a><br \/>\n<iframe loading=\"lazy\" src=\"https:\/\/www.youtube.com\/embed\/1fsx0K-KpCw\" width=\"420\" height=\"237\" frameborder=\"0\"><\/iframe><a href=\"https:\/\/europa.eu\/europass\/es\" target=\"_blank\" rel=\"noopener noreferrer\"><img loading=\"lazy\" decoding=\"async\" class=\"alignright wp-image-12883\" title=\"per a m\u00e9s informaci\u00f3, visiteu el web d'europass \" src=\"https:\/\/agora.xtec.cat\/iesmarti-i-pol\/wp-content\/uploads\/usu1292\/2019\/03\/europass.jpg\" alt=\"\" width=\"263\" height=\"171\" \/><\/a><\/p>\n","protected":false},"excerpt":{"rendered":"<p>&nbsp; El Sistema Europeu de Transfer\u00e8ncia i Acumulaci\u00f3 de Cr\u00e8dits (ECTS) \u00e9s una eina de l&#8217;Espai Europeu d&#8217;Educaci\u00f3 Superior (EEES) per fer els estudis i els cursos m\u00e9s transparents i contribuir aix\u00ed a millorar la qualitat de l&#8217;educaci\u00f3 superior. Europass \u00e9s un instrument europeu com\u00fa que serveix per garantir la transpar\u00e8ncia de les qualificacions i [&hellip;]<\/p>\n","protected":false},"author":1,"featured_media":0,"parent":12077,"menu_order":0,"comment_status":"closed","ping_status":"closed","template":"page-templates\/side-menu.php","meta":{"_bbp_topic_count":0,"_bbp_reply_count":0,"_bbp_total_topic_count":0,"_bbp_total_reply_count":0,"_bbp_voice_count":0,"_bbp_anonymous_reply_count":0,"_bbp_topic_count_hidden":0,"_bbp_reply_count_hidden":0,"_bbp_forum_subforum_count":0,"site-sidebar-layout":"default","site-content-layout":"","ast-site-content-layout":"","site-content-style":"default","site-sidebar-style":"default","ast-global-header-display":"","ast-banner-title-visibility":"","ast-main-header-display":"","ast-hfb-above-header-display":"","ast-hfb-below-header-display":"","ast-hfb-mobile-header-display":"","site-post-title":"","ast-breadcrumbs-content":"","ast-featured-img":"","footer-sml-layout":"","theme-transparent-header-meta":"","adv-header-id-meta":"","stick-header-meta":"","header-above-stick-meta":"","header-main-stick-meta":"","header-below-stick-meta":"","astra-migrate-meta-layouts":"default","ast-page-background-enabled":"default","ast-page-background-meta":{"desktop":{"background-color":"var(--ast-global-color-4)","background-image":"","background-repeat":"repeat","background-position":"center center","background-size":"auto","background-attachment":"scroll","background-type":"","background-media":"","overlay-type":"","overlay-color":"","overlay-opacity":"","overlay-gradient":""},"tablet":{"background-color":"","background-image":"","background-repeat":"repeat","background-position":"center center","background-size":"auto","background-attachment":"scroll","background-type":"","background-media":"","overlay-type":"","overlay-color":"","overlay-opacity":"","overlay-gradient":""},"mobile":{"background-color":"","background-image":"","background-repeat":"repeat","background-position":"center center","background-size":"auto","background-attachment":"scroll","background-type":"","background-media":"","overlay-type":"","overlay-color":"","overlay-opacity":"","overlay-gradient":""}},"ast-content-background-meta":{"desktop":{"background-color":"var(--ast-global-color-5)","background-image":"","background-repeat":"repeat","background-position":"center center","background-size":"auto","background-attachment":"scroll","background-type":"","background-media":"","overlay-type":"","overlay-color":"","overlay-opacity":"","overlay-gradient":""},"tablet":{"background-color":"var(--ast-global-color-5)","background-image":"","background-repeat":"repeat","background-position":"center center","background-size":"auto","background-attachment":"scroll","background-type":"","background-media":"","overlay-type":"","overlay-color":"","overlay-opacity":"","overlay-gradient":""},"mobile":{"background-color":"var(--ast-global-color-5)","background-image":"","background-repeat":"repeat","background-position":"center center","background-size":"auto","background-attachment":"scroll","background-type":"","background-media":"","overlay-type":"","overlay-color":"","overlay-opacity":"","overlay-gradient":""}},"footnotes":""},"class_list":["post-12767","page","type-page","status-publish","hentry"],"post_mailing_queue_ids":[],"_links":{"self":[{"href":"https:\/\/agora.xtec.cat\/iesmarti-i-pol\/wp-json\/wp\/v2\/pages\/12767","targetHints":{"allow":["GET"]}}],"collection":[{"href":"https:\/\/agora.xtec.cat\/iesmarti-i-pol\/wp-json\/wp\/v2\/pages"}],"about":[{"href":"https:\/\/agora.xtec.cat\/iesmarti-i-pol\/wp-json\/wp\/v2\/types\/page"}],"author":[{"embeddable":true,"href":"https:\/\/agora.xtec.cat\/iesmarti-i-pol\/wp-json\/wp\/v2\/users\/1"}],"replies":[{"embeddable":true,"href":"https:\/\/agora.xtec.cat\/iesmarti-i-pol\/wp-json\/wp\/v2\/comments?post=12767"}],"version-history":[{"count":3,"href":"https:\/\/agora.xtec.cat\/iesmarti-i-pol\/wp-json\/wp\/v2\/pages\/12767\/revisions"}],"predecessor-version":[{"id":17877,"href":"https:\/\/agora.xtec.cat\/iesmarti-i-pol\/wp-json\/wp\/v2\/pages\/12767\/revisions\/17877"}],"up":[{"embeddable":true,"href":"https:\/\/agora.xtec.cat\/iesmarti-i-pol\/wp-json\/wp\/v2\/pages\/12077"}],"wp:attachment":[{"href":"https:\/\/agora.xtec.cat\/iesmarti-i-pol\/wp-json\/wp\/v2\/media?parent=12767"}],"curies":[{"name":"wp","href":"https:\/\/api.w.org\/{rel}","templated":true}]}}