{"id":81,"date":"2014-09-18T10:38:05","date_gmt":"2014-09-18T10:38:05","guid":{"rendered":"http:\/\/agora.xtec.cat\/iesmartamata\/?page_id=81"},"modified":"2022-06-27T08:18:20","modified_gmt":"2022-06-27T06:18:20","slug":"admin-serveis","status":"publish","type":"page","link":"https:\/\/agora.xtec.cat\/iesmartamata\/admin-serveis\/","title":{"rendered":"Administraci\u00f3 i serveis"},"content":{"rendered":"<p><strong>Secretaria virtual<\/strong><\/p>\n<p>En aquest espai, hi trobareu la documentaci\u00f3 que us pot fer falta. Si teniu m\u00e9s dubtes o necessiteu altra documentaci\u00f3, podeu venir a a fer la consulta o sol\u00b7licitud presencialment al centre.<\/p>\n<p>&nbsp;<\/p>\n","protected":false},"excerpt":{"rendered":"<p>Secretaria virtual<br \/>\nEn aquest espai, hi trobareu la documentaci\u00f3 que us pot fer falta. Si teniu m\u00e9s dubtes o necessiteu altra documentaci\u00f3, podeu venir a a fer la consulta o sol\u00b7licitud presencialment al centre.<br \/>\n&nbsp;<\/p>\n","protected":false},"author":1,"featured_media":0,"parent":0,"menu_order":0,"comment_status":"closed","ping_status":"closed","template":"page-templates\/side-menu.php","meta":{"_bbp_topic_count":0,"_bbp_reply_count":0,"_bbp_total_topic_count":0,"_bbp_total_reply_count":0,"_bbp_voice_count":0,"_bbp_anonymous_reply_count":0,"_bbp_topic_count_hidden":0,"_bbp_reply_count_hidden":0,"_bbp_forum_subforum_count":0,"footnotes":""},"class_list":["post-81","page","type-page","status-publish","hentry"],"post_mailing_queue_ids":[],"_links":{"self":[{"href":"https:\/\/agora.xtec.cat\/iesmartamata\/wp-json\/wp\/v2\/pages\/81","targetHints":{"allow":["GET"]}}],"collection":[{"href":"https:\/\/agora.xtec.cat\/iesmartamata\/wp-json\/wp\/v2\/pages"}],"about":[{"href":"https:\/\/agora.xtec.cat\/iesmartamata\/wp-json\/wp\/v2\/types\/page"}],"author":[{"embeddable":true,"href":"https:\/\/agora.xtec.cat\/iesmartamata\/wp-json\/wp\/v2\/users\/1"}],"replies":[{"embeddable":true,"href":"https:\/\/agora.xtec.cat\/iesmartamata\/wp-json\/wp\/v2\/comments?post=81"}],"version-history":[{"count":2,"href":"https:\/\/agora.xtec.cat\/iesmartamata\/wp-json\/wp\/v2\/pages\/81\/revisions"}],"predecessor-version":[{"id":652,"href":"https:\/\/agora.xtec.cat\/iesmartamata\/wp-json\/wp\/v2\/pages\/81\/revisions\/652"}],"wp:attachment":[{"href":"https:\/\/agora.xtec.cat\/iesmartamata\/wp-json\/wp\/v2\/media?parent=81"}],"curies":[{"name":"wp","href":"https:\/\/api.w.org\/{rel}","templated":true}]}}