{"id":81,"date":"2014-09-18T10:38:05","date_gmt":"2014-09-18T08:38:05","guid":{"rendered":"http:\/\/agora.xtec.cat\/iesmarina\/?page_id=81"},"modified":"2018-02-16T10:55:20","modified_gmt":"2018-02-16T09:55:20","slug":"secretaria","status":"publish","type":"page","link":"https:\/\/agora.xtec.cat\/iesmarina\/secretaria\/","title":{"rendered":"Secretaria"},"content":{"rendered":"<p class=\"title\">\n<p>En els centres d\u2019ensenyament secundari, la secreraria \u00e9s l\u2019agent de gesti\u00f3 administrativa visible, per tant, \u00e9s b\u00e0sic que la seva pres\u00e8ncia a la web sigui un dels elements de navegaci\u00f3 principals. \u00c9s important que la informaci\u00f3 s\u2019exposi de forma clara, a fi de facilitar la usabilitat de l\u2019espai. La informaci\u00f3 d\u2019aquesta secci\u00f3 hauria d\u2019incloure:<\/p>\n<ul>\n<li>Horari d\u2019atenci\u00f3<\/li>\n<li>Tr\u00e0mits (sol\u00b7licitud de certificats\u2026)<\/li>\n<li>Preinscripci\u00f3 i Matr\u00edcula<\/li>\n<li>Documents (autoritzaci\u00f3 de sortides, \u00fas de serveis digitals, etc.)<\/li>\n<li>Beques i ajuts<\/li>\n<li>Proves d\u2019acc\u00e9s als cicles formatius<\/li>\n<li>etc.<\/li>\n<\/ul>\n","protected":false},"excerpt":{"rendered":"<p>En els centres d\u2019ensenyament secundari, la secreraria \u00e9s l\u2019agent de gesti\u00f3 administrativa visible, per tant, \u00e9s b\u00e0sic que la seva pres\u00e8ncia a la web sigui un dels elements de navegaci\u00f3 principals. \u00c9s important que la informaci\u00f3 s\u2019exposi de forma clara, a fi de facilitar la&hellip;  <a href=\"https:\/\/agora.xtec.cat\/iesmarina\/secretaria\/\" title=\"Read Secretaria\">Llegeix m\u00e9s\u00bb<\/a><\/p>\n","protected":false},"author":2,"featured_media":0,"parent":0,"menu_order":0,"comment_status":"closed","ping_status":"closed","template":"","meta":{"_bbp_topic_count":0,"_bbp_reply_count":0,"_bbp_total_topic_count":0,"_bbp_total_reply_count":0,"_bbp_voice_count":0,"_bbp_anonymous_reply_count":0,"_bbp_topic_count_hidden":0,"_bbp_reply_count_hidden":0,"_bbp_forum_subforum_count":0,"footnotes":""},"class_list":["post-81","page","type-page","status-publish","hentry"],"post_mailing_queue_ids":[],"_links":{"self":[{"href":"https:\/\/agora.xtec.cat\/iesmarina\/wp-json\/wp\/v2\/pages\/81","targetHints":{"allow":["GET"]}}],"collection":[{"href":"https:\/\/agora.xtec.cat\/iesmarina\/wp-json\/wp\/v2\/pages"}],"about":[{"href":"https:\/\/agora.xtec.cat\/iesmarina\/wp-json\/wp\/v2\/types\/page"}],"author":[{"embeddable":true,"href":"https:\/\/agora.xtec.cat\/iesmarina\/wp-json\/wp\/v2\/users\/2"}],"replies":[{"embeddable":true,"href":"https:\/\/agora.xtec.cat\/iesmarina\/wp-json\/wp\/v2\/comments?post=81"}],"version-history":[{"count":3,"href":"https:\/\/agora.xtec.cat\/iesmarina\/wp-json\/wp\/v2\/pages\/81\/revisions"}],"predecessor-version":[{"id":1204,"href":"https:\/\/agora.xtec.cat\/iesmarina\/wp-json\/wp\/v2\/pages\/81\/revisions\/1204"}],"wp:attachment":[{"href":"https:\/\/agora.xtec.cat\/iesmarina\/wp-json\/wp\/v2\/media?parent=81"}],"curies":[{"name":"wp","href":"https:\/\/api.w.org\/{rel}","templated":true}]}}