{"id":63,"date":"2018-02-19T10:06:31","date_gmt":"2018-02-19T09:06:31","guid":{"rendered":"http:\/\/agora.xtec.cat\/iesmarina\/?page_id=63"},"modified":"2018-04-25T14:02:06","modified_gmt":"2018-04-25T12:02:06","slug":"serveis","status":"publish","type":"page","link":"https:\/\/agora.xtec.cat\/iesmarina\/linstitut\/serveis\/","title":{"rendered":"Departaments did\u00e0ctics"},"content":{"rendered":"<p><span class=\"fontstyle0\">Els \u00e0mbits de coneixement s\u00f3n agrupacions de mat\u00e8ries que comparteixen compet\u00e8ncies b\u00e0siques,\u00a0continguts i orientacions metodol\u00f2giques<\/span><\/p>\n<ol>\n<li>\u00c0mbit ling\u00fc\u00edstic:<br \/>\n&#8211; Llengua catalana i literatura<br \/>\n&#8211; Llengua castellana i literatura<br \/>\n&#8211;\u00a0Lleng\u00fces estrangeres<br \/>\n&#8211; Llat\u00ed<br \/>\n2. \u00c0mbit matem\u00e0tic:<br \/>\n&#8211; Matem\u00e0tiques<br \/>\n3. \u00c0mbit cientificotecnol\u00f2gic:<br \/>\n&#8211; Ci\u00e8ncies de la naturalesa: f\u00edsica i qu\u00edmica<br \/>\n&#8211; Ci\u00e8ncies de la naturalesa: biologia i geologia<br \/>\n&#8211; Tecnologia<br \/>\n&#8211; Tecnologies de la informaci\u00f3 i la comunicaci\u00f3 (inform\u00e0tica)<br \/>\n4. \u00c0mbit social:<br \/>\n&#8211; Ci\u00e8ncies socials: geografia i hist\u00f2ria<br \/>\n&#8211; Cultura cl\u00e0ssica<br \/>\n&#8211; Emprenedoria<br \/>\n&#8211; Economia<br \/>\n5. \u00c0mbit art\u00edstic:<br \/>\n&#8211; M\u00fasica<br \/>\n&#8211; Educaci\u00f3 visual i pl\u00e0stica<br \/>\n6. \u00c0mbit de l\u2019educaci\u00f3 f\u00edsica:<br \/>\n&#8211; Educaci\u00f3 f\u00edsica<br \/>\n7. \u00c0mbit de cultura i valors:<br \/>\n&#8211;\u00a0\u00a0Filosofia<br \/>\n&#8211; Religi\u00f3<br \/>\n8. \u00c0mbit digital:<br \/>\n&#8211; Transversal a les mat\u00e8ries<br \/>\n9. \u00c0mbit personal i social:<br \/>\n&#8211; Transversal a les mat\u00e8ries<\/li>\n<\/ol>\n","protected":false},"excerpt":{"rendered":"<p>Els \u00e0mbits de coneixement s\u00f3n agrupacions de mat\u00e8ries que comparteixen compet\u00e8ncies b\u00e0siques,\u00a0continguts i orientacions metodol\u00f2giques<\/p>\n<ol>\n<li>\u00c0mbit ling\u00fc\u00edstic:<br \/>\n&#8211; Llengua catalana i literatura<br \/>\n&#8211; Llengua castellana i literatura<br \/>\n&#8211;\u00a0Lleng\u00fces estrangeres<br \/>\n&#8211; Llat\u00ed<br \/>\n2. \u00c0mbit matem\u00e0tic:<br \/>\n&#8211; Matem\u00e0tiques<br \/>\n3. \u00c0mbit cientificotecnol\u00f2gic:<br \/>\n&#8211; Ci\u00e8ncies de la naturalesa: f\u00edsica i qu\u00edmica<br \/>\n&#8211; Ci\u00e8ncies de la naturalesa: biologia i geologia<br \/>\n&#8211;&hellip;  <a href=\"https:\/\/agora.xtec.cat\/iesmarina\/linstitut\/serveis\/\" title=\"Read Departaments did\u00e0ctics\">Llegeix m\u00e9s\u00bb<\/a><\/p>\n","protected":false},"author":2,"featured_media":0,"parent":19,"menu_order":50,"comment_status":"closed","ping_status":"closed","template":"page-templates\/side-menu.php","meta":{"_bbp_topic_count":0,"_bbp_reply_count":0,"_bbp_total_topic_count":0,"_bbp_total_reply_count":0,"_bbp_voice_count":0,"_bbp_anonymous_reply_count":0,"_bbp_topic_count_hidden":0,"_bbp_reply_count_hidden":0,"_bbp_forum_subforum_count":0,"footnotes":""},"class_list":["post-63","page","type-page","status-publish","hentry"],"post_mailing_queue_ids":[],"_links":{"self":[{"href":"https:\/\/agora.xtec.cat\/iesmarina\/wp-json\/wp\/v2\/pages\/63","targetHints":{"allow":["GET"]}}],"collection":[{"href":"https:\/\/agora.xtec.cat\/iesmarina\/wp-json\/wp\/v2\/pages"}],"about":[{"href":"https:\/\/agora.xtec.cat\/iesmarina\/wp-json\/wp\/v2\/types\/page"}],"author":[{"embeddable":true,"href":"https:\/\/agora.xtec.cat\/iesmarina\/wp-json\/wp\/v2\/users\/2"}],"replies":[{"embeddable":true,"href":"https:\/\/agora.xtec.cat\/iesmarina\/wp-json\/wp\/v2\/comments?post=63"}],"version-history":[{"count":4,"href":"https:\/\/agora.xtec.cat\/iesmarina\/wp-json\/wp\/v2\/pages\/63\/revisions"}],"predecessor-version":[{"id":1404,"href":"https:\/\/agora.xtec.cat\/iesmarina\/wp-json\/wp\/v2\/pages\/63\/revisions\/1404"}],"up":[{"embeddable":true,"href":"https:\/\/agora.xtec.cat\/iesmarina\/wp-json\/wp\/v2\/pages\/19"}],"wp:attachment":[{"href":"https:\/\/agora.xtec.cat\/iesmarina\/wp-json\/wp\/v2\/media?parent=63"}],"curies":[{"name":"wp","href":"https:\/\/api.w.org\/{rel}","templated":true}]}}

Departaments didàctics

<p><span class="fontstyle0">Els àmbits de coneixement són agrupacions de matèries que comparteixen competències bàsiques, continguts i orientacions metodològiques</span></p>
<ol>
<li>Àmbit lingüístic:<br />
&#8211; Llengua catalana i literatura<br />
&#8211; Llengua castellana i literatura<br />
&#8211; Llengües estrangeres<br />
&#8211; Llatí<br />
2. Àmbit matemàtic:<br />
&#8211; Matemàtiques<br />
3. Àmbit cientificotecnològic:<br />
&#8211; Ciències de la naturalesa: física i química<br />
&#8211; Ciències de la naturalesa: biologia i geologia<br />
&#8211; Tecnologia<br />
&#8211; Tecnologies de la informació i la comunicació (informàtica)<br />
4. Àmbit social:<br />
&#8211; Ciències socials: geografia i història<br />
&#8211; Cultura clàssica<br />
&#8211; Emprenedoria<br />
&#8211; Economia<br />
5. Àmbit artístic:<br />
&#8211; Música<br />
&#8211; Educació visual i plàstica<br />
6. Àmbit de l’educació física:<br />
&#8211; Educació física<br />
7. Àmbit de cultura i valors:<br />
&#8211;  Filosofia<br />
&#8211; Religió<br />
8. Àmbit digital:<br />
&#8211; Transversal a les matèries<br />
9. Àmbit personal i social:<br />
&#8211; Transversal a les matèries</li>
</ol>

<p>Els àmbits de coneixement són agrupacions de matèries que comparteixen competències bàsiques, continguts i orientacions metodològiques</p>
<ol>
<li>Àmbit lingüístic:<br />
&#8211; Llengua catalana i literatura<br />
&#8211; Llengua castellana i literatura<br />
&#8211; Llengües estrangeres<br />
&#8211; Llatí<br />
2. Àmbit matemàtic:<br />
&#8211; Matemàtiques<br />
3. Àmbit cientificotecnològic:<br />
&#8211; Ciències de la naturalesa: física i química<br />
&#8211; Ciències de la naturalesa: biologia i geologia<br />
&#8211;&hellip;  <a href="https://agora.xtec.cat/iesmarina/linstitut/serveis/" title="Read Departaments didàctics">Llegeix més»</a></p>
