{"id":27,"date":"2014-09-17T16:24:03","date_gmt":"2014-09-17T14:24:03","guid":{"rendered":"http:\/\/agora.xtec.cat\/iesmarina\/?page_id=27"},"modified":"2018-04-25T13:53:55","modified_gmt":"2018-04-25T11:53:55","slug":"historia","status":"publish","type":"page","link":"https:\/\/agora.xtec.cat\/iesmarina\/linstitut\/historia\/","title":{"rendered":"Hist\u00f2ria"},"content":{"rendered":"<pre class=\"title\"><\/pre>\n<p>Abans de l\u2019octubre de 1984, tots els nois i noies de la Llagosta que volien estudiar BUP o FP havien d\u2019anar a les localitats ve\u00efnes de Montcada o Mollet.<\/p>\n<p>L\u2019any 1979 hi havia hagut un intent de posar en marxa la Formaci\u00f3 Professional d\u2019Electr\u00f2nica i Mec\u00e0nica per\u00f2 no es va arribar a portar a terme. No va ser fins el 31 de maig de 1984 que, al Ple municipal de l\u2019Ajuntament de la Llagosta, es va aprovar l\u2019habilitaci\u00f3 d\u2019unes aules de la 1a. planta de l\u2019edifici del Mercat Municipal per iniciar la Formaci\u00f3 Professional d\u2019Electr\u00f2nica i Administratiu.<\/p>\n<p>El Departament d\u2019Ensenyament va aprovar definitivament el 14 de juny de 1985 amb efectes del curs 1984-85, la branca Administrativa i Comercial.<\/p>\n<p>Aix\u00ed ens vam trobar que l\u2019octubre de 1984 comen\u00e7\u00e0vem l\u2019institut amb 99 alumnes matriculats i 7 professors\/res, distribu\u00efts en 1 curs de primer d\u2019Administratiu, 1 curs de primer d\u2019Electr\u00f2nica i un curs de segon d\u2019Electr\u00f2nica. Aleshores no ten\u00edem nom i est\u00e0vem adscrits com a Secci\u00f3 de Formaci\u00f3 Professional al IFP de Mollet del Vall\u00e8s.<\/p>\n<p>No ens vam constituir com a IES fins el 7 de febrer de 1989. Hav\u00edem anat creixent i ja ten\u00edem BUP i FP. Necessit\u00e0vem m\u00e9s espai i per aix\u00f2 es va habilitar un terreny al costat de les pistes de l\u2019institut on ara aparquen els cotxes, per col.locar unes aules prefabricades que anomen\u00e0vem &#8220;caragoles&#8221; i, a m\u00e9s a m\u00e9s, unes aules en uns locals del carrer Picasso.<\/p>\n<p>El curs 1991-92 vam iniciar el segon grau de Formaci\u00f3 Professional de les branques d\u2019Administratiu i Electr\u00f2nica. El curs 1993-94 vam iniciar el COU. Per tant, impart\u00edem tot l\u2019Ensenyament Secundari.<\/p>\n<p>Amb tants alumnes i professors, 1038 alumnes i 73 professors, l\u2019any 1993-94, es feia urgent poder disposar d\u2019un centre propi, que no es va fer realitat fins a aquest curs. Un centre que ens va fer patir per aconseguir-lo ja que en molts moments del proc\u00e9s semblava que no es faria a la Llagosta. Realment, la voluntat ferma de pares, alumnes, professors i Ajuntament, que tant vam insistir-hi al Departament d\u2019Ensenyament,va fer que a la fi es decid\u00eds la seva construcci\u00f3 a la Llagosta.<\/p>\n<p>El curs 1994-95 vam anticipar la implantaci\u00f3 de la Reforma educativa impartint el 3r curs de l\u2019ESO. El curs 1996-97 comen\u00e7a el primer cicle, els batxillerats i els cicles formatius de grau mitj\u00e0 del nou sistema educatiu. A m\u00e9s, continu\u00e0vem impartint els cursos de COU i FP2 de l\u2019antic sistema educatiu, aquests cursos desaparegueren progressivament. El curs 1997-98 es comen\u00e7a a impartir el Cicle Formatiu de Grau Superior Administraci\u00f3 i Finances, i el curs 1999-2000 es comen\u00e7a a impartir el Cicle Formatiu de Grau Superior Desenvolupament de Productes Electr\u00f2nics.<\/p>\n<p>El proc\u00e9s de canvi al nou institut va ser viscut amb molta il.lusi\u00f3 no nom\u00e9s pels\/les alumnes i professors\/res del centre sin\u00f3 tamb\u00e9 per tot el poble de la Llagosta.<\/p>\n<p>Va coincidir amb el desembre de l\u2019any 1992 (vam realitzar el trasllat en plenes vacances de Nadal) i la inauguraci\u00f3 oficial va ser el 17 de gener de 1993, dia de Sant Antoni.<\/p>\n<p>Es va preparar un pla de treball per a la inauguraci\u00f3 del nou institut en el qual van participar persones i entitats p\u00fabliques, culturals i esportives del poble. El dia 12 de gener vam realitzar la primera festa de comiat dels espais que ens havien acollit fins aquell moment (Picasso, Mercat i Caragoles) amb una cercavila que ens va portar fins al nou institut. Per tal de donar-li la benvinguda s\u2019hi va celebrar un espectacle que jugava amb la simbologia dels elements naturals que donen nom als diferents espais del centre. All\u00e0 ens esperava un nou espai ple de sorpreses.<\/p>\n<p><a href=\"http:\/\/agora.xtec.cat\/iesmarina\/wp-content\/uploads\/usu123\/2014\/09\/n_foto7.jpg\"><img loading=\"lazy\" decoding=\"async\" class=\"size-full wp-image-459 aligncenter\" src=\"http:\/\/agora.xtec.cat\/iesmarina\/wp-content\/uploads\/usu123\/2014\/09\/n_foto7.jpg\" alt=\"n_foto7\" width=\"910\" height=\"250\" srcset=\"https:\/\/agora.xtec.cat\/iesmarina\/wp-content\/uploads\/usu123\/2014\/09\/n_foto7.jpg 910w, https:\/\/agora.xtec.cat\/iesmarina\/wp-content\/uploads\/usu123\/2014\/09\/n_foto7-300x82.jpg 300w, https:\/\/agora.xtec.cat\/iesmarina\/wp-content\/uploads\/usu123\/2014\/09\/n_foto7-768x211.jpg 768w\" sizes=\"auto, (max-width: 910px) 100vw, 910px\" \/><\/a><\/p>\n","protected":false},"excerpt":{"rendered":"<p>Abans de l\u2019octubre de 1984, tots els nois i noies de la Llagosta que volien estudiar BUP o FP havien d\u2019anar a les localitats ve\u00efnes de Montcada o Mollet.<br \/>\nL\u2019any 1979 hi havia hagut un intent de posar en marxa la Formaci\u00f3 Professional d\u2019Electr\u00f2nica i Mec\u00e0nica&hellip;  <a href=\"https:\/\/agora.xtec.cat\/iesmarina\/linstitut\/historia\/\" title=\"Read Hist\u00f2ria\">Llegeix m\u00e9s\u00bb<\/a><\/p>\n","protected":false},"author":2,"featured_media":0,"parent":19,"menu_order":15,"comment_status":"closed","ping_status":"closed","template":"page-templates\/side-menu.php","meta":{"_bbp_topic_count":0,"_bbp_reply_count":0,"_bbp_total_topic_count":0,"_bbp_total_reply_count":0,"_bbp_voice_count":0,"_bbp_anonymous_reply_count":0,"_bbp_topic_count_hidden":0,"_bbp_reply_count_hidden":0,"_bbp_forum_subforum_count":0,"footnotes":""},"class_list":["post-27","page","type-page","status-publish","hentry"],"post_mailing_queue_ids":[],"_links":{"self":[{"href":"https:\/\/agora.xtec.cat\/iesmarina\/wp-json\/wp\/v2\/pages\/27","targetHints":{"allow":["GET"]}}],"collection":[{"href":"https:\/\/agora.xtec.cat\/iesmarina\/wp-json\/wp\/v2\/pages"}],"about":[{"href":"https:\/\/agora.xtec.cat\/iesmarina\/wp-json\/wp\/v2\/types\/page"}],"author":[{"embeddable":true,"href":"https:\/\/agora.xtec.cat\/iesmarina\/wp-json\/wp\/v2\/users\/2"}],"replies":[{"embeddable":true,"href":"https:\/\/agora.xtec.cat\/iesmarina\/wp-json\/wp\/v2\/comments?post=27"}],"version-history":[{"count":3,"href":"https:\/\/agora.xtec.cat\/iesmarina\/wp-json\/wp\/v2\/pages\/27\/revisions"}],"predecessor-version":[{"id":773,"href":"https:\/\/agora.xtec.cat\/iesmarina\/wp-json\/wp\/v2\/pages\/27\/revisions\/773"}],"up":[{"embeddable":true,"href":"https:\/\/agora.xtec.cat\/iesmarina\/wp-json\/wp\/v2\/pages\/19"}],"wp:attachment":[{"href":"https:\/\/agora.xtec.cat\/iesmarina\/wp-json\/wp\/v2\/media?parent=27"}],"curies":[{"name":"wp","href":"https:\/\/api.w.org\/{rel}","templated":true}]}}

Història

<pre class="title"></pre>
<p>Abans de l’octubre de 1984, tots els nois i noies de la Llagosta que volien estudiar BUP o FP havien d’anar a les localitats veïnes de Montcada o Mollet.</p>
<p>L’any 1979 hi havia hagut un intent de posar en marxa la Formació Professional d’Electrònica i Mecànica però no es va arribar a portar a terme. No va ser fins el 31 de maig de 1984 que, al Ple municipal de l’Ajuntament de la Llagosta, es va aprovar l’habilitació d’unes aules de la 1a. planta de l’edifici del Mercat Municipal per iniciar la Formació Professional d’Electrònica i Administratiu.</p>
<p>El Departament d’Ensenyament va aprovar definitivament el 14 de juny de 1985 amb efectes del curs 1984-85, la branca Administrativa i Comercial.</p>
<p>Així ens vam trobar que l’octubre de 1984 començàvem l’institut amb 99 alumnes matriculats i 7 professors/res, distribuïts en 1 curs de primer d’Administratiu, 1 curs de primer d’Electrònica i un curs de segon d’Electrònica. Aleshores no teníem nom i estàvem adscrits com a Secció de Formació Professional al IFP de Mollet del Vallès.</p>
<p>No ens vam constituir com a IES fins el 7 de febrer de 1989. Havíem anat creixent i ja teníem BUP i FP. Necessitàvem més espai i per això es va habilitar un terreny al costat de les pistes de l’institut on ara aparquen els cotxes, per col.locar unes aules prefabricades que anomenàvem &#8220;caragoles&#8221; i, a més a més, unes aules en uns locals del carrer Picasso.</p>
<p>El curs 1991-92 vam iniciar el segon grau de Formació Professional de les branques d’Administratiu i Electrònica. El curs 1993-94 vam iniciar el COU. Per tant, impartíem tot l’Ensenyament Secundari.</p>
<p>Amb tants alumnes i professors, 1038 alumnes i 73 professors, l’any 1993-94, es feia urgent poder disposar d’un centre propi, que no es va fer realitat fins a aquest curs. Un centre que ens va fer patir per aconseguir-lo ja que en molts moments del procés semblava que no es faria a la Llagosta. Realment, la voluntat ferma de pares, alumnes, professors i Ajuntament, que tant vam insistir-hi al Departament d’Ensenyament,va fer que a la fi es decidís la seva construcció a la Llagosta.</p>
<p>El curs 1994-95 vam anticipar la implantació de la Reforma educativa impartint el 3r curs de l’ESO. El curs 1996-97 comença el primer cicle, els batxillerats i els cicles formatius de grau mitjà del nou sistema educatiu. A més, continuàvem impartint els cursos de COU i FP2 de l’antic sistema educatiu, aquests cursos desaparegueren progressivament. El curs 1997-98 es comença a impartir el Cicle Formatiu de Grau Superior Administració i Finances, i el curs 1999-2000 es comença a impartir el Cicle Formatiu de Grau Superior Desenvolupament de Productes Electrònics.</p>
<p>El procés de canvi al nou institut va ser viscut amb molta il.lusió no només pels/les alumnes i professors/res del centre sinó també per tot el poble de la Llagosta.</p>
<p>Va coincidir amb el desembre de l’any 1992 (vam realitzar el trasllat en plenes vacances de Nadal) i la inauguració oficial va ser el 17 de gener de 1993, dia de Sant Antoni.</p>
<p>Es va preparar un pla de treball per a la inauguració del nou institut en el qual van participar persones i entitats públiques, culturals i esportives del poble. El dia 12 de gener vam realitzar la primera festa de comiat dels espais que ens havien acollit fins aquell moment (Picasso, Mercat i Caragoles) amb una cercavila que ens va portar fins al nou institut. Per tal de donar-li la benvinguda s’hi va celebrar un espectacle que jugava amb la simbologia dels elements naturals que donen nom als diferents espais del centre. Allà ens esperava un nou espai ple de sorpreses.</p>
<p><a href="http://agora.xtec.cat/iesmarina/wp-content/uploads/usu123/2014/09/n_foto7.jpg"><img loading="lazy" decoding="async" class="size-full wp-image-459 aligncenter" src="http://agora.xtec.cat/iesmarina/wp-content/uploads/usu123/2014/09/n_foto7.jpg" alt="n_foto7" width="910" height="250" srcset="https://agora.xtec.cat/iesmarina/wp-content/uploads/usu123/2014/09/n_foto7.jpg 910w, https://agora.xtec.cat/iesmarina/wp-content/uploads/usu123/2014/09/n_foto7-300x82.jpg 300w, https://agora.xtec.cat/iesmarina/wp-content/uploads/usu123/2014/09/n_foto7-768x211.jpg 768w" sizes="auto, (max-width: 910px) 100vw, 910px" /></a></p>

<p>Abans de l’octubre de 1984, tots els nois i noies de la Llagosta que volien estudiar BUP o FP havien d’anar a les localitats veïnes de Montcada o Mollet.<br />
L’any 1979 hi havia hagut un intent de posar en marxa la Formació Professional d’Electrònica i Mecànica&hellip;  <a href="https://agora.xtec.cat/iesmarina/linstitut/historia/" title="Read Història">Llegeix més»</a></p>
