{"id":1478,"date":"2018-02-19T12:50:40","date_gmt":"2018-02-19T11:50:40","guid":{"rendered":"http:\/\/agora.xtec.cat\/iesmarina\/?page_id=1478"},"modified":"2018-02-19T12:52:07","modified_gmt":"2018-02-19T11:52:07","slug":"antic-projecte-comenius","status":"publish","type":"page","link":"https:\/\/agora.xtec.cat\/iesmarina\/projectes\/antic-projecte-comenius\/","title":{"rendered":"Antic projecte Comenius"},"content":{"rendered":"<h2 class=\"title\"><\/h2>\n<h2 class=\"title\"><a href=\"http:\/\/www.institutmarina.cat\/llengua-estrangera\/comenius\">Antic\u00a0projecte Comenius<\/a><\/h2>\n<p>Els projectes escolars Comenius permeten als centre educatius treballar sobre un tema d\u2019inter\u00e8s com\u00fa. Aquests tipus de projectes tenen com a objectiu el treball cooperatiu amb diferents pa\u00efsos de la Uni\u00f3 Europea , utilitzant l&#8217;angl\u00e8s com a llengua de treball i de comunicaci\u00f3.<\/p>\n<p>Una de les prioritats consisteix en fomentar la participaci\u00f3 activa dels alumnes. Posteriorment, un grup d&#8217;ells, normalment de batxillerat, podr\u00e0 despla\u00e7ar-se a un altre pa\u00eds, acompanyat pels seus professors, per a fer una posada en com\u00fa de tota la feina feta i conviure amb alumnes d&#8217;altres pa\u00efsos.<\/p>\n<p align=\"LEFT\">El Departament de Lleng\u00fces Estrangeres de l&#8217;INS Marina porta participant en projectes amb diversos pa\u00efsos europeus des del 2005. Actualment ha estat esollit per a formar part en el Projecte Comenius\u00a0<em>Move!,\u00a0<\/em>sobre l&#8217;esport i la nutrici\u00f3, que es finalitzar\u00e0 l&#8217;any 2015.<\/p>\n<p align=\"LEFT\">A continuaci\u00f3 us expliquem el projecte d&#8217;enguany i els anteriors.<\/p>\n<h2><\/h2>\n<h2>2013\u00a0&#8211; 2015: Move!<\/h2>\n<p>&#8220;Move!&#8221; \u00e9s un projecte d&#8217;associaci\u00f3 Comenius multilateral en qu\u00e8 els estudiants de cinc escoles participen en l&#8217;esport per augmentar la consci\u00e8ncia dels beneficis de l&#8217;activitat f\u00edsica regular.<\/p>\n<p>Els pa\u00efsos participants s\u00f3n It\u00e0lia (Canicatti), Pol\u00f2nia (Sierakowice), Turquia (Izmir), Tx\u00e8quia (Severovychod).<\/p>\n<p>En el nostre projecte es demana als estudiants que cre\u00efn classes d&#8217;Educaci\u00f3 F\u00edsica a trav\u00e9s de la<\/p>\n<p>col\u00b7laboraci\u00f3 en grup. Posteriorment, presenten les seves activitats a la resta d&#8217;alumnes i professors europeus durant la mobilitat, a trav\u00e9s de la participaci\u00f3 activa de tots els estudiants associats.<\/p>\n<p>Per a garantir la diversitat i la creativitat, es demana als estudiants que preparin una activitat d&#8217;Educaci\u00f3 F\u00edsica diferent cada vegada (6 unitats diferents durant una mobilitat) :<\/p>\n<ol>\n<li>classe a l&#8217;exterior<\/li>\n<li>amb una pilota<\/li>\n<li>en una instal\u00b7laci\u00f3 esportiva<\/li>\n<li>amb elements de la m\u00fasica<\/li>\n<li>d&#8217;estil lliure<\/li>\n<li>amb elements nacionals<\/li>\n<\/ol>\n<p>El alumnes del pa\u00eds acollidor tamb\u00e9 preparen, juntament amb els professors, diferents presentacions sobre l&#8217;esport i la cultura del seu pa\u00eds, aix\u00ed com participen en les diferents sortides culturals preparades per a les escoles visitants.<\/p>\n<p>Els alumnes acullen a casa seva, durant una setmana, a un company d&#8217;un altre pa\u00eds, compartint el temps a l&#8217;escola i fora d&#8217;ella. \u00c9s una oportunitat \u00fanica per aprendre a conviure amb joves de pa\u00efsos diferents, aprendre paraules en idiomes desconeguts per a ells i utilitzar l&#8217;angl\u00e8s en un context comunicatiu.<\/p>\n<p>&nbsp;<\/p>\n<h3>Primera\u00a0mobilitat: Pol\u00f2nia, del 23 al 27 de setembre del 2013.<\/h3>\n<p>Aquesta mobilitat va ser nom\u00e9s de professors, amb la finalitat de coordinar els dos anys del projecte i arribar a acords.<\/p>\n<p>&nbsp;<\/p>\n<p>Clicar a sobre de la foto per accedir a l&#8217;\u00e0lbum<\/p>\n<p><a href=\"https:\/\/plus.google.com\/u\/0\/photos\/107006690766468456281\/albums\/5929647878730116641\" target=\"_blank\" rel=\"noopener noreferrer\"><img loading=\"lazy\" decoding=\"async\" src=\"http:\/\/www.institutmarina.cat\/images\/PA273945.jpg\" alt=\"\" width=\"600\" height=\"400\" \/><\/a><\/p>\n<h3><\/h3>\n<h3>\u00a0Segona\u00a0mobilitat: Severovychod, Tx\u00e8quia, del 13 al 17 de gener del 2014.<\/h3>\n<p>Un grup de vint-i-quatre alumnes i els seus professors dels cinc pa\u00efsos del projecte Comenius van poder practicar l&#8217;esqu\u00ed durant tres dies , despr\u00e8s de rebre algunes explicacions sobre aquesta pr\u00e0ctica esportiva. Tamb\u00e9 van aprendre sobre la cultura i l&#8217;esport de la Rep\u00fablica Txeca, i van tenir l&#8217;oportunitat de visitar Praga, la capital.<\/p>\n<p>Clicar a sobre de la foto per accedir a l&#8217;\u00e0lbum<\/p>\n<p><a href=\"https:\/\/plus.google.com\/photos\/107006690766468456281\/albums\/5968788782798001153?partnerid=gplp0\" target=\"_blank\" rel=\"noopener noreferrer\"><img loading=\"lazy\" decoding=\"async\" src=\"http:\/\/www.institutmarina.cat\/images\/idiomes\/IMG-20140114-WA0009-SNOW.gif\" alt=\"\" width=\"600\" height=\"400\" \/><\/a><\/p>\n<h2><\/h2>\n<h3>Tercera\u00a0mobilitat: La Llagosta, del 10 al 14 de mar\u00e7 del 2014<\/h3>\n<p>El nostre institut va rebre tots els alumnes i professors del projecte durant una setmana, organitzant sortides culturals a centres i recintes esportius, com l&#8217;Anella Ol\u00edmpica a Montju\u00efc, el Museu Ol\u00edmpic i la INEFC, no deixant de banda caminades de caire m\u00e9s cultural, com la passejada pel Passeig de Gr\u00e0cia, passant per les Rambles, fins a la platja.<\/p>\n<p>Aix\u00ed mateix, es va visitar el pavell\u00f3 esportiu de la Llagosta, el gerent del qual ens va oferir de bon grat una visita guiada. \u00c9s aqu\u00ed on es van dur a terme les diferents activitats esportives dissenyades per cada pa\u00eds membre.<\/p>\n<p>Tamb\u00e9 vam visitar l&#8217;Ajuntament de la localitat. Ens va rebre l&#8217;Alcalde i el senyor Bartalot ens va oferir una visita comentada de La Llagosta.<\/p>\n<p>Una caminada pel parc de Collserola va ser l&#8217;\u00faltima activitat d&#8217;EF, per a mostrar, amb orgull, la bellesa i diversitat d&#8217;una ciutat com Barcelona.<\/p>\n<p>&nbsp;<\/p>\n<h3>Quarta\u00a0mobilitat: Izmir (Turquia) del 22 al 26 de setembre del 2014<\/h3>\n<p>L&#8217;institut Marina va viatjar amb sis alumnes i dues professores a Izmir, a on es van trobar amb la resta de companys del projecte.<\/p>\n<p>El primer dia va ser dedicat intensivament a realitzar les activitats esportives preparades, que es van dur a terme en les instal\u00b7lacions de l&#8217;escola turca.<\/p>\n<p>Tamb\u00e9 fam tenir l&#8217;oportunitat de fer caminades per Izmir, \u00c9feso, Sirince i Cesme aix\u00ed com rebre classes, en angl\u00e8s, de windsurf a Alacati.<\/p>\n<p>La visita a Turquia \u00e9s normalment la m\u00e9s ex\u00f2tica per a nosaltres i la que m\u00e9s ajuda a trencar estereotips sobre els habitants d&#8217;aquest pa\u00eds.<\/p>\n<p>Clicar a sobre de la foto per accedir a l&#8217;\u00e0lbum<\/p>\n<p><a href=\"https:\/\/plus.google.com\/u\/0\/photos\/107006690766468456281\/albums\/6064915828372802433\" target=\"_blank\" rel=\"noopener noreferrer\"><img loading=\"lazy\" decoding=\"async\" src=\"http:\/\/www.institutmarina.cat\/images\/idiomes\/DSC00648.JPG\" alt=\"\" width=\"600\" height=\"400\" \/><\/a><\/p>\n<p>&nbsp;<\/p>\n<h3>Cinquena\u00a0mobilitat: Canicatti, Sic\u00edlia (It\u00e0lia) del 12 al 19 de setembre del 2015<\/h3>\n<p>L&#8217;institut Marina va viatjar amb dues professores (Angl\u00e8s, Nati Castillo i Educaci\u00f3 F\u00edsica, Al\u00edcia Muniente) i sis alumnes de batxillerat.<\/p>\n<p>L&#8217;institut visitat va ser el Galileo Galilei, de Formaci\u00f3 Professional, i all\u00e0 vam compartir la nostra estada amb els alumnes i professors dels pa\u00efsos del projecte.<\/p>\n<p>A banda de realitzar les activitats esportives planejades, els nostres anfitrions ens van organitzar m\u00faltiples visites a l&#8217;illa i van estar amb nosaltres en tot moment. Aix\u00ed, vam con\u00e8ixer Naro, Agrigento, la Reserva dello Zingaro, Erice, el volc\u00e0 Etna, Taormina i Palermo.<\/p>\n<p>Com \u00e9s habitual, la llengua utlilitzada aquella setmana va ser l&#8217;angl\u00e8s, per\u00f2 les alumnes (totes eren noies!) van aprendre moltes expressions en itali\u00e0 i a posar en pr\u00e0ctica el que havien apr\u00e8s amb el professor F\u00e9lix Marco.<\/p>\n<p>En suma, va ser una setmana de conviv\u00e8ncia molt gratificant \ud83d\ude42 Vam tenir uns excel\u00b7lents anfitrions i la relaci\u00f3 amb alumnes i professors va ser estupenda.<\/p>\n<p>&nbsp;<\/p>\n<p>Clicar sobre la foto per a accedir a l&#8217;\u00e0lbum<\/p>\n<p><a><img loading=\"lazy\" decoding=\"async\" src=\"http:\/\/www.institutmarina.cat\/images\/DSC02198.JPG\" alt=\"DSC02198\" width=\"712\" height=\"400\" \/><\/a><\/p>\n<h2><\/h2>\n<h2>2011\u00a0&#8211; 2013: Job Migration in Europe.<\/h2>\n<p align=\"LEFT\">Els alumnes han fet recerca sobre la situaci\u00f3 laboral al seu pa\u00eds i a d&#8217;altres europeus, participants en el projecte, amb l&#8217;objectiu de con\u00e8ixer quins oficis ofereixen m\u00e9s possibilitats de col\u00b7locaci\u00f3, a fi d&#8217;evitar l&#8217;atur i promocionar la mobilitat laboral a Europa.<\/p>\n<p align=\"LEFT\">Aix\u00ed mateix, tamb\u00e9 han promocionat el lloc on viuen, destacant els atractius que el seu pa\u00eds ofereix.<\/p>\n<p align=\"LEFT\">El resultat d&#8217;aquesta recerca ha estat compartit en dues trobades, una a Estrasburg (Fran\u00e7a) i l&#8217;altre a Halle (Alemanya). Divuit alumnes han viatjat durant cinc dies , completament gratis, a aquests pa\u00efsos. Aix\u00f2 ha estat possible gr\u00e0cies al Fons Europeus. Els alumnes i professors de tots pa\u00efsos participants (Alemanya, It\u00e0lia, Eslov\u00e0quia, Pol\u00f2nia, Fran\u00e7a, i nosaltres) ens hem allotjat en albergs.<\/p>\n<p align=\"LEFT\">Tamb\u00e9 hi ha hagut dues trobades exclusivament de professors \/es, a fi de preparar el material de treball dels alumnes, compartir opinions sobre les tasques realitzades, i redactar informes sobre el projecte.<\/p>\n<p align=\"LEFT\">Abaix podeu veure els dos \u00e0lbums de fotos d&#8217;aquests viatges que han fet els alumnes.<\/p>\n<p align=\"LEFT\">1)\u00a0<a href=\"https:\/\/picasaweb.google.com\/107006690766468456281\/HALLEALEMANYAABRIL2013\">A Halle, Alemanya.<\/a><\/p>\n<p><a href=\"https:\/\/plus.google.com\/photos\/107006690766468456281\/albums\/5867716736930696625\" target=\"_blank\" rel=\"noopener noreferrer\"><img loading=\"lazy\" decoding=\"async\" src=\"http:\/\/www.institutmarina.cat\/images\/idiomes\/HALLE.JPG\" alt=\"\" width=\"667\" height=\"400\" \/><\/a><\/p>\n<p>&nbsp;<\/p>\n<p>2)\u00a0<a href=\"https:\/\/picasaweb.google.com\/107006690766468456281\/2012_04_14_STRASBOURG\">A Estrasburg, Fran\u00e7a<\/a><\/p>\n<p>CLICAR A SOBRE DE LA FOTO PER A PODER VEURE L&#8217;\u00c0LBUM<\/p>\n<p>&nbsp;<\/p>\n<p><a href=\"https:\/\/plus.google.com\/photos\/107006690766468456281\/albums\/5736133928237969665\" target=\"_blank\" rel=\"noopener noreferrer\"><img loading=\"lazy\" decoding=\"async\" src=\"http:\/\/www.institutmarina.cat\/images\/idiomes\/STRASBOURG.JPG\" alt=\"\" width=\"666\" height=\"400\" \/><\/a><\/p>\n<p>&nbsp;<\/p>\n<h2 align=\"LEFT\">2007\u00a0&#8211; 2009 Open Doors<\/h2>\n<p align=\"LEFT\">\u00a0El projecte s\u2019anomena\u00a0<em>European cultural and religious diversity: open doors to inclusion and transnational friendship<\/em>\u00a0(diversitat cultural i religiosa a Europa: portes obertes a la inclusi\u00f3 i a l\u2019amistat transnacional).<\/p>\n<p>L\u2019objectiu del projecte va ser:<\/p>\n<ul>\n<li>Ampliar el coneixement d\u2019alumnes i professors sobre la diversitat i valor de diferents cultures, religions i idiomes europeus.<\/li>\n<li>Donar recolzament a les minories i v\u00edctimes del racisme, extremisme o xenof\u00f2bia per \u00e9sser acceptats i respectats en un sistema escolar inclusiu, independentment del seu sexe,<\/li>\n<li>Habilitats personals o del seu origen.<\/li>\n<li>Millorar la compet\u00e8ncia en angl\u00e8s, i l\u2019\u00fas de les TIC com un recurs educatiu global, aix\u00ed com promoure la cooperaci\u00f3 entre escoles i centres interculturals.<\/li>\n<\/ul>\n<p>Grups d\u2019alumnes de 2<sup>n<\/sup>\u00a0de Batxillerat, 1<sup>r<\/sup>\u00a0Batxillerat, 3<sup>r<\/sup>\u00a0ESO i 2<sup>n<\/sup>\u00a0ESO van estar implicats en aquest projecte, i alguns d\u2019ells van fer intercanvis amb Su\u00e8cia, Eslov\u00e0quia, Bulg\u00e0ria i Turquia. En total van participar en aquest Comenius uns 40 alumnes.<\/p>\n<p><a href=\"http:\/\/alleurope.wordpress.com\/\">Blog de treball<\/a><\/p>\n<p align=\"LEFT\">Abaix podeu veure les fotos dels intercanvis<\/p>\n<p>&nbsp;<\/p>\n<table border=\"0\">\n<tbody>\n<tr>\n<td><a href=\"http:\/\/picasaweb.google.es\/opendoors07\/ExchangeInSwedenLinkPing?feat=embedwebsite\" target=\"_blank\" rel=\"noopener noreferrer\"><img loading=\"lazy\" decoding=\"async\" src=\"http:\/\/lh6.ggpht.com\/_ZR91PJBOvfA\/R9qWdpx66ME\/AAAAAAAAA-I\/Lu688Rm8r4k\/s160-c\/ExchangeInSwedenLinkPing.jpg\" alt=\"\" width=\"160\" height=\"160\" \/><\/a><\/td>\n<td><a href=\"http:\/\/picasaweb.google.es\/opendoors07\/ExchangeInMartinSlovakia?feat=embedwebsite\" target=\"_blank\" rel=\"noopener noreferrer\"><img loading=\"lazy\" decoding=\"async\" src=\"http:\/\/lh6.ggpht.com\/_ZR91PJBOvfA\/SDbHyT4buSE\/AAAAAAAABpc\/zipyMaTcxAI\/s160-c\/ExchangeInMartinSlovakia.jpg\" alt=\"\" width=\"160\" height=\"160\" \/><\/a><\/td>\n<td><a href=\"http:\/\/picasaweb.google.es\/opendoors07\/ExchangeInBulgaria?feat=embedwebsite\" target=\"_blank\" rel=\"noopener noreferrer\"><img loading=\"lazy\" decoding=\"async\" src=\"http:\/\/lh5.ggpht.com\/_ZR91PJBOvfA\/SUOx64PHxaE\/AAAAAAAAD8w\/4SjKEvaNIFI\/s160-c\/ExchangeInBulgaria.jpg\" alt=\"\" width=\"160\" height=\"160\" \/><\/a><\/td>\n<\/tr>\n<tr>\n<td>&nbsp;<\/p>\n<p><a href=\"http:\/\/picasaweb.google.es\/opendoors07\/ExchangeInSwedenLinkPing?feat=embedwebsite\">Exchange in Sweden (Link\u00f6ping)<\/a><\/td>\n<td><a href=\"http:\/\/picasaweb.google.es\/opendoors07\/ExchangeInMartinSlovakia?feat=embedwebsite\">Exchange in Martin (Slovakia)<\/a><\/td>\n<td><a href=\"http:\/\/picasaweb.google.es\/opendoors07\/ExchangeInBulgaria?feat=embedwebsite\">Exchange in Bulgaria<\/a><\/td>\n<\/tr>\n<\/tbody>\n<\/table>\n<p>&nbsp;<\/p>\n<p><a href=\"https:\/\/picasaweb.google.com\/opendoors07\/ExchangeInTurkey\">Fotos de l&#8217;intercanvi amb Turquia<\/a>\u00a0(3r ESO)<\/p>\n<p><a href=\"https:\/\/picasaweb.google.com\/opendoors07\/LastPMSpainMay09\">Fotos de l&#8217;\u00faltima trobada (a La Llagosta)<\/a>: van asistir-hi Su\u00e8cia, Turquia, Bulg\u00e0ria, Eslov\u00e0quia, Gr\u00e8cia i Bulg\u00e0ria.<\/p>\n","protected":false},"excerpt":{"rendered":"<p><a href=\"http:\/\/www.institutmarina.cat\/llengua-estrangera\/comenius\">Antic\u00a0projecte Comenius<\/a><br \/>\nEls projectes escolars Comenius permeten als centre educatius treballar sobre un tema d\u2019inter\u00e8s com\u00fa. Aquests tipus de projectes tenen com a objectiu el treball cooperatiu amb diferents pa\u00efsos de la Uni\u00f3 Europea , utilitzant l&#8217;angl\u00e8s com a llengua de treball i de comunicaci\u00f3.<br \/>\nUna&hellip;  <a href=\"https:\/\/agora.xtec.cat\/iesmarina\/projectes\/antic-projecte-comenius\/\" title=\"Read Antic projecte Comenius\">Llegeix m\u00e9s\u00bb<\/a><\/p>\n","protected":false},"author":1,"featured_media":0,"parent":802,"menu_order":30,"comment_status":"closed","ping_status":"closed","template":"page-templates\/side-menu.php","meta":{"_bbp_topic_count":0,"_bbp_reply_count":0,"_bbp_total_topic_count":0,"_bbp_total_reply_count":0,"_bbp_voice_count":0,"_bbp_anonymous_reply_count":0,"_bbp_topic_count_hidden":0,"_bbp_reply_count_hidden":0,"_bbp_forum_subforum_count":0,"footnotes":""},"class_list":["post-1478","page","type-page","status-publish","hentry"],"post_mailing_queue_ids":[],"_links":{"self":[{"href":"https:\/\/agora.xtec.cat\/iesmarina\/wp-json\/wp\/v2\/pages\/1478","targetHints":{"allow":["GET"]}}],"collection":[{"href":"https:\/\/agora.xtec.cat\/iesmarina\/wp-json\/wp\/v2\/pages"}],"about":[{"href":"https:\/\/agora.xtec.cat\/iesmarina\/wp-json\/wp\/v2\/types\/page"}],"author":[{"embeddable":true,"href":"https:\/\/agora.xtec.cat\/iesmarina\/wp-json\/wp\/v2\/users\/1"}],"replies":[{"embeddable":true,"href":"https:\/\/agora.xtec.cat\/iesmarina\/wp-json\/wp\/v2\/comments?post=1478"}],"version-history":[{"count":2,"href":"https:\/\/agora.xtec.cat\/iesmarina\/wp-json\/wp\/v2\/pages\/1478\/revisions"}],"predecessor-version":[{"id":1480,"href":"https:\/\/agora.xtec.cat\/iesmarina\/wp-json\/wp\/v2\/pages\/1478\/revisions\/1480"}],"up":[{"embeddable":true,"href":"https:\/\/agora.xtec.cat\/iesmarina\/wp-json\/wp\/v2\/pages\/802"}],"wp:attachment":[{"href":"https:\/\/agora.xtec.cat\/iesmarina\/wp-json\/wp\/v2\/media?parent=1478"}],"curies":[{"name":"wp","href":"https:\/\/api.w.org\/{rel}","templated":true}]}}