{"id":1188,"date":"2018-02-16T10:37:40","date_gmt":"2018-02-16T09:37:40","guid":{"rendered":"http:\/\/agora.xtec.cat\/iesmarina\/?page_id=1188"},"modified":"2018-02-19T15:12:08","modified_gmt":"2018-02-19T14:12:08","slug":"proves-dacces-als-cicles-formatius","status":"publish","type":"page","link":"https:\/\/agora.xtec.cat\/iesmarina\/secretaria\/proves-dacces-als-cicles-formatius\/","title":{"rendered":"Proves\u00a0d&#8217;acc\u00e9s CF"},"content":{"rendered":"<p><strong>PROVES ACC\u00c8S A CICLES FORMATIUS DE GRAU MIG I GRAU SUPERIOR<\/strong><\/p>\n<p><a href=\"http:\/\/www20.gencat.cat\/portal\/site\/ensenyament\/menuitem.75e1c94eb5dd9e184ed22010b0c0e1a0\/?vgnextoid=95af3ef3b8a05310VgnVCM1000008d0c1e0aRCRD&amp;vgnextchannel=95af3ef3b8a05310VgnVCM1000008d0c1e0aRCRD&amp;vgnextfmt=default\" target=\"_blank\" rel=\"noopener noreferrer\">Prova d&#8217;acc\u00e9s als cicles formatius de grau mitj\u00e0 de formaci\u00f3 professional inicial<\/a><\/p>\n<p><a href=\"http:\/\/www20.gencat.cat\/portal\/site\/ensenyament\/menuitem.75e1c94eb5dd9e184ed22010b0c0e1a0\/?vgnextoid=0d4f80a92de05310VgnVCM2000009b0c1e0aRCRD&amp;vgnextchannel=0d4f80a92de05310VgnVCM2000009b0c1e0aRCRD&amp;vgnextfmt=default\" target=\"_blank\" rel=\"noopener noreferrer\">Prova d&#8217;acc\u00e9s als cicles formatius de grau superior de formaci\u00f3 professional inicial<\/a><\/p>\n<p>&nbsp;<\/p>\n<p><strong>MODELS DE PROVES<\/strong><\/p>\n<p><a href=\"http:\/\/www20.gencat.cat\/portal\/site\/ensenyament\/menuitem.e79d96e9bc498691c65d3082b0c0e1a0\/?vgnextoid=58a7ad1272f05310VgnVCM2000009b0c1e0aRCRD&amp;vgnextchannel=58a7ad1272f05310VgnVCM2000009b0c1e0aRCRD&amp;vgnextfmt=default\" target=\"_blank\" rel=\"noopener noreferrer\">Prova d&#8217;acc\u00e9s als cicles formatius de grau mitj\u00e0 de formaci\u00f3 professional inicial<\/a><\/p>\n<p><a href=\"http:\/\/www20.gencat.cat\/portal\/site\/ensenyament\/menuitem.e79d96e9bc498691c65d3082b0c0e1a0\/?vgnextoid=d2df8aa58fd25310VgnVCM1000008d0c1e0aRCRD&amp;vgnextchannel=d2df8aa58fd25310VgnVCM1000008d0c1e0aRCRD&amp;vgnextfmt=default\" target=\"_blank\" rel=\"noopener noreferrer\">Prova d&#8217;acc\u00e9s als cicles formatius de grau superior de formaci\u00f3 professional inicial<\/a><\/p>\n","protected":false},"excerpt":{"rendered":"<p>PROVES ACC\u00c8S A CICLES FORMATIUS DE GRAU MIG I GRAU SUPERIOR<br \/>\n<a href=\"http:\/\/www20.gencat.cat\/portal\/site\/ensenyament\/menuitem.75e1c94eb5dd9e184ed22010b0c0e1a0\/?vgnextoid=95af3ef3b8a05310VgnVCM1000008d0c1e0aRCRD&amp;vgnextchannel=95af3ef3b8a05310VgnVCM1000008d0c1e0aRCRD&amp;vgnextfmt=default\" target=\"_blank\" rel=\"noopener noreferrer\">Prova d&#8217;acc\u00e9s als cicles formatius de grau mitj\u00e0 de formaci\u00f3 professional inicial<\/a><br \/>\n<a href=\"http:\/\/www20.gencat.cat\/portal\/site\/ensenyament\/menuitem.75e1c94eb5dd9e184ed22010b0c0e1a0\/?vgnextoid=0d4f80a92de05310VgnVCM2000009b0c1e0aRCRD&amp;vgnextchannel=0d4f80a92de05310VgnVCM2000009b0c1e0aRCRD&amp;vgnextfmt=default\" target=\"_blank\" rel=\"noopener noreferrer\">Prova d&#8217;acc\u00e9s als cicles formatius de grau superior de formaci\u00f3 professional inicial<\/a><br \/>\n&nbsp;<br \/>\nMODELS DE PROVES<br \/>\n<a href=\"http:\/\/www20.gencat.cat\/portal\/site\/ensenyament\/menuitem.e79d96e9bc498691c65d3082b0c0e1a0\/?vgnextoid=58a7ad1272f05310VgnVCM2000009b0c1e0aRCRD&amp;vgnextchannel=58a7ad1272f05310VgnVCM2000009b0c1e0aRCRD&amp;vgnextfmt=default\" target=\"_blank\"&hellip;  <a href=\"https:\/\/agora.xtec.cat\/iesmarina\/secretaria\/proves-dacces-als-cicles-formatius\/\" title=\"Read Proves\u00a0d&#8217;acc\u00e9s CF\">Llegeix m\u00e9s\u00bb<\/a><\/p>\n","protected":false},"author":1,"featured_media":0,"parent":81,"menu_order":20,"comment_status":"closed","ping_status":"closed","template":"page-templates\/side-menu.php","meta":{"_bbp_topic_count":0,"_bbp_reply_count":0,"_bbp_total_topic_count":0,"_bbp_total_reply_count":0,"_bbp_voice_count":0,"_bbp_anonymous_reply_count":0,"_bbp_topic_count_hidden":0,"_bbp_reply_count_hidden":0,"_bbp_forum_subforum_count":0,"footnotes":""},"class_list":["post-1188","page","type-page","status-publish","hentry"],"post_mailing_queue_ids":[],"_links":{"self":[{"href":"https:\/\/agora.xtec.cat\/iesmarina\/wp-json\/wp\/v2\/pages\/1188","targetHints":{"allow":["GET"]}}],"collection":[{"href":"https:\/\/agora.xtec.cat\/iesmarina\/wp-json\/wp\/v2\/pages"}],"about":[{"href":"https:\/\/agora.xtec.cat\/iesmarina\/wp-json\/wp\/v2\/types\/page"}],"author":[{"embeddable":true,"href":"https:\/\/agora.xtec.cat\/iesmarina\/wp-json\/wp\/v2\/users\/1"}],"replies":[{"embeddable":true,"href":"https:\/\/agora.xtec.cat\/iesmarina\/wp-json\/wp\/v2\/comments?post=1188"}],"version-history":[{"count":3,"href":"https:\/\/agora.xtec.cat\/iesmarina\/wp-json\/wp\/v2\/pages\/1188\/revisions"}],"predecessor-version":[{"id":1486,"href":"https:\/\/agora.xtec.cat\/iesmarina\/wp-json\/wp\/v2\/pages\/1188\/revisions\/1486"}],"up":[{"embeddable":true,"href":"https:\/\/agora.xtec.cat\/iesmarina\/wp-json\/wp\/v2\/pages\/81"}],"wp:attachment":[{"href":"https:\/\/agora.xtec.cat\/iesmarina\/wp-json\/wp\/v2\/media?parent=1188"}],"curies":[{"name":"wp","href":"https:\/\/api.w.org\/{rel}","templated":true}]}}

Proves d&#8217;accés CF

<p><strong>PROVES ACCÈS A CICLES FORMATIUS DE GRAU MIG I GRAU SUPERIOR</strong></p>
<p><a href="http://www20.gencat.cat/portal/site/ensenyament/menuitem.75e1c94eb5dd9e184ed22010b0c0e1a0/?vgnextoid=95af3ef3b8a05310VgnVCM1000008d0c1e0aRCRD&amp;vgnextchannel=95af3ef3b8a05310VgnVCM1000008d0c1e0aRCRD&amp;vgnextfmt=default" target="_blank" rel="noopener noreferrer">Prova d&#8217;accés als cicles formatius de grau mitjà de formació professional inicial</a></p>
<p><a href="http://www20.gencat.cat/portal/site/ensenyament/menuitem.75e1c94eb5dd9e184ed22010b0c0e1a0/?vgnextoid=0d4f80a92de05310VgnVCM2000009b0c1e0aRCRD&amp;vgnextchannel=0d4f80a92de05310VgnVCM2000009b0c1e0aRCRD&amp;vgnextfmt=default" target="_blank" rel="noopener noreferrer">Prova d&#8217;accés als cicles formatius de grau superior de formació professional inicial</a></p>
<p>&nbsp;</p>
<p><strong>MODELS DE PROVES</strong></p>
<p><a href="http://www20.gencat.cat/portal/site/ensenyament/menuitem.e79d96e9bc498691c65d3082b0c0e1a0/?vgnextoid=58a7ad1272f05310VgnVCM2000009b0c1e0aRCRD&amp;vgnextchannel=58a7ad1272f05310VgnVCM2000009b0c1e0aRCRD&amp;vgnextfmt=default" target="_blank" rel="noopener noreferrer">Prova d&#8217;accés als cicles formatius de grau mitjà de formació professional inicial</a></p>
<p><a href="http://www20.gencat.cat/portal/site/ensenyament/menuitem.e79d96e9bc498691c65d3082b0c0e1a0/?vgnextoid=d2df8aa58fd25310VgnVCM1000008d0c1e0aRCRD&amp;vgnextchannel=d2df8aa58fd25310VgnVCM1000008d0c1e0aRCRD&amp;vgnextfmt=default" target="_blank" rel="noopener noreferrer">Prova d&#8217;accés als cicles formatius de grau superior de formació professional inicial</a></p>

<p>PROVES ACCÈS A CICLES FORMATIUS DE GRAU MIG I GRAU SUPERIOR<br />
<a href="http://www20.gencat.cat/portal/site/ensenyament/menuitem.75e1c94eb5dd9e184ed22010b0c0e1a0/?vgnextoid=95af3ef3b8a05310VgnVCM1000008d0c1e0aRCRD&amp;vgnextchannel=95af3ef3b8a05310VgnVCM1000008d0c1e0aRCRD&amp;vgnextfmt=default" target="_blank" rel="noopener noreferrer">Prova d&#8217;accés als cicles formatius de grau mitjà de formació professional inicial</a><br />
<a href="http://www20.gencat.cat/portal/site/ensenyament/menuitem.75e1c94eb5dd9e184ed22010b0c0e1a0/?vgnextoid=0d4f80a92de05310VgnVCM2000009b0c1e0aRCRD&amp;vgnextchannel=0d4f80a92de05310VgnVCM2000009b0c1e0aRCRD&amp;vgnextfmt=default" target="_blank" rel="noopener noreferrer">Prova d&#8217;accés als cicles formatius de grau superior de formació professional inicial</a><br />
&nbsp;<br />
MODELS DE PROVES<br />
<a href="http://www20.gencat.cat/portal/site/ensenyament/menuitem.e79d96e9bc498691c65d3082b0c0e1a0/?vgnextoid=58a7ad1272f05310VgnVCM2000009b0c1e0aRCRD&amp;vgnextchannel=58a7ad1272f05310VgnVCM2000009b0c1e0aRCRD&amp;vgnextfmt=default" target="_blank"&hellip;  <a href="https://agora.xtec.cat/iesmarina/secretaria/proves-dacces-als-cicles-formatius/" title="Read Proves d&#8217;accés CF">Llegeix més»</a></p>
