{"id":1184,"date":"2018-02-16T10:35:21","date_gmt":"2018-02-16T09:35:21","guid":{"rendered":"http:\/\/agora.xtec.cat\/iesmarina\/?page_id=1184"},"modified":"2018-02-16T10:35:21","modified_gmt":"2018-02-16T09:35:21","slug":"matricula","status":"publish","type":"page","link":"https:\/\/agora.xtec.cat\/iesmarina\/secretaria\/matricula\/","title":{"rendered":"Matr\u00edcula"},"content":{"rendered":"<p class=\"title\">\n<p><a href=\"http:\/\/www.institutmarina.cat\/images\/archivos\/secretaria\/2013_2014\/Documents%20matrcula.pdf\" target=\"_blank\" rel=\"noopener noreferrer\"><img loading=\"lazy\" decoding=\"async\" src=\"http:\/\/www.institutmarina.cat\/images\/logos\/flecha.png\" alt=\"flecha\" width=\"26\" height=\"20\" \/><\/a>\u00a0<a href=\"https:\/\/drive.google.com\/file\/d\/0B0dj95lyR6lWb3dhNU1PcElsSTA3X2pKUkFneEdMN1FXb29n\/view?usp=sharing\" target=\"_blank\" rel=\"noopener noreferrer\">Enlla\u00e7 a les INSTRUCCIONS per a la matr\u00edcula<\/a><\/p>\n<p><a href=\"http:\/\/www.institutmarina.cat\/images\/archivos\/secretaria\/2014_2015\/autoritzacio_imatge_majors.pdf\" target=\"_blank\" rel=\"noopener noreferrer\"><img loading=\"lazy\" decoding=\"async\" src=\"http:\/\/www.institutmarina.cat\/images\/logos\/flecha.png\" alt=\"flecha\" width=\"26\" height=\"20\" \/><\/a>\u00a0<a href=\"https:\/\/drive.google.com\/file\/d\/0B0dj95lyR6lWdjg0RmFJYWdZNTNacjdwOVM3LUQzOUtjb0hJ\/view?usp=sharing\" target=\"_blank\" rel=\"noopener noreferrer\">Enlla\u00e7 a l&#8217;impr\u00e9s de MATR\u00cdCULA<\/a><\/p>\n<p><a href=\"http:\/\/www.institutmarina.cat\/images\/archivos\/secretaria\/2014_2015\/autoritzacio_imatge_majors.pdf\" target=\"_blank\" rel=\"noopener noreferrer\"><img loading=\"lazy\" decoding=\"async\" src=\"http:\/\/www.institutmarina.cat\/images\/logos\/flecha.png\" alt=\"flecha\" width=\"26\" height=\"20\" \/><\/a><a href=\"https:\/\/drive.google.com\/file\/d\/0B0dj95lyR6lWd0Rxd2NsOWhfV0ZUREU0TEpOSW1TdlBKZmR3\/view?usp=sharing\" target=\"_blank\" rel=\"noopener noreferrer\">Enlla\u00e7 a l&#8217;impr\u00e9s de MATR\u00cdCULA cicles GRAU SUPERIOR<\/a><\/p>\n<p><a href=\"http:\/\/www.institutmarina.cat\/images\/archivos\/secretaria\/2014_2015\/autoritzacio_imatge_majors.pdf\" target=\"_blank\" rel=\"noopener noreferrer\"><img loading=\"lazy\" decoding=\"async\" src=\"http:\/\/www.institutmarina.cat\/images\/logos\/flecha.png\" alt=\"flecha\" width=\"26\" height=\"20\" \/><\/a><a href=\"https:\/\/drive.google.com\/file\/d\/0B0dj95lyR6lWSzBZODcwdDU1NDdYT0p3Q291QlRYQmNWQVBz\/view?usp=sharing\">Enlla\u00e7 al document d&#8217;autoritzaci\u00f3 de difusi\u00f3 d&#8217;imatge MAJORS de 14 anys<\/a><\/p>\n<p><a href=\"http:\/\/www.institutmarina.cat\/images\/archivos\/secretaria\/2014_2015\/autoritzacio_imatge_menors.pdf\" target=\"_blank\" rel=\"noopener noreferrer\"><img loading=\"lazy\" decoding=\"async\" src=\"http:\/\/www.institutmarina.cat\/images\/logos\/flecha.png\" alt=\"flecha\" width=\"26\" height=\"20\" \/><\/a><a href=\"https:\/\/drive.google.com\/file\/d\/0B0dj95lyR6lWNWxrQWlZcVBRb2FxTE9YeTlvQ3lRU1lKN1Rn\/view?usp=sharing\">Enlla\u00e7 al document d&#8217;autoritzaci de difusi\u00f3 d&#8217;imatge MENORS de 14 anys<\/a><\/p>\n<p><a href=\"http:\/\/www.institutmarina.cat\/images\/archivos\/secretaria\/2014_2015\/autoritzacio%20sortida.doc\"><img loading=\"lazy\" decoding=\"async\" src=\"http:\/\/www.institutmarina.cat\/images\/logos\/flecha.png\" alt=\"flecha\" width=\"26\" height=\"20\" \/><\/a><a href=\"https:\/\/drive.google.com\/file\/d\/0B0dj95lyR6lWT1VyOGUxdkNvczhUMTh0WE5NS296MkJweFkw\/view?usp=sharing\" target=\"_blank\" rel=\"noopener noreferrer\">Enlla\u00e7 al document d&#8217;autoritzaci\u00f3 a SORTIDES DID\u00c0CTIQUES<\/a><\/p>\n<p><a href=\"http:\/\/www.institutmarina.cat\/images\/archivos\/secretaria\/2014_2015\/autoritzacio%20sortida.doc\"><img loading=\"lazy\" decoding=\"async\" src=\"http:\/\/www.institutmarina.cat\/images\/logos\/flecha.png\" alt=\"flecha\" width=\"26\" height=\"20\" \/><\/a><a href=\"https:\/\/drive.google.com\/file\/d\/0B0dj95lyR6lWUGhVVjNGU1NZVDFkS3F3SmI2MHpZMV9VTTd3\/view?usp=sharing\" target=\"_blank\" rel=\"noopener noreferrer\">Enlla\u00e7 al document d&#8217;autoritzaci\u00f3 MEDICACI\u00d3<\/a><\/p>\n<p><a href=\"http:\/\/www.institutmarina.cat\/images\/archivos\/secretaria\/2014_2015\/autoritzacio%20sortida.doc\"><img loading=\"lazy\" decoding=\"async\" src=\"http:\/\/www.institutmarina.cat\/images\/logos\/flecha.png\" alt=\"flecha\" width=\"26\" height=\"20\" \/><\/a><a href=\"https:\/\/drive.google.com\/file\/d\/0B0dj95lyR6lWWW4xTmtlZzBna2dwbkVrWExVWjF2OXFyMEh3\/view?usp=sharing\" target=\"_blank\" rel=\"noopener noreferrer\">Full de PAGAMENT per al MATERIAL<\/a><\/p>\n<p><a href=\"http:\/\/www.institutmarina.cat\/images\/archivos\/secretaria\/2014_2015\/autoritzacio_imatge_majors.pdf\" target=\"_blank\" rel=\"noopener noreferrer\"><img loading=\"lazy\" decoding=\"async\" src=\"http:\/\/www.institutmarina.cat\/images\/logos\/flecha.png\" alt=\"flecha\" width=\"26\" height=\"20\" \/><\/a><a href=\"https:\/\/drive.google.com\/file\/d\/0B0dj95lyR6lWQ2NuN1VKREJGNENUQ1ZEZzUzZ2l4ajBqc2xv\/view?usp=sharing\" target=\"_blank\" rel=\"noopener noreferrer\">Full PAGAMENT cicles Grau Superior<\/a><\/p>\n<p><a href=\"http:\/\/www.institutmarina.cat\/images\/archivos\/secretaria\/2014_2015\/autoritzacio%20sortida.doc\"><img loading=\"lazy\" decoding=\"async\" src=\"http:\/\/www.institutmarina.cat\/images\/logos\/flecha.png\" alt=\"flecha\" width=\"26\" height=\"20\" \/><\/a><a href=\"https:\/\/drive.google.com\/file\/d\/0B0dj95lyR6lWM1M3TmtGRWdKRWlEZkNpQWo1MUwwdWIza3Zn\/view?usp=sharing\" target=\"_blank\" rel=\"noopener noreferrer\">AMPA 2017 &#8211; 2018: lloguer de taquilles i m\u00e9s<\/a><\/p>\n","protected":false},"excerpt":{"rendered":"<p><a href=\"http:\/\/www.institutmarina.cat\/images\/archivos\/secretaria\/2013_2014\/Documents%20matrcula.pdf\" target=\"_blank\" rel=\"noopener noreferrer\"><\/a>\u00a0<a href=\"https:\/\/drive.google.com\/file\/d\/0B0dj95lyR6lWb3dhNU1PcElsSTA3X2pKUkFneEdMN1FXb29n\/view?usp=sharing\" target=\"_blank\" rel=\"noopener noreferrer\">Enlla\u00e7 a les INSTRUCCIONS per a la matr\u00edcula<\/a><br \/>\n<a href=\"http:\/\/www.institutmarina.cat\/images\/archivos\/secretaria\/2014_2015\/autoritzacio_imatge_majors.pdf\" target=\"_blank\" rel=\"noopener noreferrer\"><\/a>\u00a0<a href=\"https:\/\/drive.google.com\/file\/d\/0B0dj95lyR6lWdjg0RmFJYWdZNTNacjdwOVM3LUQzOUtjb0hJ\/view?usp=sharing\" target=\"_blank\" rel=\"noopener noreferrer\">Enlla\u00e7 a l&#8217;impr\u00e9s de MATR\u00cdCULA<\/a><br \/>\n<a href=\"http:\/\/www.institutmarina.cat\/images\/archivos\/secretaria\/2014_2015\/autoritzacio_imatge_majors.pdf\" target=\"_blank\" rel=\"noopener noreferrer\"><\/a><a href=\"https:\/\/drive.google.com\/file\/d\/0B0dj95lyR6lWd0Rxd2NsOWhfV0ZUREU0TEpOSW1TdlBKZmR3\/view?usp=sharing\" target=\"_blank\" rel=\"noopener noreferrer\">Enlla\u00e7 a l&#8217;impr\u00e9s de MATR\u00cdCULA cicles GRAU SUPERIOR<\/a><br \/>\n<a href=\"http:\/\/www.institutmarina.cat\/images\/archivos\/secretaria\/2014_2015\/autoritzacio_imatge_majors.pdf\" target=\"_blank\"&hellip;  <a href=\"https:\/\/agora.xtec.cat\/iesmarina\/secretaria\/matricula\/\" title=\"Read Matr\u00edcula\">Llegeix m\u00e9s\u00bb<\/a><\/p>\n","protected":false},"author":1,"featured_media":0,"parent":81,"menu_order":20,"comment_status":"closed","ping_status":"closed","template":"page-templates\/side-menu.php","meta":{"_bbp_topic_count":0,"_bbp_reply_count":0,"_bbp_total_topic_count":0,"_bbp_total_reply_count":0,"_bbp_voice_count":0,"_bbp_anonymous_reply_count":0,"_bbp_topic_count_hidden":0,"_bbp_reply_count_hidden":0,"_bbp_forum_subforum_count":0,"footnotes":""},"class_list":["post-1184","page","type-page","status-publish","hentry"],"post_mailing_queue_ids":[],"_links":{"self":[{"href":"https:\/\/agora.xtec.cat\/iesmarina\/wp-json\/wp\/v2\/pages\/1184","targetHints":{"allow":["GET"]}}],"collection":[{"href":"https:\/\/agora.xtec.cat\/iesmarina\/wp-json\/wp\/v2\/pages"}],"about":[{"href":"https:\/\/agora.xtec.cat\/iesmarina\/wp-json\/wp\/v2\/types\/page"}],"author":[{"embeddable":true,"href":"https:\/\/agora.xtec.cat\/iesmarina\/wp-json\/wp\/v2\/users\/1"}],"replies":[{"embeddable":true,"href":"https:\/\/agora.xtec.cat\/iesmarina\/wp-json\/wp\/v2\/comments?post=1184"}],"version-history":[{"count":1,"href":"https:\/\/agora.xtec.cat\/iesmarina\/wp-json\/wp\/v2\/pages\/1184\/revisions"}],"predecessor-version":[{"id":1185,"href":"https:\/\/agora.xtec.cat\/iesmarina\/wp-json\/wp\/v2\/pages\/1184\/revisions\/1185"}],"up":[{"embeddable":true,"href":"https:\/\/agora.xtec.cat\/iesmarina\/wp-json\/wp\/v2\/pages\/81"}],"wp:attachment":[{"href":"https:\/\/agora.xtec.cat\/iesmarina\/wp-json\/wp\/v2\/media?parent=1184"}],"curies":[{"name":"wp","href":"https:\/\/api.w.org\/{rel}","templated":true}]}}