{"id":1182,"date":"2018-02-16T10:34:23","date_gmt":"2018-02-16T09:34:23","guid":{"rendered":"http:\/\/agora.xtec.cat\/iesmarina\/?page_id=1182"},"modified":"2018-02-19T15:11:22","modified_gmt":"2018-02-19T14:11:22","slug":"preinscripcio-curs-2017-2018","status":"publish","type":"page","link":"https:\/\/agora.xtec.cat\/iesmarina\/secretaria\/preinscripcio-curs-2017-2018\/","title":{"rendered":"Preinscripci\u00f3"},"content":{"rendered":"<p class=\"title\">Ja est\u00e0 disponible el calendari per la preinscripci\u00f3 del curs 2017-2018. En el cas del ensenyament secundari obligatori el per\u00edode \u00e9s del<strong>\u00a023 de mar\u00e7 al 4 d&#8217;abril<\/strong>. Podeu obtenir m\u00e9s informaci\u00f3 en el seg\u00fcent vincle:\u00a0<a href=\"http:\/\/queestudiar.gencat.cat\/ca\/preinscripcio\/\" target=\"_blank\" rel=\"noopener noreferrer\">Preinscripci\u00f3 2017-2018<\/a><\/p>\n<p>Paral.lalelament us informem que la\u00a0<strong>Jornada de Portes Obertes de l&#8217;ESO<\/strong>\u00a0es realitzar\u00e0 el proper\u00a0<strong>dimecres, 8 de mar\u00e7, a les 18h.<\/strong>\u00a0La jornada s&#8217;iniciar\u00e0 amb una xerrada per part de la Direcci\u00f3 del Centre sobre els aspectes clau del projecte educatiu de l&#8217;institut y seguidament es realitzar\u00e0 una visita a les instal.lacions.<\/p>\n<p><a href=\"http:\/\/www20.gencat.cat\/portal\/site\/queestudiar\/menuitem.d7cfc336363a7af8e85c7273b0c0e1a0\/?vgnextoid=3becd1c793af4310VgnVCM2000009b0c1e0aRCRD&amp;vgnextchannel=3becd1c793af4310VgnVCM2000009b0c1e0aRCRD&amp;vgnextfmt=default\" target=\"_blank\" rel=\"noopener noreferrer\">Educaci\u00f3 secund\u00e0ria obligat\u00f2ria (ESO)<\/a><\/p>\n<p><a href=\"http:\/\/www20.gencat.cat\/portal\/site\/queestudiar\/menuitem.d7cfc336363a7af8e85c7273b0c0e1a0\/?vgnextoid=e79c741b7df2b210VgnVCM2000009b0c1e0aRCRD&amp;vgnextchannel=e79c741b7df2b210VgnVCM2000009b0c1e0aRCRD&amp;vgnextfmt=default\" target=\"_blank\" rel=\"noopener noreferrer\">Batxillerat<\/a><\/p>\n<p><a href=\"http:\/\/www20.gencat.cat\/portal\/site\/queestudiar\/menuitem.d7cfc336363a7af8e85c7273b0c0e1a0\/?vgnextoid=4691741b7df2b210VgnVCM2000009b0c1e0aRCRD&amp;vgnextchannel=4691741b7df2b210VgnVCM2000009b0c1e0aRCRD&amp;vgnextfmt=default\" target=\"_blank\" rel=\"noopener noreferrer\">Cicles formatius de grau mitj\u00e0 de formaci\u00f3 professional<\/a><\/p>\n<p><a href=\"http:\/\/www20.gencat.cat\/portal\/site\/queestudiar\/menuitem.d7cfc336363a7af8e85c7273b0c0e1a0\/?vgnextoid=8266741b7df2b210VgnVCM2000009b0c1e0aRCRD&amp;vgnextchannel=8266741b7df2b210VgnVCM2000009b0c1e0aRCRD&amp;vgnextfmt=default\" target=\"_blank\" rel=\"noopener noreferrer\">Cicles formatius de grau superior de formaci\u00f3 professional<\/a><\/p>\n<p><a href=\"http:\/\/www20.gencat.cat\/portal\/site\/queestudiar\/menuitem.d7cfc336363a7af8e85c7273b0c0e1a0\/?vgnextoid=86caf5adfdf2b210VgnVCM2000009b0c1e0aRCRD&amp;vgnextchannel=86caf5adfdf2b210VgnVCM2000009b0c1e0aRCRD&amp;vgnextfmt=default\" target=\"_blank\" rel=\"noopener noreferrer\">Programes de formaci\u00f3 inicial (PFI)<\/a><\/p>\n<p><a href=\"http:\/\/www20.gencat.cat\/portal\/site\/ensenyament\/menuitem.75e1c94eb5dd9e184ed22010b0c0e1a0\/?vgnextoid=95af3ef3b8a05310VgnVCM1000008d0c1e0aRCRD&amp;vgnextchannel=95af3ef3b8a05310VgnVCM1000008d0c1e0aRCRD&amp;vgnextfmt=default\" target=\"_blank\" rel=\"noopener noreferrer\">Prova d&#8217;acc\u00e9s als cicles formatius de grau mitj\u00e0 de formaci\u00f3 professional inicial<\/a><\/p>\n<p><a href=\"http:\/\/www20.gencat.cat\/portal\/site\/ensenyament\/menuitem.75e1c94eb5dd9e184ed22010b0c0e1a0\/?vgnextoid=0d4f80a92de05310VgnVCM2000009b0c1e0aRCRD&amp;vgnextchannel=0d4f80a92de05310VgnVCM2000009b0c1e0aRCRD&amp;vgnextfmt=default\" target=\"_blank\" rel=\"noopener noreferrer\">Prova d&#8217;acc\u00e9s als cicles formatius de grau superior de formaci\u00f3 professional inicial<\/a><\/p>\n<p><a href=\"http:\/\/www20.gencat.cat\/portal\/site\/queestudiar\/menuitem.2f4f37c88e124629e85c7273b0c0e1a0\/?vgnextoid=b93132adfa828310VgnVCM1000008d0c1e0aRCRD&amp;vgnextchannel=b93132adfa828310VgnVCM1000008d0c1e0aRCRD&amp;vgnextfmt=default\" target=\"_blank\" rel=\"noopener noreferrer\">Cursos espec\u00edfics d&#8217;acc\u00e9s als cicles de grau mitj\u00e0 i de grau superior (CAS)<\/a><\/p>\n<p><a href=\"http:\/\/queestudiar.gencat.cat\/ca\/estudis\/acces-cicles\" target=\"_blank\" rel=\"noopener noreferrer\">Informaci\u00f3 calendari de preinscripci\u00f3 i matr\u00edcula CAS<\/a><\/p>\n","protected":false},"excerpt":{"rendered":"<p>Ja est\u00e0 disponible el calendari per la preinscripci\u00f3 del curs 2017-2018. En el cas del ensenyament secundari obligatori el per\u00edode \u00e9s del\u00a023 de mar\u00e7 al 4 d&#8217;abril. Podeu obtenir m\u00e9s informaci\u00f3 en el seg\u00fcent vincle:\u00a0<a href=\"http:\/\/queestudiar.gencat.cat\/ca\/preinscripcio\/\" target=\"_blank\" rel=\"noopener noreferrer\">Preinscripci\u00f3 2017-2018<\/a><br \/>\nParal.lalelament us informem que la\u00a0Jornada de&hellip;  <a href=\"https:\/\/agora.xtec.cat\/iesmarina\/secretaria\/preinscripcio-curs-2017-2018\/\" title=\"Read Preinscripci\u00f3\">Llegeix m\u00e9s\u00bb<\/a><\/p>\n","protected":false},"author":1,"featured_media":0,"parent":81,"menu_order":20,"comment_status":"closed","ping_status":"closed","template":"page-templates\/side-menu.php","meta":{"_bbp_topic_count":0,"_bbp_reply_count":0,"_bbp_total_topic_count":0,"_bbp_total_reply_count":0,"_bbp_voice_count":0,"_bbp_anonymous_reply_count":0,"_bbp_topic_count_hidden":0,"_bbp_reply_count_hidden":0,"_bbp_forum_subforum_count":0,"footnotes":""},"class_list":["post-1182","page","type-page","status-publish","hentry"],"post_mailing_queue_ids":[],"_links":{"self":[{"href":"https:\/\/agora.xtec.cat\/iesmarina\/wp-json\/wp\/v2\/pages\/1182","targetHints":{"allow":["GET"]}}],"collection":[{"href":"https:\/\/agora.xtec.cat\/iesmarina\/wp-json\/wp\/v2\/pages"}],"about":[{"href":"https:\/\/agora.xtec.cat\/iesmarina\/wp-json\/wp\/v2\/types\/page"}],"author":[{"embeddable":true,"href":"https:\/\/agora.xtec.cat\/iesmarina\/wp-json\/wp\/v2\/users\/1"}],"replies":[{"embeddable":true,"href":"https:\/\/agora.xtec.cat\/iesmarina\/wp-json\/wp\/v2\/comments?post=1182"}],"version-history":[{"count":2,"href":"https:\/\/agora.xtec.cat\/iesmarina\/wp-json\/wp\/v2\/pages\/1182\/revisions"}],"predecessor-version":[{"id":1485,"href":"https:\/\/agora.xtec.cat\/iesmarina\/wp-json\/wp\/v2\/pages\/1182\/revisions\/1485"}],"up":[{"embeddable":true,"href":"https:\/\/agora.xtec.cat\/iesmarina\/wp-json\/wp\/v2\/pages\/81"}],"wp:attachment":[{"href":"https:\/\/agora.xtec.cat\/iesmarina\/wp-json\/wp\/v2\/media?parent=1182"}],"curies":[{"name":"wp","href":"https:\/\/api.w.org\/{rel}","templated":true}]}}

Preinscripció

<p class="title">Ja està disponible el calendari per la preinscripció del curs 2017-2018. En el cas del ensenyament secundari obligatori el període és del<strong> 23 de març al 4 d&#8217;abril</strong>. Podeu obtenir més informació en el següent vincle: <a href="http://queestudiar.gencat.cat/ca/preinscripcio/" target="_blank" rel="noopener noreferrer">Preinscripció 2017-2018</a></p>
<p>Paral.lalelament us informem que la <strong>Jornada de Portes Obertes de l&#8217;ESO</strong> es realitzarà el proper <strong>dimecres, 8 de març, a les 18h.</strong> La jornada s&#8217;iniciarà amb una xerrada per part de la Direcció del Centre sobre els aspectes clau del projecte educatiu de l&#8217;institut y seguidament es realitzarà una visita a les instal.lacions.</p>
<p><a href="http://www20.gencat.cat/portal/site/queestudiar/menuitem.d7cfc336363a7af8e85c7273b0c0e1a0/?vgnextoid=3becd1c793af4310VgnVCM2000009b0c1e0aRCRD&amp;vgnextchannel=3becd1c793af4310VgnVCM2000009b0c1e0aRCRD&amp;vgnextfmt=default" target="_blank" rel="noopener noreferrer">Educació secundària obligatòria (ESO)</a></p>
<p><a href="http://www20.gencat.cat/portal/site/queestudiar/menuitem.d7cfc336363a7af8e85c7273b0c0e1a0/?vgnextoid=e79c741b7df2b210VgnVCM2000009b0c1e0aRCRD&amp;vgnextchannel=e79c741b7df2b210VgnVCM2000009b0c1e0aRCRD&amp;vgnextfmt=default" target="_blank" rel="noopener noreferrer">Batxillerat</a></p>
<p><a href="http://www20.gencat.cat/portal/site/queestudiar/menuitem.d7cfc336363a7af8e85c7273b0c0e1a0/?vgnextoid=4691741b7df2b210VgnVCM2000009b0c1e0aRCRD&amp;vgnextchannel=4691741b7df2b210VgnVCM2000009b0c1e0aRCRD&amp;vgnextfmt=default" target="_blank" rel="noopener noreferrer">Cicles formatius de grau mitjà de formació professional</a></p>
<p><a href="http://www20.gencat.cat/portal/site/queestudiar/menuitem.d7cfc336363a7af8e85c7273b0c0e1a0/?vgnextoid=8266741b7df2b210VgnVCM2000009b0c1e0aRCRD&amp;vgnextchannel=8266741b7df2b210VgnVCM2000009b0c1e0aRCRD&amp;vgnextfmt=default" target="_blank" rel="noopener noreferrer">Cicles formatius de grau superior de formació professional</a></p>
<p><a href="http://www20.gencat.cat/portal/site/queestudiar/menuitem.d7cfc336363a7af8e85c7273b0c0e1a0/?vgnextoid=86caf5adfdf2b210VgnVCM2000009b0c1e0aRCRD&amp;vgnextchannel=86caf5adfdf2b210VgnVCM2000009b0c1e0aRCRD&amp;vgnextfmt=default" target="_blank" rel="noopener noreferrer">Programes de formació inicial (PFI)</a></p>
<p><a href="http://www20.gencat.cat/portal/site/ensenyament/menuitem.75e1c94eb5dd9e184ed22010b0c0e1a0/?vgnextoid=95af3ef3b8a05310VgnVCM1000008d0c1e0aRCRD&amp;vgnextchannel=95af3ef3b8a05310VgnVCM1000008d0c1e0aRCRD&amp;vgnextfmt=default" target="_blank" rel="noopener noreferrer">Prova d&#8217;accés als cicles formatius de grau mitjà de formació professional inicial</a></p>
<p><a href="http://www20.gencat.cat/portal/site/ensenyament/menuitem.75e1c94eb5dd9e184ed22010b0c0e1a0/?vgnextoid=0d4f80a92de05310VgnVCM2000009b0c1e0aRCRD&amp;vgnextchannel=0d4f80a92de05310VgnVCM2000009b0c1e0aRCRD&amp;vgnextfmt=default" target="_blank" rel="noopener noreferrer">Prova d&#8217;accés als cicles formatius de grau superior de formació professional inicial</a></p>
<p><a href="http://www20.gencat.cat/portal/site/queestudiar/menuitem.2f4f37c88e124629e85c7273b0c0e1a0/?vgnextoid=b93132adfa828310VgnVCM1000008d0c1e0aRCRD&amp;vgnextchannel=b93132adfa828310VgnVCM1000008d0c1e0aRCRD&amp;vgnextfmt=default" target="_blank" rel="noopener noreferrer">Cursos específics d&#8217;accés als cicles de grau mitjà i de grau superior (CAS)</a></p>
<p><a href="http://queestudiar.gencat.cat/ca/estudis/acces-cicles" target="_blank" rel="noopener noreferrer">Informació calendari de preinscripció i matrícula CAS</a></p>

<p>Ja està disponible el calendari per la preinscripció del curs 2017-2018. En el cas del ensenyament secundari obligatori el període és del 23 de març al 4 d&#8217;abril. Podeu obtenir més informació en el següent vincle: <a href="http://queestudiar.gencat.cat/ca/preinscripcio/" target="_blank" rel="noopener noreferrer">Preinscripció 2017-2018</a><br />
Paral.lalelament us informem que la Jornada de&hellip;  <a href="https://agora.xtec.cat/iesmarina/secretaria/preinscripcio-curs-2017-2018/" title="Read Preinscripció">Llegeix més»</a></p>
