{"id":19029,"date":"2021-01-14T14:41:52","date_gmt":"2021-01-14T13:41:52","guid":{"rendered":"https:\/\/agora.xtec.cat\/iesmariarubies\/?page_id=19029"},"modified":"2026-02-23T12:23:57","modified_gmt":"2026-02-23T11:23:57","slug":"sollicitud-de-certificats","status":"publish","type":"page","link":"https:\/\/agora.xtec.cat\/iesmariarubies\/secretaria-2\/sollicitud-de-certificats\/","title":{"rendered":"Sol\u00b7licitud de certificats"},"content":{"rendered":"<p style=\"text-align: center;\"><a href=\"https:\/\/agora.xtec.cat\/iesmariarubies\/wp-content\/uploads\/usu171\/2021\/01\/SOL\u00b7LICITUD-CERTIFICATS.jpg\"><img loading=\"lazy\" decoding=\"async\" class=\"alignnone size-full wp-image-19030\" src=\"https:\/\/agora.xtec.cat\/iesmariarubies\/wp-content\/uploads\/usu171\/2021\/01\/SOL\u00b7LICITUD-CERTIFICATS.jpg\" alt=\"\" width=\"500\" height=\"174\" srcset=\"https:\/\/agora.xtec.cat\/iesmariarubies\/wp-content\/uploads\/usu171\/2021\/01\/SOL\u00b7LICITUD-CERTIFICATS.jpg 500w, https:\/\/agora.xtec.cat\/iesmariarubies\/wp-content\/uploads\/usu171\/2021\/01\/SOL\u00b7LICITUD-CERTIFICATS-300x104.jpg 300w\" sizes=\"auto, (max-width: 500px) 100vw, 500px\" \/><\/a><\/p>\n<p>&nbsp;<\/p>\n<h1 data-start=\"257\" data-end=\"285\">Sol\u00b7licitud de certificats<\/h1>\n<p data-start=\"287\" data-end=\"474\">Per sol\u00b7licitar qualsevol certificat, cal emplenar el formulari corresponent i indicar clarament el motiu de la sol\u00b7licitud. Si \u00e9s necessari, caldr\u00e0 adjuntar la documentaci\u00f3 acreditativa.<\/p>\n<p data-start=\"476\" data-end=\"574\"><strong data-start=\"479\" data-end=\"531\">Acc\u00e9s al formulari de sol\u00b7licitud de certificats<\/strong><br data-start=\"531\" data-end=\"534\" \/><a href=\"https:\/\/forms.gle\/pGJJPToKpoUZnAHu9\">FORMULARI<\/a><\/p>\n<h2 data-start=\"581\" data-end=\"605\">Certificats acad\u00e8mics<\/h2>\n<p data-start=\"607\" data-end=\"652\">Adre\u00e7ats a alumnat actual o antic del centre.<\/p>\n<p data-start=\"654\" data-end=\"691\">Es poden sol\u00b7licitar, entre d\u2019altres:<\/p>\n<ul data-start=\"693\" data-end=\"880\">\n<li data-start=\"693\" data-end=\"727\">\n<p data-start=\"695\" data-end=\"727\">Certificat de matr\u00edcula actual<\/p>\n<\/li>\n<li data-start=\"728\" data-end=\"781\">\n<p data-start=\"730\" data-end=\"781\">Certificat de qualificacions (historial acad\u00e8mic)<\/p>\n<\/li>\n<li data-start=\"782\" data-end=\"825\">\n<p data-start=\"784\" data-end=\"825\">Certificat de t\u00edtol d\u2019ESO o Batxillerat<\/p>\n<\/li>\n<li data-start=\"826\" data-end=\"880\">\n<p data-start=\"828\" data-end=\"880\">Certificat de nota mitjana d\u2019un curs o d\u2019una etapa<\/p>\n<\/li>\n<\/ul>\n<p data-start=\"882\" data-end=\"976\">El centre informar\u00e0 quan el certificat estigui disponible per a la seva recollida o enviament.<\/p>\n<h2 data-start=\"983\" data-end=\"1041\">Certificat d\u2019equival\u00e8ncia de llengua catalana (B2 i C1)<\/h2>\n<p data-start=\"1043\" data-end=\"1177\">L\u2019institut actua com a oficina gestora de la Direcci\u00f3 General de Pol\u00edtica Ling\u00fc\u00edstica per a l\u2019expedici\u00f3 de certificats d\u2019equival\u00e8ncia:<\/p>\n<ul data-start=\"1179\" data-end=\"1240\">\n<li data-start=\"1179\" data-end=\"1208\">\n<p data-start=\"1181\" data-end=\"1208\"><strong data-start=\"1181\" data-end=\"1206\">Nivell B2 (intermedi)<\/strong><\/p>\n<\/li>\n<li data-start=\"1209\" data-end=\"1240\">\n<p data-start=\"1211\" data-end=\"1240\"><strong data-start=\"1211\" data-end=\"1238\">Nivell C1 (sufici\u00e8ncia)<\/strong><\/p>\n<\/li>\n<\/ul>\n<p data-start=\"1242\" data-end=\"1342\">Aquest servei s\u2019adre\u00e7a tant a alumnat propi com a persones que han cursat estudis en altres centres.<\/p>\n<p data-start=\"1344\" data-end=\"1546\">L\u2019expedici\u00f3 est\u00e0 condicionada al compliment dels requisits acad\u00e8mics establerts per la normativa vigent (estudis cursats a Catalunya i superaci\u00f3 de la mat\u00e8ria de llengua catalana en els cursos exigits).<\/p>\n<p data-start=\"1548\" data-end=\"1630\">Per consultar els requisits oficials actualitzats:<br data-start=\"1601\" data-end=\"1604\" \/><a class=\"decorated-link\" href=\"https:\/\/llengua.gencat.cat\" target=\"_new\" rel=\"noopener\" data-start=\"1604\" data-end=\"1630\">https:\/\/llengua.gencat.cat<\/a><\/p>\n<p data-start=\"1632\" data-end=\"1715\">La documentaci\u00f3 acreditativa s\u2019haur\u00e0 d\u2019adjuntar en el moment de fer la sol\u00b7licitud.<\/p>\n<h2 data-start=\"1722\" data-end=\"1745\">Informaci\u00f3 important<\/h2>\n<ul data-start=\"1747\" data-end=\"1992\">\n<li data-start=\"1747\" data-end=\"1842\">\n<p data-start=\"1749\" data-end=\"1842\">Nom\u00e9s s\u2019expediran certificats quan es compleixin els requisits establerts per la normativa.<\/p>\n<\/li>\n<li data-start=\"1747\" data-end=\"1842\">\n<p data-start=\"1749\" data-end=\"1842\">El termini d\u2019emissi\u00f3 pot variar segons el tipus de certificat.<\/p>\n<\/li>\n<li data-start=\"1910\" data-end=\"1992\">\n<p data-start=\"1912\" data-end=\"1992\">El centre es reserva el dret de demanar documentaci\u00f3 addicional si \u00e9s necessari.<\/p>\n<\/li>\n<\/ul>\n","protected":false},"excerpt":{"rendered":"<p>&nbsp; Sol\u00b7licitud de certificats Per sol\u00b7licitar qualsevol certificat, cal emplenar el formulari corresponent i indicar clarament el motiu de la sol\u00b7licitud. Si \u00e9s necessari, caldr\u00e0 adjuntar la documentaci\u00f3 acreditativa. Acc\u00e9s al formulari de sol\u00b7licitud de certificatsFORMULARI Certificats acad\u00e8mics Adre\u00e7ats a alumnat actual o antic del centre. Es poden sol\u00b7licitar, entre d\u2019altres: Certificat de matr\u00edcula actual [&hellip;]<\/p>\n","protected":false},"author":1,"featured_media":0,"parent":290,"menu_order":5,"comment_status":"closed","ping_status":"closed","template":"","meta":{"_bbp_topic_count":0,"_bbp_reply_count":0,"_bbp_total_topic_count":0,"_bbp_total_reply_count":0,"_bbp_voice_count":0,"_bbp_anonymous_reply_count":0,"_bbp_topic_count_hidden":0,"_bbp_reply_count_hidden":0,"_bbp_forum_subforum_count":0,"site-sidebar-layout":"default","site-content-layout":"","ast-site-content-layout":"default","site-content-style":"default","site-sidebar-style":"default","ast-global-header-display":"","ast-banner-title-visibility":"","ast-main-header-display":"","ast-hfb-above-header-display":"","ast-hfb-below-header-display":"","ast-hfb-mobile-header-display":"","site-post-title":"","ast-breadcrumbs-content":"","ast-featured-img":"","footer-sml-layout":"","theme-transparent-header-meta":"default","adv-header-id-meta":"","stick-header-meta":"","header-above-stick-meta":"","header-main-stick-meta":"","header-below-stick-meta":"","astra-migrate-meta-layouts":"set","ast-page-background-enabled":"default","ast-page-background-meta":{"desktop":{"background-color":"var(--ast-global-color-4)","background-image":"","background-repeat":"repeat","background-position":"center center","background-size":"auto","background-attachment":"scroll","background-type":"","background-media":"","overlay-type":"","overlay-color":"","overlay-opacity":"","overlay-gradient":""},"tablet":{"background-color":"","background-image":"","background-repeat":"repeat","background-position":"center center","background-size":"auto","background-attachment":"scroll","background-type":"","background-media":"","overlay-type":"","overlay-color":"","overlay-opacity":"","overlay-gradient":""},"mobile":{"background-color":"","background-image":"","background-repeat":"repeat","background-position":"center center","background-size":"auto","background-attachment":"scroll","background-type":"","background-media":"","overlay-type":"","overlay-color":"","overlay-opacity":"","overlay-gradient":""}},"ast-content-background-meta":{"desktop":{"background-color":"var(--ast-global-color-5)","background-image":"","background-repeat":"repeat","background-position":"center center","background-size":"auto","background-attachment":"scroll","background-type":"","background-media":"","overlay-type":"","overlay-color":"","overlay-opacity":"","overlay-gradient":""},"tablet":{"background-color":"var(--ast-global-color-5)","background-image":"","background-repeat":"repeat","background-position":"center center","background-size":"auto","background-attachment":"scroll","background-type":"","background-media":"","overlay-type":"","overlay-color":"","overlay-opacity":"","overlay-gradient":""},"mobile":{"background-color":"var(--ast-global-color-5)","background-image":"","background-repeat":"repeat","background-position":"center center","background-size":"auto","background-attachment":"scroll","background-type":"","background-media":"","overlay-type":"","overlay-color":"","overlay-opacity":"","overlay-gradient":""}},"footnotes":""},"class_list":["post-19029","page","type-page","status-publish","hentry"],"post_mailing_queue_ids":[],"_links":{"self":[{"href":"https:\/\/agora.xtec.cat\/iesmariarubies\/wp-json\/wp\/v2\/pages\/19029","targetHints":{"allow":["GET"]}}],"collection":[{"href":"https:\/\/agora.xtec.cat\/iesmariarubies\/wp-json\/wp\/v2\/pages"}],"about":[{"href":"https:\/\/agora.xtec.cat\/iesmariarubies\/wp-json\/wp\/v2\/types\/page"}],"author":[{"embeddable":true,"href":"https:\/\/agora.xtec.cat\/iesmariarubies\/wp-json\/wp\/v2\/users\/1"}],"replies":[{"embeddable":true,"href":"https:\/\/agora.xtec.cat\/iesmariarubies\/wp-json\/wp\/v2\/comments?post=19029"}],"version-history":[{"count":5,"href":"https:\/\/agora.xtec.cat\/iesmariarubies\/wp-json\/wp\/v2\/pages\/19029\/revisions"}],"predecessor-version":[{"id":24768,"href":"https:\/\/agora.xtec.cat\/iesmariarubies\/wp-json\/wp\/v2\/pages\/19029\/revisions\/24768"}],"up":[{"embeddable":true,"href":"https:\/\/agora.xtec.cat\/iesmariarubies\/wp-json\/wp\/v2\/pages\/290"}],"wp:attachment":[{"href":"https:\/\/agora.xtec.cat\/iesmariarubies\/wp-json\/wp\/v2\/media?parent=19029"}],"curies":[{"name":"wp","href":"https:\/\/api.w.org\/{rel}","templated":true}]}}