{"id":625,"date":"2018-02-07T17:53:10","date_gmt":"2018-02-07T16:53:10","guid":{"rendered":"http:\/\/agora.xtec.cat\/iesmaremar\/?page_id=625"},"modified":"2025-06-05T12:19:53","modified_gmt":"2025-06-05T10:19:53","slug":"rema","status":"publish","type":"page","link":"https:\/\/agora.xtec.cat\/iesmaremar\/rema\/","title":{"rendered":"\ud83d\udcda Projecte REMA: Socialitzaci\u00f3 i Reutilitzaci\u00f3 dels Llibres de Text"},"content":{"rendered":"<p>Benvolgudes fam\u00edlies i alumnes de l&#8217;Institut Maremar,<\/p>\n<p>Ens complau presentar-vos el projecte REMA, una iniciativa conjunta de l&#8217;institut i l&#8217;AMPA per a la <strong>socialitzaci\u00f3 i reutilitzaci\u00f3 dels llibres de text<\/strong>. Aquest projecte t\u00e9 com a objectiu principal <strong>rebaixar la despesa econ\u00f2mica de les fam\u00edlies<\/strong> i <strong>promoure valors com la solidaritat, la responsabilitat i la sostenibilitat<\/strong> entre l&#8217;alumnat.<\/p>\n<hr \/>\n<h2>\ud83e\udd1d Qu\u00e8 vol dir \u201csocialitzar\u201d els llibres de text?<\/h2>\n<p>Socialitzar els llibres implica compartir la despesa de la compra dels llibres de text entre totes les fam\u00edlies de l&#8217;institut, aix\u00ed com poder reutilitzar aquests llibres durant 4 anys. Aix\u00ed, els llibres ja no s\u00f3n de l&#8217;alumne, sin\u00f3 que s\u00f3n de l&#8217;institut. L&#8217;alumne en fa un \u00fas i en t\u00e9 cura durant el curs, i en acabar, els retorna al centre perqu\u00e8 siguin reutilitzats el curs seg\u00fcent per un altre alumne.<\/p>\n<hr \/>\n<h2>\ud83c\udfaf Objectius del projecte REMA<\/h2>\n<h3>Objectius educatius:<\/h3>\n<ul>\n<li>Aplicar valors com la cura del medi ambient, la reducci\u00f3 del consum, el saber compartir, la solidaritat, la igualtat, el respecte i la responsabilitat vers els materials que s\u00f3n de tots.<\/li>\n<li>Fomentar la consci\u00e8ncia ecol\u00f2gica i la sostenibilitat entre l&#8217;alumnat.<\/li>\n<\/ul>\n<h3>Objectius econ\u00f2mics:<\/h3>\n<ul>\n<li>Reduir sensiblement la despesa econ\u00f2mica de les fam\u00edlies en concepte de llibres de text.<\/li>\n<li>Optimitzar els recursos disponibles mitjan\u00e7ant la reutilitzaci\u00f3 dels llibres.<\/li>\n<\/ul>\n<hr \/>\n<h2>\ud83d\udcdd Condicions de participaci\u00f3<\/h2>\n<ul>\n<li><strong>Ser soci de l&#8217;AMPA<\/strong>: La quota familiar \u00e9s de 20 \u20ac anuals.<\/li>\n<li><strong>Comprom\u00eds d&#8217;adhesi\u00f3<\/strong>: Les fam\u00edlies han d&#8217;adhesir-se al projecte des del seu inici i comprometre&#8217;s a participar durant tot el per\u00edode de 4 anys.<\/li>\n<li><strong>Retorn dels llibres<\/strong>: Al finalitzar el curs, els alumnes han de retornar els llibres de text, diccionaris, atles, etc., a l&#8217;aula perqu\u00e8 siguin reutilitzats el curs seg\u00fcent.<\/li>\n<\/ul>\n<hr \/>\n<h2>\ud83d\udce6 Quins materials es socialitzen?<\/h2>\n<p>Nom\u00e9s el material reutilitzable: llibres de text, diccionaris, atles, llibres de lectura&#8230; (que quedaran com a propietat del centre). No s&#8217;inclouen els quaderns de treball i el material fungible (que quedaran com a propietat de la fam\u00edlia).<\/p>\n<hr \/>\n<h2>\ud83d\udcb0 Cost del projecte<\/h2>\n<p>Totes les fam\u00edlies incloses en el projecte pagaran una quota de <strong>98 \u20ac<\/strong> que permetr\u00e0 comprar els llibres reutilitzables i la reposici\u00f3 dels exemplars que calgui renovar.<\/p>\n<hr \/>\n<h2>\ud83d\udccc Qu\u00e8 us demanem?<\/h2>\n<p>Per tal de posar en marxa el projecte REMA, necessitem que <strong>signeu l&#8217;adhesi\u00f3 que trobareu a l&#8217;app TPVEscola<\/strong>, per saber quantes fam\u00edlies estar\u00edeu interessades a participar-hi. \u00c9s important per poder fer l&#8217;estimaci\u00f3 i la compra de llibres i material nou.<\/p>\n<hr \/>\n<h2>\ud83d\udcde M\u00e9s informaci\u00f3<\/h2>\n<p>Per con\u00e8ixer amb m\u00e9s detall el projecte REMA o per aclarir qualsevol dubte que tingueu, no dubteu a parlar amb la direcci\u00f3 de l&#8217;institut.<\/p>\n<hr \/>\n<p>Esperem comptar amb la vostra participaci\u00f3 en aquest projecte que, a part de beneficiar econ\u00f2micament a les fam\u00edlies, contribuir\u00e0 a l&#8217;educaci\u00f3 en valors i a la sostenibilitat del nostre entorn.<\/p>\n<p>Atentament,<\/p>\n<p><strong>La Direcci\u00f3 de l&#8217;Institut Maremar<\/strong><\/p>\n<p>&nbsp;<\/p>\n","protected":false},"excerpt":{"rendered":"<p>Benvolgudes fam\u00edlies i alumnes de l&#8217;Institut Maremar,<br \/>\nEns complau presentar-vos el projecte REMA, una iniciativa conjunta de l&#8217;institut i l&#8217;AMPA per a la socialitzaci\u00f3 i reutilitzaci\u00f3 dels llibres de text. Aquest projecte t\u00e9 com a objectiu principal rebaixar la despesa econ\u00f2mica de les fam\u00edlies i promoure&hellip;  <a href=\"https:\/\/agora.xtec.cat\/iesmaremar\/rema\/\" title=\"Read \ud83d\udcda Projecte REMA: Socialitzaci\u00f3 i Reutilitzaci\u00f3 dels Llibres de Text\">Llegeix m\u00e9s\u00bb<\/a><\/p>\n","protected":false},"author":1,"featured_media":0,"parent":0,"menu_order":0,"comment_status":"closed","ping_status":"closed","template":"","meta":{"_bbp_topic_count":0,"_bbp_reply_count":0,"_bbp_total_topic_count":0,"_bbp_total_reply_count":0,"_bbp_voice_count":0,"_bbp_anonymous_reply_count":0,"_bbp_topic_count_hidden":0,"_bbp_reply_count_hidden":0,"_bbp_forum_subforum_count":0,"footnotes":""},"class_list":["post-625","page","type-page","status-publish","hentry"],"post_mailing_queue_ids":[],"_links":{"self":[{"href":"https:\/\/agora.xtec.cat\/iesmaremar\/wp-json\/wp\/v2\/pages\/625","targetHints":{"allow":["GET"]}}],"collection":[{"href":"https:\/\/agora.xtec.cat\/iesmaremar\/wp-json\/wp\/v2\/pages"}],"about":[{"href":"https:\/\/agora.xtec.cat\/iesmaremar\/wp-json\/wp\/v2\/types\/page"}],"author":[{"embeddable":true,"href":"https:\/\/agora.xtec.cat\/iesmaremar\/wp-json\/wp\/v2\/users\/1"}],"replies":[{"embeddable":true,"href":"https:\/\/agora.xtec.cat\/iesmaremar\/wp-json\/wp\/v2\/comments?post=625"}],"version-history":[{"count":6,"href":"https:\/\/agora.xtec.cat\/iesmaremar\/wp-json\/wp\/v2\/pages\/625\/revisions"}],"predecessor-version":[{"id":10337,"href":"https:\/\/agora.xtec.cat\/iesmaremar\/wp-json\/wp\/v2\/pages\/625\/revisions\/10337"}],"wp:attachment":[{"href":"https:\/\/agora.xtec.cat\/iesmaremar\/wp-json\/wp\/v2\/media?parent=625"}],"curies":[{"name":"wp","href":"https:\/\/api.w.org\/{rel}","templated":true}]}}