{"id":4127,"date":"2021-03-08T15:28:13","date_gmt":"2021-03-08T14:28:13","guid":{"rendered":"http:\/\/agora.xtec.cat\/iesmaremar\/?page_id=4127"},"modified":"2026-02-20T13:40:34","modified_gmt":"2026-02-20T12:40:34","slug":"titols","status":"publish","type":"page","link":"https:\/\/agora.xtec.cat\/iesmaremar\/secretaria\/tramits\/titols\/","title":{"rendered":"Tramitaci\u00f3 del t\u00edtol"},"content":{"rendered":"<h5>\u00a0<a href=\"https:\/\/www.3cat.cat\/324\/milers-dafectats-sense-titol-oficial-deso-batxillerat-o-fp-per-una-licitacio-pendent-fa-5-anys\/noticia\/3329590\/\" target=\"_blank\" rel=\"noopener\" data-saferedirecturl=\"https:\/\/www.google.com\/url?q=https:\/\/www.3cat.cat\/324\/milers-dafectats-sense-titol-oficial-deso-batxillerat-o-fp-per-una-licitacio-pendent-fa-5-anys\/noticia\/3329590\/&amp;source=gmail&amp;ust=1750320268904000&amp;usg=AOvVaw1XJBTxwO2vRswMedkLOjbO\">Milers\u00a0d&#8217;afectats\u00a0<wbr \/>sense t\u00edtol impr\u00e8s\u00a0d&#8217;ESO, Batxillerat o FP per un contracte pendent fa 5 anys<\/a><\/h5>\n<h2 class=\"western\"><span style=\"font-family: Arial, sans-serif;\"><span style=\"font-size: x-large;\"><span lang=\"ca-ES\"><b><span style=\"color: #395511;\"><span style=\"color: #008080;\"><strong>Quant he de pagar per obtenir el meu t\u00edtol?<\/strong><\/span><\/span><\/b><\/span><\/span><\/span><\/h2>\n<p class=\"\" data-start=\"188\" data-end=\"234\">Aqu\u00ed tens els <strong data-start=\"202\" data-end=\"211\">preus<\/strong> dels diferents t\u00edtols:<\/p>\n<table style=\"border-collapse: collapse; width: 72.2771%; height: 191px;\">\n<tbody>\n<tr style=\"height: 32px;\">\n<td style=\"width: 72.3387%; text-align: center; background-color: #c5e8e2; vertical-align: middle; height: 32px;\"><span style=\"color: #008080;\"><strong>T\u00cdTOLS<\/strong><\/span><\/td>\n<td style=\"width: 159.434%; text-align: center; background-color: #c5e8e2; vertical-align: middle; height: 32px;\"><span style=\"color: #008080;\"><strong>PREU<\/strong><\/span><\/td>\n<\/tr>\n<tr style=\"height: 32px;\">\n<td style=\"width: 72.3387%; height: 32px; text-align: left;\">ESO<\/td>\n<td style=\"width: 159.434%; text-align: center; height: 32px;\">Gratu\u00eft<\/td>\n<\/tr>\n<tr style=\"height: 32px;\">\n<td style=\"width: 72.3387%; height: 31px; text-align: left;\">Batxillerat<\/td>\n<td style=\"width: 159.434%; text-align: center; height: 31px;\">69,65 euros<\/td>\n<\/tr>\n<tr style=\"height: 32px;\">\n<td style=\"width: 72.3387%; height: 32px; text-align: left;\">T\u00edtol de t\u00e8cnic\/a (cicle grau mitj\u00e0)<\/td>\n<td style=\"width: 159.434%; text-align: center; height: 32px;\">69,65\u00a0 euros<\/td>\n<\/tr>\n<tr style=\"height: 32px;\">\n<td style=\"width: 72.3387%; height: 32px; text-align: left;\">T\u00edtol de t\u00e8cnic\/a superior (cicle de grau superior)<\/td>\n<td style=\"width: 159.434%; text-align: center; height: 32px;\">78,00 euros<\/td>\n<\/tr>\n<tr style=\"height: 32px;\">\n<td style=\"width: 72.3387%; height: 32px; text-align: left;\">Reexpedici\u00f3\u00a0del t\u00edtol\u00a0(expedici\u00f3 de duplicats):<\/td>\n<td style=\"width: 159.434%; text-align: center; height: 32px;\">17,25 euros<\/td>\n<\/tr>\n<\/tbody>\n<\/table>\n<h2 class=\"western\"><span style=\"font-family: Arial, sans-serif;\"><span style=\"font-size: x-large;\"><span lang=\"ca-ES\"><b><span style=\"color: #395511;\"><span style=\"color: #008080;\"><strong>Bonificacions i Exempcions Generals<\/strong><\/span><\/span><\/b><\/span><\/span><\/span><\/h2>\n<p class=\"\" data-start=\"545\" data-end=\"630\">Si tens dret a alguna de les seg\u00fcents bonificacions o exempcions, el preu es reduir\u00e0:<\/p>\n<table style=\"width: 96.1877%; border-collapse: collapse; border-style: solid; height: 90px;\">\n<tbody>\n<tr style=\"height: 32px;\">\n<td style=\"width: 179.079%; background-color: #c5e8e2; text-align: center; vertical-align: middle; height: 11px;\" colspan=\"2\"><span style=\"color: #008080;\"><strong>BONIFICACIONS I EXEMPCIONS GENERALS<\/strong><\/span><\/td>\n<\/tr>\n<tr style=\"height: 79px;\">\n<td style=\"width: 60.4117%; text-align: left; height: 10px;\">\n<ul>\n<li>Fam\u00edlies nombroses categoria general<\/li>\n<li>Fam\u00edlies monoparentals<\/li>\n<\/ul>\n<\/td>\n<td style=\"width: 118.667%; text-align: center; height: 10px;\">Bonificaci\u00f3 del 50%\u00a0de l&#8217;import *<\/td>\n<\/tr>\n<tr style=\"height: 146px;\">\n<td style=\"width: 60.4117%; height: 69px; text-align: left; vertical-align: middle;\">\n<ul>\n<li>Fam\u00edlies nombroses categoria especial<\/li>\n<li>Persones amb discapacitat igual o superior al 33%<\/li>\n<li>Infants o adolescents en acolliment familiar<\/li>\n<li>V\u00edctimes del terrorisme (i els seus c\u00f2njuges i els seus fills)<\/li>\n<\/ul>\n<\/td>\n<td style=\"width: 118.667%; text-align: center; height: 69px;\">Exempci\u00f3 del 100%\u00a0del pagament\u00a0*<\/td>\n<\/tr>\n<\/tbody>\n<\/table>\n<p>*<strong data-start=\"1067\" data-end=\"1080\">Important<\/strong>: Per poder aplicar qualsevol bonificaci\u00f3 o exempci\u00f3, <strong data-start=\"1134\" data-end=\"1180\">cal presentar la documentaci\u00f3 corresponent<\/strong> (com el carnet de fam\u00edlia nombrosa, certificat de discapacitat, etc.).<\/p>\n<p>Els preus venen marcats pel Departament d\u2019Ensenyament,<a href=\"http:\/\/ensenyament.gencat.cat\/ca\/departament\/normativa\/taxes-preus-publics\/taxes\/\" target=\"_blank\" rel=\"noopener\"><span style=\"color: #00ccff;\"> veure\u00a0aqu\u00ed taxes<\/span><\/a> i les <span style=\"color: #00ccff;\"><a style=\"color: #00ccff;\" href=\"http:\/\/ensenyament.gencat.cat\/ca\/departament\/normativa\/taxes-preus-publics\/taxes\/\" target=\"_blank\" rel=\"noopener\">exempcions i bonificacions<\/a><\/span><\/p>\n<h2 class=\"western\"><span style=\"color: #008080;\"><span style=\"font-family: Arial, sans-serif;\"><span style=\"font-size: x-large;\"><b><strong>Com se sol\u00b7licita el t\u00edtol?<\/strong><\/b><\/span><\/span><\/span><\/h2>\n<h3 class=\"western\"><span style=\"color: #008080;\"><span style=\"font-family: Arial, sans-serif;\"><span style=\"font-size: x-large;\"><b><strong>T\u00edtol ESO<\/strong><\/b><\/span><\/span><\/span><\/h3>\n<ul>\n<li style=\"list-style-type: none;\">\n<ul>\n<li><strong data-start=\"1316\" data-end=\"1327\">Gratu\u00eft<\/strong>. No cal pagar cap taxa.<\/li>\n<li>Quan acabeu el curs, <strong data-start=\"1375\" data-end=\"1411\">Secretaria inicia la sol\u00b7licitud<\/strong> del t\u00edtol.<\/li>\n<li>Us entregarem un <strong data-start=\"1442\" data-end=\"1464\">resguard del t\u00edtol<\/strong> (que far\u00e0 funci\u00f3 de t\u00edtol provisional) entre juny i setembre. El t\u00edtol oficial arribar\u00e0 al centre en uns <strong data-start=\"1570\" data-end=\"1580\">2 anys<\/strong>.<\/li>\n<\/ul>\n<\/li>\n<\/ul>\n<p>&nbsp;<\/p>\n<h3><span style=\"color: #008080;\"><span style=\"font-family: Arial, sans-serif;\"><span style=\"font-size: x-large;\"><b><strong>Sol\u00b7licitud del T\u00edtol de Batxillerat i de Cicles Formatius de Grau Superior<\/strong><\/b><\/span><\/span><\/span><\/h3>\n<p>Els t\u00edtols de Batxillerat i de Cicles Formatius de Grau Superior s\u00f3n ensenyaments no obligatoris i, per tant, l\u2019alumnat ha de tramitar directament la sol\u00b7licitud del t\u00edtol a trav\u00e9s del web de la Generalitat de Catalunya.<\/p>\n<p><strong>\ud83d\udcdd Com es tramita el t\u00edtol?<\/strong><br \/>\nLa sol\u00b7licitud es fa exclusivament en l\u00ednia, mitjan\u00e7ant el portal oficial de la Generalitat:<\/p>\n<p><strong>\ud83d\udc49 Tramita el teu t\u00edtol aqu\u00ed:<\/strong><br \/>\n<a href=\"https:\/\/tramits.gencat.cat\/ca\/tramits\/tramits-temes\/titols-academics-no-universitaris?category=742b7874-a82c-11e3-a972-000c29052e2c\">tramitaci\u00f3 titols<\/a><\/p>\n<p>En aquest portal podr\u00e0s:<\/p>\n<ul>\n<li>Fer la sol\u00b7licitud del t\u00edtol.<\/li>\n<li>Generar la carta de pagament.<\/li>\n<li>Realitzar el pagament de la taxa corresponent.<\/li>\n<li>Obtenir el resguard acreditatiu.<\/li>\n<\/ul>\n<p>\ud83d\udccc <strong>Important<\/strong>: El tr\u00e0mit l\u2019ha de fer directament l\u2019alumne\/a (amb idCAT M\u00f2bil, certificat digital o sistema d\u2019identificaci\u00f3 adm\u00e8s).<\/p>\n<p><strong>\ud83d\udcc4 Qu\u00e8 cal portar al centre?<\/strong><br \/>\nUn cop feta la tramitaci\u00f3 i el pagament, cal:<\/p>\n<ul>\n<li>Imprimir el resguard de sol\u00b7licitud del t\u00edtol.<\/li>\n<li>Portar-lo a Secretaria perqu\u00e8 sigui signat i segellat pel centre.<\/li>\n<\/ul>\n<p>Podeu venir personalment o autoritzar un familiar.<\/p>\n<p>\u26a0\ufe0f El resguard no ser\u00e0 v\u00e0lid si no est\u00e0 signat i segellat pel centre.<\/p>\n<p>\ud83d\udcda Documentaci\u00f3 addicional<br \/>\nQuan vingueu a Secretaria, tamb\u00e9 us lliurarem:<\/p>\n<p>L\u2019historial acad\u00e8mic de Batxillerat (si escau).<\/p>\n<h3><span style=\"color: #008080;\"><span style=\"font-family: Arial, sans-serif;\"><span style=\"font-size: x-large;\"><b><strong>Sol\u00b7licitud del t\u00edtol &#8211; PAS A PAS<\/strong><\/b><\/span><\/span><\/span><\/h3>\n<p>1. Accedeix al portal<br \/>\nEntra al web de la Generalitat per tramitar el teu t\u00edtol.<\/p>\n<p>2. Identifica\u2019t<br \/>\nAccedeix amb idCAT M\u00f2bil, certificat digital o sistema adm\u00e8s.<\/p>\n<p>3. Omple la sol\u00b7licitud<br \/>\nComprova les teves dades i selecciona el t\u00edtol corresponent.<\/p>\n<p>4. Genera i paga la taxa<br \/>\nDescarrega la carta de pagament i realitza el pagament en l\u00ednia.<\/p>\n<p>5. Imprimeix el resguard<br \/>\nDescarrega i imprimeix el document acreditatiu.<\/p>\n<p>6. Porta\u2019l a Secretaria<br \/>\nPresenta el resguard impr\u00e8s perqu\u00e8 sigui signat i segellat pel centre.<\/p>\n<h3><span style=\"color: #008080;\"><span style=\"font-family: Arial, sans-serif;\"><span style=\"font-size: x-large;\"><b><strong>Informaci\u00f3 important<\/strong><\/b><\/span><\/span><\/span><\/h3>\n<ul>\n<li>El tr\u00e0mit ja no es gestiona des del centre ni des de Secretaria.<\/li>\n<li>No cal recollir cap resguard previ a l\u2019institut.<\/li>\n<li>Tot el proc\u00e9s (sol\u00b7licitud i pagament) es fa directament des del web de la Generalitat.<\/li>\n<li>El centre nom\u00e9s valida amb el resguard final la sol.licitud del titol.<\/li>\n<\/ul>\n<p>&nbsp;<\/p>\n<p>Si teniu dubtes o necessiteu m\u00e9s informaci\u00f3, podeu contactar amb nosaltres a: secretaria@iesmaremar.net<\/p>\n","protected":false},"excerpt":{"rendered":"<p>\u00a0<a href=\"https:\/\/www.3cat.cat\/324\/milers-dafectats-sense-titol-oficial-deso-batxillerat-o-fp-per-una-licitacio-pendent-fa-5-anys\/noticia\/3329590\/\" target=\"_blank\" rel=\"noopener\" data-saferedirecturl=\"https:\/\/www.google.com\/url?q=https:\/\/www.3cat.cat\/324\/milers-dafectats-sense-titol-oficial-deso-batxillerat-o-fp-per-una-licitacio-pendent-fa-5-anys\/noticia\/3329590\/&amp;source=gmail&amp;ust=1750320268904000&amp;usg=AOvVaw1XJBTxwO2vRswMedkLOjbO\">Milers\u00a0d&#8217;afectats\u00a0sense t\u00edtol impr\u00e8s\u00a0d&#8217;ESO, Batxillerat o FP per un contracte pendent fa 5 anys<\/a><br \/>\nQuant he de pagar per obtenir el meu t\u00edtol?<br \/>\nAqu\u00ed tens els preus dels diferents t\u00edtols:<\/p>\n<p>T\u00cdTOLS<br \/>\nPREU<\/p>\n<p>ESO<br \/>\nGratu\u00eft<\/p>\n<p>Batxillerat<br \/>\n69,65 euros<\/p>\n<p>T\u00edtol de t\u00e8cnic\/a (cicle grau mitj\u00e0)<br \/>\n69,65\u00a0 euros<\/p>\n<p>T\u00edtol de t\u00e8cnic\/a superior (cicle de grau superior)<br \/>\n78,00&hellip;  <a href=\"https:\/\/agora.xtec.cat\/iesmaremar\/secretaria\/tramits\/titols\/\" title=\"Read Tramitaci\u00f3 del t\u00edtol\">Llegeix m\u00e9s\u00bb<\/a><\/p>\n","protected":false},"author":12,"featured_media":0,"parent":7954,"menu_order":8,"comment_status":"closed","ping_status":"closed","template":"page-templates\/side-menu.php","meta":{"_bbp_topic_count":0,"_bbp_reply_count":0,"_bbp_total_topic_count":0,"_bbp_total_reply_count":0,"_bbp_voice_count":0,"_bbp_anonymous_reply_count":0,"_bbp_topic_count_hidden":0,"_bbp_reply_count_hidden":0,"_bbp_forum_subforum_count":0,"footnotes":""},"class_list":["post-4127","page","type-page","status-publish","hentry"],"post_mailing_queue_ids":[],"_links":{"self":[{"href":"https:\/\/agora.xtec.cat\/iesmaremar\/wp-json\/wp\/v2\/pages\/4127","targetHints":{"allow":["GET"]}}],"collection":[{"href":"https:\/\/agora.xtec.cat\/iesmaremar\/wp-json\/wp\/v2\/pages"}],"about":[{"href":"https:\/\/agora.xtec.cat\/iesmaremar\/wp-json\/wp\/v2\/types\/page"}],"author":[{"embeddable":true,"href":"https:\/\/agora.xtec.cat\/iesmaremar\/wp-json\/wp\/v2\/users\/12"}],"replies":[{"embeddable":true,"href":"https:\/\/agora.xtec.cat\/iesmaremar\/wp-json\/wp\/v2\/comments?post=4127"}],"version-history":[{"count":7,"href":"https:\/\/agora.xtec.cat\/iesmaremar\/wp-json\/wp\/v2\/pages\/4127\/revisions"}],"predecessor-version":[{"id":10836,"href":"https:\/\/agora.xtec.cat\/iesmaremar\/wp-json\/wp\/v2\/pages\/4127\/revisions\/10836"}],"up":[{"embeddable":true,"href":"https:\/\/agora.xtec.cat\/iesmaremar\/wp-json\/wp\/v2\/pages\/7954"}],"wp:attachment":[{"href":"https:\/\/agora.xtec.cat\/iesmaremar\/wp-json\/wp\/v2\/media?parent=4127"}],"curies":[{"name":"wp","href":"https:\/\/api.w.org\/{rel}","templated":true}]}}