{"id":1474,"date":"2018-06-05T13:22:02","date_gmt":"2018-06-05T11:22:02","guid":{"rendered":"http:\/\/agora.xtec.cat\/iesmaremar\/?page_id=1474"},"modified":"2021-03-03T16:23:11","modified_gmt":"2021-03-03T15:23:11","slug":"certificat-de-catala-c1","status":"publish","type":"page","link":"https:\/\/agora.xtec.cat\/iesmaremar\/certificat-de-catala-c1\/","title":{"rendered":"Certificat de catal\u00e0 (C1)"},"content":{"rendered":"<p align=\"justify\"><span style=\"font-family: Arial, sans-serif;\"><span style=\"font-size: small;\"><u><b>0INFORMACI\u00d3 SOBRE EL CERTIFICAT DE RECONEIXEMENT DE NIVELL C<\/b><\/u><\/span><\/span><\/p>\n<p align=\"justify\"><span style=\"font-family: Arial, sans-serif;\"><span style=\"font-size: small;\">El que popularment es coneix com el nivell C de catal\u00e0 \u00e9s el &#8220;certificat de nivell de sufici\u00e8ncia de catal\u00e0 (C)&#8221;, que es correspon amb les compet\u00e8ncies ling\u00fc\u00edstiques del nivell C1 del Ministerio de Educaci\u00f3n, Cultura y Deporte.<\/span><\/span><\/p>\n<p align=\"justify\"><span style=\"font-family: Arial, sans-serif;\"><span style=\"font-size: small;\">Estan regulades les equival\u00e8ncies de t\u00edtols, diplomes i certificacions amb els coneixements de nivell de catal\u00e0 a l&#8217;Ordre VCP7491\/2009, de 12 de novembre. <\/span><\/span><\/p>\n<p align=\"justify\"><span style=\"font-family: Arial, sans-serif;\"><span style=\"font-size: small;\">Aquesta Ordre estableix que qualsevol institut p\u00fablic de secund\u00e0ria pot lliurar el certificat de reconeixement de nivell C, a qualsevol persona que tingui el t\u00edtol d&#8217;ESO, BUP o FP2, sempre i quan hagi realitzat tota la prim\u00e0ria i secund\u00e0ria a Catalunya.<\/span><\/span><\/p>\n<p align=\"justify\"><span style=\"font-family: Arial, sans-serif;\"><span style=\"font-size: small;\">Com s&#8217;acredita el lloc que s&#8217;han fet els estudis a Catalunya?<\/span><\/span><\/p>\n<p align=\"justify\"><span style=\"font-family: Arial, sans-serif;\"><span style=\"font-size: small;\"><b>1. T\u00edtol d&#8217;ESO obtingut f<\/b><b>ins al curs 2006\/07<\/b> amb el llibre d&#8217;Educaci\u00f3 B\u00e0sica Obligat\u00f2ria. En cas de no disposar d&#8217;aquest llibre \u00e9s necessari aportar un certificat de l&#8217;escola on es va realitzar 6\u00e8 de prim\u00e0ria i 4t d&#8217;ESO respectivament, conforme tota l&#8217;etapa educativa s&#8217;ha realitzat en catal\u00e0.<\/span><\/span><\/p>\n<p align=\"justify\"><span style=\"font-family: Arial, sans-serif;\"><span style=\"font-size: small;\"><b>2.<\/b> <b>T\u00edtol d&#8217;ESO obtingut a partir del curs 2007\/08<\/b> amb l&#8217;Historial Acad\u00e8mic de Prim\u00e0ria i l&#8217;Historial Acad\u00e8mic de Secund\u00e0ria, sempre que s&#8217;hagi cursat i aprovat la mat\u00e8ria de llengua catalana en la totalitat dels estudis. En cas de no disposar dels Historials Acad\u00e8mics \u00e9s necessari aportar un certificat de l&#8217;escola on es va realitzar 6\u00e8 de prim\u00e0ria i 4t d&#8217;ESO respectivament, conforme tota l&#8217;etapa educativa s&#8217;ha realitzat en catal\u00e0 i s&#8217;ha aprovat llengua catalana a tots els cursos.<\/span><\/span><\/p>\n<p align=\"justify\"><span style=\"font-family: Arial, sans-serif;\"><span style=\"font-size: small;\"><b>3.<\/b> <b>T\u00edtol de BUP<\/b> amb tota l&#8217;EGB i el BUP realitzat a Catalunya i s&#8217;hagi cursat la mat\u00e8ria de llengua catalana a partir del curs 1978\/79, amb el Llibre d&#8217;EGB i el de BUP. En cas de no disposar dels Llibres acad\u00e8mics \u00e9s necessari aportar un certificat de l&#8217;escola on es va realitzar 8\u00e8 d&#8217;EGB i 3r de BUP respectivament, conforme tota l&#8217;etapa educativa s&#8217;ha realitzat en catal\u00e0.<\/span><\/span><\/p>\n<p align=\"justify\"><span style=\"font-family: Arial, sans-serif;\"><span style=\"font-size: small;\"><b>4<\/b><b>. T\u00edtol d&#8217;FP2<\/b>, sempre que s&#8217;hagi cursat total l&#8217;EGB, l&#8217;FP1 i l&#8217;FP2 a Catalunya i la mat\u00e8ria de llengua catalana a partir del curs 1978\/79.<\/span><\/span><\/p>\n<p align=\"justify\"><span style=\"font-family: Arial, sans-serif;\"><span style=\"font-size: small;\"><b>Advertiments:<\/b><\/span><\/span><\/p>\n<p align=\"justify\"><span style=\"font-family: Arial, sans-serif;\"><span style=\"font-size: small;\"><b>1.<\/b> Ex-alumnes: no cal que acreditin l&#8217;etapa d&#8217;ESO (o FP) realitzada a l&#8217;Ins Maremar per\u00f2 si l&#8217;anterior.<\/span><\/span><\/p>\n<p align=\"justify\"><span style=\"font-family: Arial, sans-serif;\"><span style=\"font-size: small;\"><b>2.<\/b> Les persones que no han estudiat a l&#8217;Ins Maremar, a part de les acreditacions a dalt detallades, han d&#8217;aportar el seu DNI.<\/span><\/span><\/p>\n<p align=\"justify\"><span style=\"font-size: small;\"><span style=\"font-family: Arial, sans-serif;\"><b>3.<\/b><\/span><span style=\"font-family: Arial, sans-serif;\"> El termini de lliurament del certificat \u00e9s de 3 dies h\u00e0bils.<\/span><\/span><\/p>\n<p align=\"justify\"><a href=\"http:\/\/llengua.gencat.cat\/ca\/serveis\/acreditacio_coneixements\/certificats_de_catala\/equivalencies_i_acreditacio_de_coneixements_de_catala\/\" target=\"_blank\" rel=\"noopener noreferrer\">Gencat: Equival\u00e8ncies i acreditaci\u00f3 de coneixements de catal\u00e0<\/a><\/p>\n<p align=\"justify\"><a href=\"http:\/\/llengua.gencat.cat\/ca\/serveis\/acreditacio_coneixements\/certificats_de_catala\/\" target=\"_blank\" rel=\"noopener noreferrer\">Gencat:\u00a0Certificats de catal\u00e0<\/a><\/p>\n<p align=\"justify\">\n","protected":false},"excerpt":{"rendered":"<p>0INFORMACI\u00d3 SOBRE EL CERTIFICAT DE RECONEIXEMENT DE NIVELL C<br \/>\nEl que popularment es coneix com el nivell C de catal\u00e0 \u00e9s el &#8220;certificat de nivell de sufici\u00e8ncia de catal\u00e0 (C)&#8221;, que es correspon amb les compet\u00e8ncies ling\u00fc\u00edstiques del nivell C1 del Ministerio de Educaci\u00f3n, Cultura y&hellip;  <a href=\"https:\/\/agora.xtec.cat\/iesmaremar\/certificat-de-catala-c1\/\" title=\"Read Certificat de catal\u00e0 (C1)\">Llegeix m\u00e9s\u00bb<\/a><\/p>\n","protected":false},"author":9,"featured_media":0,"parent":0,"menu_order":0,"comment_status":"closed","ping_status":"closed","template":"","meta":{"_bbp_topic_count":0,"_bbp_reply_count":0,"_bbp_total_topic_count":0,"_bbp_total_reply_count":0,"_bbp_voice_count":0,"_bbp_anonymous_reply_count":0,"_bbp_topic_count_hidden":0,"_bbp_reply_count_hidden":0,"_bbp_forum_subforum_count":0,"footnotes":""},"class_list":["post-1474","page","type-page","status-publish","hentry"],"post_mailing_queue_ids":[],"_links":{"self":[{"href":"https:\/\/agora.xtec.cat\/iesmaremar\/wp-json\/wp\/v2\/pages\/1474","targetHints":{"allow":["GET"]}}],"collection":[{"href":"https:\/\/agora.xtec.cat\/iesmaremar\/wp-json\/wp\/v2\/pages"}],"about":[{"href":"https:\/\/agora.xtec.cat\/iesmaremar\/wp-json\/wp\/v2\/types\/page"}],"author":[{"embeddable":true,"href":"https:\/\/agora.xtec.cat\/iesmaremar\/wp-json\/wp\/v2\/users\/9"}],"replies":[{"embeddable":true,"href":"https:\/\/agora.xtec.cat\/iesmaremar\/wp-json\/wp\/v2\/comments?post=1474"}],"version-history":[{"count":3,"href":"https:\/\/agora.xtec.cat\/iesmaremar\/wp-json\/wp\/v2\/pages\/1474\/revisions"}],"predecessor-version":[{"id":4051,"href":"https:\/\/agora.xtec.cat\/iesmaremar\/wp-json\/wp\/v2\/pages\/1474\/revisions\/4051"}],"wp:attachment":[{"href":"https:\/\/agora.xtec.cat\/iesmaremar\/wp-json\/wp\/v2\/media?parent=1474"}],"curies":[{"name":"wp","href":"https:\/\/api.w.org\/{rel}","templated":true}]}}