{"id":11135,"date":"2026-04-16T09:55:19","date_gmt":"2026-04-16T07:55:19","guid":{"rendered":"https:\/\/agora.xtec.cat\/iesmaremar\/?page_id=11135"},"modified":"2026-04-16T09:55:19","modified_gmt":"2026-04-16T07:55:19","slug":"centre-formador","status":"publish","type":"page","link":"https:\/\/agora.xtec.cat\/iesmaremar\/centre-formador\/","title":{"rendered":"Centre formador"},"content":{"rendered":"<p>El nostre centre participa en el Programa d\u2019Innovaci\u00f3 en la Formaci\u00f3 Inicial del Professorat (PINN MUFPS) i actua com a centre formador de refer\u00e8ncia per a l\u2019acollida d\u2019estudiants del M\u00e0ster Universitari de Formaci\u00f3 del Professorat de Secund\u00e0ria.<\/p>\n<p>En aquest marc, l\u2019institut acull cada curs alumnat en pr\u00e0ctiques amb l\u2019objectiu de contribuir a la seva formaci\u00f3 professional, oferint un acompanyament pedag\u00f2gic de qualitat, basat en l\u2019observaci\u00f3 de la pr\u00e0ctica docent, la reflexi\u00f3 compartida i la mentoria per part del professorat del centre.<\/p>\n<h3><u>Pla d\u2019acollida dels estudiants en pr\u00e0ctiques del M\u00e0ster de Formaci\u00f3 del Professorat<\/u><\/h3>\n<p>En el marc del Programa d\u2019Innovaci\u00f3 en la Formaci\u00f3 Inicial del Professorat (PINN MUFPS), el centre disposa d\u2019un Pla d\u2019acollida del docent, que aplica tamb\u00e9 al docent en pr\u00e0ctiques, on a m\u00e9s hi ha un apartat espec\u00edfic per a l\u2019alumnat en pr\u00e0ctiques, que es detalla a <strong>continuaci\u00f3<\/strong> en aquest mateix apartat on s\u2019estableix els criteris, les fases i els agents implicats en el proc\u00e9s d\u2019acompanyament, aix\u00ed com els drets i deures de l\u2019alumnat en pr\u00e0ctiques i dels tutors i tutores del centre.<\/p>\n<p>Aquest pla t\u00e9 com a objectiu facilitar la incorporaci\u00f3 progressiva de l\u2019estudiant en pr\u00e0ctiques a la vida del centre amb especial atenci\u00f3 al coneixement del funcionament del centre, la cultura organitzativa, la gesti\u00f3 d\u2019aula i la reflexi\u00f3 sobre la pr\u00e0ctica docent, afavorint el coneixement del projecte educatiu, la cultura professional i les din\u00e0miques d\u2019aula.<\/p>\n<p>L\u2019acollida es realitza mitjan\u00e7ant:<\/p>\n<ul>\n<li>una presentaci\u00f3 inicial del centre i dels documents institucionals b\u00e0sics (PEC, NOFC, projectes de centre),<\/li>\n<li>l\u2019assignaci\u00f3 d\u2019un professor o professora mentor\/a, que acompanya l\u2019estudiant durant el per\u00edode de pr\u00e0ctiques,<\/li>\n<li>processos d\u2019observaci\u00f3 d\u2019aula, participaci\u00f3 progressiva en la doc\u00e8ncia i espais de reflexi\u00f3 compartida sobre la pr\u00e0ctica educativa.<\/li>\n<\/ul>\n<p>El Pla d\u2019acollida t\u00e9 com a objectiu garantir una experi\u00e8ncia formativa de qualitat per a l\u2019estudiant en pr\u00e0ctiques, afavorint el desenvolupament de les seves compet\u00e8ncies professionals i la seva integraci\u00f3 en un entorn educatiu real.<\/p>\n<p>El pla promou un model d\u2019acompanyament basat en la mentoria, la reflexi\u00f3 professional i el desenvolupament competencial, garantint una experi\u00e8ncia formativa de qualitat i coherent amb els principis del centre com a instituci\u00f3 educativa i com a centre formador.<\/p>\n<p>&nbsp;<\/p>\n<h2><u>Desenvolupament del rol dels agents educatius en l\u2019acollida de l\u2019alumnat en pr\u00e0ctiques<\/u><\/h2>\n<p>El Pla d\u2019acollida dels estudiants en pr\u00e0ctiques defineix els rols i responsabilitats dels diferents agents educatius implicats en el proc\u00e9s formatiu, promovent una relaci\u00f3 basada en l\u2019acompanyament, l\u2019observaci\u00f3 i el di\u00e0leg professional.<\/p>\n<h3>Professorat mentor\/a<\/h3>\n<p>El professorat mentor \u00e9s el referent pedag\u00f2gic principal de l\u2019estudiant en pr\u00e0ctiques. Les seves funcions s\u00f3n:<\/p>\n<ul>\n<li>Acompanyar l\u2019estudiant en el proc\u00e9s d\u2019integraci\u00f3 al centre i a l\u2019aula.<\/li>\n<li>Facilitar espais d\u2019observaci\u00f3 de la pr\u00e0ctica docent i de participaci\u00f3 progressiva en la doc\u00e8ncia.<\/li>\n<li>Guiar la reflexi\u00f3 sobre la pr\u00e0ctica educativa mitjan\u00e7ant converses professionals.<\/li>\n<li>Orientar l\u2019estudiant en la presa de decisions did\u00e0ctiques i en la gesti\u00f3 de l\u2019aula.<\/li>\n<li>Afavorir el desenvolupament de les compet\u00e8ncies professionals docents.<\/li>\n<\/ul>\n<h3>Estudiant en pr\u00e0ctiques<\/h3>\n<p>L\u2019estudiant en pr\u00e0ctiques assumeix un rol actiu i reflexiu en el seu proc\u00e9s d\u2019aprenentatge professional. Es compromet a:<\/p>\n<ul>\n<li>Participar activament en les activitats del centre i de l\u2019aula.<\/li>\n<li>Observar la pr\u00e0ctica docent amb una mirada cr\u00edtica i respectuosa.<\/li>\n<li>Acceptar l\u2019acompanyament del mentor com a part del proc\u00e9s formatiu.<\/li>\n<li>Reflexionar sobre la pr\u00f2pia pr\u00e0ctica i incorporar les orientacions rebudes.<\/li>\n<li>Respectar les normes, els valors i la cultura del centre.<\/li>\n<\/ul>\n<h3>Coordinador i Equip docent\/directiu<\/h3>\n<p>L\u2019equip docent i l\u2019equip directiu faciliten un entorn institucional acollidor i coherent amb la funci\u00f3 formadora del centre. Les seves funcions s\u00f3n:<\/p>\n<ul>\n<li>Afavorir la integraci\u00f3 de l\u2019estudiant en la din\u00e0mica del centre.<\/li>\n<li>Donar suport al professorat mentor en la seva tasca d\u2019acompanyament.<\/li>\n<li>Garantir el compliment del Pla d\u2019acollida i la coordinaci\u00f3 amb les universitats.<\/li>\n<li>Promoure una cultura de centre oberta a la formaci\u00f3 i a la millora professional.<\/li>\n<\/ul>\n<p>Aquest enfocament permet entendre l\u2019acollida de l\u2019alumnat en pr\u00e0ctiques com un proc\u00e9s compartit de formaci\u00f3 i aprenentatge professional, basat en la confian\u00e7a, la reflexi\u00f3 i la coresponsabilitat.<\/p>\n<p>&nbsp;<\/p>\n","protected":false},"excerpt":{"rendered":"<p>El nostre centre participa en el Programa d\u2019Innovaci\u00f3 en la Formaci\u00f3 Inicial del Professorat (PINN MUFPS) i actua com a centre formador de refer\u00e8ncia per a l\u2019acollida d\u2019estudiants del M\u00e0ster Universitari de Formaci\u00f3 del Professorat de Secund\u00e0ria.<br \/>\nEn aquest marc, l\u2019institut acull cada curs alumnat en&hellip;  <a href=\"https:\/\/agora.xtec.cat\/iesmaremar\/centre-formador\/\" title=\"Read Centre formador\">Llegeix m\u00e9s\u00bb<\/a><\/p>\n","protected":false},"author":1,"featured_media":0,"parent":0,"menu_order":0,"comment_status":"closed","ping_status":"closed","template":"","meta":{"_bbp_topic_count":0,"_bbp_reply_count":0,"_bbp_total_topic_count":0,"_bbp_total_reply_count":0,"_bbp_voice_count":0,"_bbp_anonymous_reply_count":0,"_bbp_topic_count_hidden":0,"_bbp_reply_count_hidden":0,"_bbp_forum_subforum_count":0,"footnotes":""},"class_list":["post-11135","page","type-page","status-publish","hentry"],"post_mailing_queue_ids":[],"_links":{"self":[{"href":"https:\/\/agora.xtec.cat\/iesmaremar\/wp-json\/wp\/v2\/pages\/11135","targetHints":{"allow":["GET"]}}],"collection":[{"href":"https:\/\/agora.xtec.cat\/iesmaremar\/wp-json\/wp\/v2\/pages"}],"about":[{"href":"https:\/\/agora.xtec.cat\/iesmaremar\/wp-json\/wp\/v2\/types\/page"}],"author":[{"embeddable":true,"href":"https:\/\/agora.xtec.cat\/iesmaremar\/wp-json\/wp\/v2\/users\/1"}],"replies":[{"embeddable":true,"href":"https:\/\/agora.xtec.cat\/iesmaremar\/wp-json\/wp\/v2\/comments?post=11135"}],"version-history":[{"count":2,"href":"https:\/\/agora.xtec.cat\/iesmaremar\/wp-json\/wp\/v2\/pages\/11135\/revisions"}],"predecessor-version":[{"id":11137,"href":"https:\/\/agora.xtec.cat\/iesmaremar\/wp-json\/wp\/v2\/pages\/11135\/revisions\/11137"}],"wp:attachment":[{"href":"https:\/\/agora.xtec.cat\/iesmaremar\/wp-json\/wp\/v2\/media?parent=11135"}],"curies":[{"name":"wp","href":"https:\/\/api.w.org\/{rel}","templated":true}]}}