{"id":6303,"date":"2021-02-14T08:51:00","date_gmt":"2021-02-14T07:51:00","guid":{"rendered":"http:\/\/agora.xtec.cat\/iesmaragall\/?page_id=6303"},"modified":"2021-02-15T19:57:26","modified_gmt":"2021-02-15T18:57:26","slug":"aps-inclusions","status":"publish","type":"page","link":"https:\/\/agora.xtec.cat\/iesmaragall\/com-treballem\/projectes-activitats\/aps-inclusions\/","title":{"rendered":"APS &#8211; Inclusions"},"content":{"rendered":"<p>QUI SOM?<\/p>\n<p>El concepte que engloba el nostre Servei Comunitari \u00e9s la inclusi\u00f3, i ens agrada parlar-ne en plural perqu\u00e8 treballem realitats des de perspectives diverses, al darrere de les quals hi ha persones.<\/p>\n<p><a href=\"https:\/\/agora.xtec.cat\/iesmaragall\/wp-content\/uploads\/usu1613\/2021\/02\/clea-1.jpg\"><img loading=\"lazy\" decoding=\"async\" class=\"alignnone size-large wp-image-6409\" src=\"https:\/\/agora.xtec.cat\/iesmaragall\/wp-content\/uploads\/usu1613\/2021\/02\/clea-1-1024x768.jpg\" alt=\"\" width=\"1024\" height=\"768\" srcset=\"https:\/\/agora.xtec.cat\/iesmaragall\/wp-content\/uploads\/usu1613\/2021\/02\/clea-1-1024x768.jpg 1024w, https:\/\/agora.xtec.cat\/iesmaragall\/wp-content\/uploads\/usu1613\/2021\/02\/clea-1-300x225.jpg 300w, https:\/\/agora.xtec.cat\/iesmaragall\/wp-content\/uploads\/usu1613\/2021\/02\/clea-1-768x576.jpg 768w, https:\/\/agora.xtec.cat\/iesmaragall\/wp-content\/uploads\/usu1613\/2021\/02\/clea-1-200x150.jpg 200w\" sizes=\"auto, (max-width: 1024px) 100vw, 1024px\" \/><\/a><\/p>\n<p>AMB QUINES ENTITATS EXTERNES COL\u00b7LABOREM?<\/p>\n<p>De moment, treballem amb Higiene Mental, l\u2019ONCE i l\u2019Espai Subirachs.<\/p>\n<p><a href=\"https:\/\/agora.xtec.cat\/iesmaragall\/wp-content\/uploads\/usu1613\/2021\/02\/clea-2.jpg\"><img loading=\"lazy\" decoding=\"async\" class=\"alignnone size-large wp-image-6410\" src=\"https:\/\/agora.xtec.cat\/iesmaragall\/wp-content\/uploads\/usu1613\/2021\/02\/clea-2-1024x623.jpg\" alt=\"\" width=\"1024\" height=\"623\" srcset=\"https:\/\/agora.xtec.cat\/iesmaragall\/wp-content\/uploads\/usu1613\/2021\/02\/clea-2-1024x623.jpg 1024w, https:\/\/agora.xtec.cat\/iesmaragall\/wp-content\/uploads\/usu1613\/2021\/02\/clea-2-300x183.jpg 300w, https:\/\/agora.xtec.cat\/iesmaragall\/wp-content\/uploads\/usu1613\/2021\/02\/clea-2-768x468.jpg 768w\" sizes=\"auto, (max-width: 1024px) 100vw, 1024px\" \/><\/a><\/p>\n<p>QU\u00c8 FEM I QU\u00c8 VOLEM FER?<\/p>\n<p>El primer trimestre, vam reescriure uns contes i llegendes amb perspectiva inclusiva per tal de poder-les fer arribar a algunes de les escoles que tenim adscrites com a centre de secund\u00e0ria. A m\u00e9s a m\u00e9s, hem fet una proposta a Higiene Mental perqu\u00e8 ens cre\u00ef un jard\u00ed vertical: volem que l\u2019entrada a l\u2019institut sigui una mica m\u00e9s alegre i verda. \uf04a<\/p>\n<p><a href=\"https:\/\/agora.xtec.cat\/iesmaragall\/wp-content\/uploads\/usu1613\/2021\/02\/clea-5.jpg\"><img loading=\"lazy\" decoding=\"async\" class=\"alignnone wp-image-6414 size-medium\" src=\"https:\/\/agora.xtec.cat\/iesmaragall\/wp-content\/uploads\/usu1613\/2021\/02\/clea-5-224x300.jpg\" alt=\"\" width=\"224\" height=\"300\" srcset=\"https:\/\/agora.xtec.cat\/iesmaragall\/wp-content\/uploads\/usu1613\/2021\/02\/clea-5-224x300.jpg 224w, https:\/\/agora.xtec.cat\/iesmaragall\/wp-content\/uploads\/usu1613\/2021\/02\/clea-5-768x1026.jpg 768w, https:\/\/agora.xtec.cat\/iesmaragall\/wp-content\/uploads\/usu1613\/2021\/02\/clea-5-766x1024.jpg 766w, https:\/\/agora.xtec.cat\/iesmaragall\/wp-content\/uploads\/usu1613\/2021\/02\/clea-5.jpg 1736w\" sizes=\"auto, (max-width: 224px) 100vw, 224px\" \/><\/a><\/p>\n<p>El segon trimestre treballem en quatre equips, i cada un creem uns jocs de taula basats en elements que surten als textos inclusius del primer trimestre. D\u2019aquesta manera, volem crear una maleta pedag\u00f2gica que podrem utilitzar el curs vinent a les escoles de prim\u00e0ria,<br \/>\nentre d\u2019altres.<\/p>\n<p>El tercer trimestre visitarem l\u2019Espai Subirachs, un equipament cultural i muse\u00edstic que hi ha al Poblenou; amb l\u2019ajut i l\u2019assessorament de l\u2019ONCE farem una proposta d\u2019adaptaci\u00f3 del centre cultural per a persones cegues o amb dificultats visuals greus.<\/p>\n<p>&nbsp;<\/p>\n<p><a href=\"https:\/\/agora.xtec.cat\/iesmaragall\/wp-content\/uploads\/usu1613\/2021\/02\/clea-4-1.jpg\"><img loading=\"lazy\" decoding=\"async\" class=\"alignnone wp-image-6413 size-medium\" src=\"https:\/\/agora.xtec.cat\/iesmaragall\/wp-content\/uploads\/usu1613\/2021\/02\/clea-4-1-224x300.jpg\" alt=\"\" width=\"224\" height=\"300\" srcset=\"https:\/\/agora.xtec.cat\/iesmaragall\/wp-content\/uploads\/usu1613\/2021\/02\/clea-4-1-224x300.jpg 224w, https:\/\/agora.xtec.cat\/iesmaragall\/wp-content\/uploads\/usu1613\/2021\/02\/clea-4-1-768x1026.jpg 768w, https:\/\/agora.xtec.cat\/iesmaragall\/wp-content\/uploads\/usu1613\/2021\/02\/clea-4-1-766x1024.jpg 766w, https:\/\/agora.xtec.cat\/iesmaragall\/wp-content\/uploads\/usu1613\/2021\/02\/clea-4-1.jpg 1736w\" sizes=\"auto, (max-width: 224px) 100vw, 224px\" \/><\/a><\/p>\n<p>&nbsp;<\/p>\n<p>&nbsp;<\/p>\n","protected":false},"excerpt":{"rendered":"<p>QUI SOM?<br \/>\nEl concepte que engloba el nostre Servei Comunitari \u00e9s la inclusi\u00f3, i ens agrada parlar-ne en plural perqu\u00e8 treballem realitats des de perspectives diverses, al darrere de les quals hi ha persones.<br \/>\n<a href=\"https:\/\/agora.xtec.cat\/iesmaragall\/wp-content\/uploads\/usu1613\/2021\/02\/clea-1.jpg\"><\/a><br \/>\nAMB QUINES ENTITATS EXTERNES COL\u00b7LABOREM?<br \/>\nDe moment, treballem amb Higiene Mental, l\u2019ONCE i&hellip;  <a href=\"https:\/\/agora.xtec.cat\/iesmaragall\/com-treballem\/projectes-activitats\/aps-inclusions\/\" title=\"Read APS &#8211; Inclusions\">Llegeix m\u00e9s\u00bb<\/a><\/p>\n","protected":false},"author":1,"featured_media":0,"parent":469,"menu_order":0,"comment_status":"closed","ping_status":"closed","template":"page-templates\/side-menu.php","meta":{"_bbp_topic_count":0,"_bbp_reply_count":0,"_bbp_total_topic_count":0,"_bbp_total_reply_count":0,"_bbp_voice_count":0,"_bbp_anonymous_reply_count":0,"_bbp_topic_count_hidden":0,"_bbp_reply_count_hidden":0,"_bbp_forum_subforum_count":0,"footnotes":""},"class_list":["post-6303","page","type-page","status-publish","hentry"],"post_mailing_queue_ids":[],"_links":{"self":[{"href":"https:\/\/agora.xtec.cat\/iesmaragall\/wp-json\/wp\/v2\/pages\/6303","targetHints":{"allow":["GET"]}}],"collection":[{"href":"https:\/\/agora.xtec.cat\/iesmaragall\/wp-json\/wp\/v2\/pages"}],"about":[{"href":"https:\/\/agora.xtec.cat\/iesmaragall\/wp-json\/wp\/v2\/types\/page"}],"author":[{"embeddable":true,"href":"https:\/\/agora.xtec.cat\/iesmaragall\/wp-json\/wp\/v2\/users\/1"}],"replies":[{"embeddable":true,"href":"https:\/\/agora.xtec.cat\/iesmaragall\/wp-json\/wp\/v2\/comments?post=6303"}],"version-history":[{"count":3,"href":"https:\/\/agora.xtec.cat\/iesmaragall\/wp-json\/wp\/v2\/pages\/6303\/revisions"}],"predecessor-version":[{"id":6416,"href":"https:\/\/agora.xtec.cat\/iesmaragall\/wp-json\/wp\/v2\/pages\/6303\/revisions\/6416"}],"up":[{"embeddable":true,"href":"https:\/\/agora.xtec.cat\/iesmaragall\/wp-json\/wp\/v2\/pages\/469"}],"wp:attachment":[{"href":"https:\/\/agora.xtec.cat\/iesmaragall\/wp-json\/wp\/v2\/media?parent=6303"}],"curies":[{"name":"wp","href":"https:\/\/api.w.org\/{rel}","templated":true}]}}