{"id":6245,"date":"2021-02-09T20:17:04","date_gmt":"2021-02-09T19:17:04","guid":{"rendered":"http:\/\/agora.xtec.cat\/iesmaragall\/?page_id=6245"},"modified":"2021-02-09T20:17:12","modified_gmt":"2021-02-09T19:17:12","slug":"english-batx-art","status":"publish","type":"page","link":"https:\/\/agora.xtec.cat\/iesmaragall\/com-treballem\/english-batx-art\/","title":{"rendered":"English Batx &#8211; ART"},"content":{"rendered":"<p>A l\u2019Institut Poeta Maragall oferim la possibilitat de que un grup d\u2019alumnes de la modalitat d\u2019Arts pugui cursar el English Batx. Per aix\u00f2, oferim diferents mat\u00e8ries comunes, de modalitat i espec\u00edfiques de centre que s\u2019imparteixen en Llengua Anglesa amb la metodologia AICLE<\/p>\n","protected":false},"excerpt":{"rendered":"<p>A l\u2019Institut Poeta Maragall oferim la possibilitat de que un grup d\u2019alumnes de la modalitat d\u2019Arts pugui cursar el English Batx. Per aix\u00f2, oferim diferents mat\u00e8ries comunes, de modalitat i espec\u00edfiques de centre que s\u2019imparteixen en Llengua Anglesa amb la metodologia AICLE<\/p>\n","protected":false},"author":1,"featured_media":0,"parent":465,"menu_order":11,"comment_status":"closed","ping_status":"closed","template":"page-templates\/side-menu.php","meta":{"_bbp_topic_count":0,"_bbp_reply_count":0,"_bbp_total_topic_count":0,"_bbp_total_reply_count":0,"_bbp_voice_count":0,"_bbp_anonymous_reply_count":0,"_bbp_topic_count_hidden":0,"_bbp_reply_count_hidden":0,"_bbp_forum_subforum_count":0,"footnotes":""},"class_list":["post-6245","page","type-page","status-publish","hentry"],"post_mailing_queue_ids":[],"_links":{"self":[{"href":"https:\/\/agora.xtec.cat\/iesmaragall\/wp-json\/wp\/v2\/pages\/6245","targetHints":{"allow":["GET"]}}],"collection":[{"href":"https:\/\/agora.xtec.cat\/iesmaragall\/wp-json\/wp\/v2\/pages"}],"about":[{"href":"https:\/\/agora.xtec.cat\/iesmaragall\/wp-json\/wp\/v2\/types\/page"}],"author":[{"embeddable":true,"href":"https:\/\/agora.xtec.cat\/iesmaragall\/wp-json\/wp\/v2\/users\/1"}],"replies":[{"embeddable":true,"href":"https:\/\/agora.xtec.cat\/iesmaragall\/wp-json\/wp\/v2\/comments?post=6245"}],"version-history":[{"count":2,"href":"https:\/\/agora.xtec.cat\/iesmaragall\/wp-json\/wp\/v2\/pages\/6245\/revisions"}],"predecessor-version":[{"id":6247,"href":"https:\/\/agora.xtec.cat\/iesmaragall\/wp-json\/wp\/v2\/pages\/6245\/revisions\/6247"}],"up":[{"embeddable":true,"href":"https:\/\/agora.xtec.cat\/iesmaragall\/wp-json\/wp\/v2\/pages\/465"}],"wp:attachment":[{"href":"https:\/\/agora.xtec.cat\/iesmaragall\/wp-json\/wp\/v2\/media?parent=6245"}],"curies":[{"name":"wp","href":"https:\/\/api.w.org\/{rel}","templated":true}]}}