{"id":5626,"date":"2020-05-08T14:39:19","date_gmt":"2020-05-08T12:39:19","guid":{"rendered":"http:\/\/agora.xtec.cat\/iesmaragall\/?page_id=5626"},"modified":"2020-05-17T12:44:45","modified_gmt":"2020-05-17T10:44:45","slug":"preinscripcio-i-matricula","status":"publish","type":"page","link":"https:\/\/agora.xtec.cat\/iesmaragall\/preinscripcio-i-matricula\/","title":{"rendered":"PREINSCRIPCI\u00d3 I MATR\u00cdCULA 2020-2021"},"content":{"rendered":"<p><strong>ESO \u00a0<\/strong><a href=\"http:\/\/mapaescolar.gencat.cat\/\" target=\"_blank\" rel=\"noopener noreferrer\">OFERTA PROVISIONAL<\/a><\/p>\n<ul>\n<li>Preinscripci\u00f3:\n<ul>\n<li><strong>Telem\u00e0tica del 13 al 22 de maig amb el<\/strong> <strong><a href=\"http:\/\/ensenyament.gencat.cat\/ca\/tramits\/tramits-temes\/20483_preinscripcio_escolar?moda=1\" target=\"_blank\" rel=\"noopener noreferrer\">formulari en l\u00ednia<\/a><\/strong>.<br \/>\n<h5><span style=\"color: #000000;\"><strong>Heu d&#8217;indicar el codi del centre: 08013160<\/strong><\/span><\/h5>\n<p>Un cop feta cal enviar el Resguard que s&#8217;ha generat i la documentaci\u00f3 requerida al centre que s&#8217;ha posat en primera opci\u00f3, en el nostre cas a <strong>secretaria@institutmaragall.cat<\/strong><\/li>\n<li><strong> Presencial al centre amb cita pr\u00e8via del 19 al 22 de maig<\/strong>. Sol\u00b7licitud cita pr\u00e8via:<br \/>\n<h5 style=\"padding-left: 40px;\"><span style=\"color: #000000;\"> Tel\u00e8fons <\/span><span style=\"color: #000000;\">934534782 \/\u00a0<\/span><span style=\"color: #000000;\">634668917 (de 10 a 13h i de 16 a 17h)<\/span><\/h5>\n<h5 style=\"padding-left: 40px;\"><span style=\"color: #000000;\">secretaria@institutmaragall.cat<\/span><\/h5>\n<h5 style=\"padding-left: 40px;\"><span style=\"color: #000000;\"><a href=\"https:\/\/aplicacions.gestioeducativa.gencat.cat\/pls\/apex\/f?p=CITA_PREVIA:4::::4:P4_TIPUS_CALENDARI,P4_DOMINI:01_Oblig,08013160\" target=\"_blank\" rel=\"noopener noreferrer\">APLICATIU CITA PR\u00c8VIA<\/a> per escollir dia i hora.<\/span><\/h5>\n<\/li>\n<\/ul>\n<\/li>\n<li>Matr\u00edcula: del 13 al 17 de juliol<\/li>\n<\/ul>\n<p><strong>BATXILLERAT<\/strong><\/p>\n<ul>\n<li>Preinscripci\u00f3: del 27 de maig al 3 de juny<\/li>\n<li>Matr\u00edcula: del 8 al 14 de juliol \u2013els pendents de l&#8217;avaluaci\u00f3 de setembre, del 7 al 10 de setembre<\/li>\n<\/ul>\n<p>Anem actualitzant la p\u00e0gina a mesura que ens arriba la informaci\u00f3 del Departament d&#8217;Educaci\u00f3.<\/p>\n<p>Tota la informaci\u00f3 del proc\u00e9s a la web del Departament d&#8217;Educaci\u00f3: <a href=\"http:\/\/queestudiar.gencat.cat\/ca\/preinscripcio\/\" target=\"_blank\" rel=\"noopener noreferrer\">http:\/\/queestudiar.gencat.cat\/ca\/preinscripcio\/<\/a><\/p>\n","protected":false},"excerpt":{"rendered":"<p>ESO \u00a0<a href=\"http:\/\/mapaescolar.gencat.cat\/\" target=\"_blank\" rel=\"noopener noreferrer\">OFERTA PROVISIONAL<\/a><\/p>\n<ul>\n<li>Preinscripci\u00f3:\n<ul>\n<li>Telem\u00e0tica del 13 al 22 de maig amb el <a href=\"http:\/\/ensenyament.gencat.cat\/ca\/tramits\/tramits-temes\/20483_preinscripcio_escolar?moda=1\" target=\"_blank\" rel=\"noopener noreferrer\">formulari en l\u00ednia<\/a>.<br \/>\nHeu d&#8217;indicar el codi del centre: 08013160<br \/>\nUn cop feta cal enviar el Resguard que s&#8217;ha generat i la documentaci\u00f3 requerida al centre que s&#8217;ha&hellip;  <a href=\"https:\/\/agora.xtec.cat\/iesmaragall\/preinscripcio-i-matricula\/\" title=\"Read PREINSCRIPCI\u00d3 I MATR\u00cdCULA 2020-2021\">Llegeix m\u00e9s\u00bb<\/a><\/p>\n","protected":false},"author":1,"featured_media":0,"parent":0,"menu_order":0,"comment_status":"closed","ping_status":"closed","template":"","meta":{"_bbp_topic_count":0,"_bbp_reply_count":0,"_bbp_total_topic_count":0,"_bbp_total_reply_count":0,"_bbp_voice_count":0,"_bbp_anonymous_reply_count":0,"_bbp_topic_count_hidden":0,"_bbp_reply_count_hidden":0,"_bbp_forum_subforum_count":0,"footnotes":""},"class_list":["post-5626","page","type-page","status-publish","hentry"],"post_mailing_queue_ids":[],"_links":{"self":[{"href":"https:\/\/agora.xtec.cat\/iesmaragall\/wp-json\/wp\/v2\/pages\/5626","targetHints":{"allow":["GET"]}}],"collection":[{"href":"https:\/\/agora.xtec.cat\/iesmaragall\/wp-json\/wp\/v2\/pages"}],"about":[{"href":"https:\/\/agora.xtec.cat\/iesmaragall\/wp-json\/wp\/v2\/types\/page"}],"author":[{"embeddable":true,"href":"https:\/\/agora.xtec.cat\/iesmaragall\/wp-json\/wp\/v2\/users\/1"}],"replies":[{"embeddable":true,"href":"https:\/\/agora.xtec.cat\/iesmaragall\/wp-json\/wp\/v2\/comments?post=5626"}],"version-history":[{"count":4,"href":"https:\/\/agora.xtec.cat\/iesmaragall\/wp-json\/wp\/v2\/pages\/5626\/revisions"}],"predecessor-version":[{"id":5701,"href":"https:\/\/agora.xtec.cat\/iesmaragall\/wp-json\/wp\/v2\/pages\/5626\/revisions\/5701"}],"wp:attachment":[{"href":"https:\/\/agora.xtec.cat\/iesmaragall\/wp-json\/wp\/v2\/media?parent=5626"}],"curies":[{"name":"wp","href":"https:\/\/api.w.org\/{rel}","templated":true}]}}