{"id":481,"date":"2017-01-20T13:49:11","date_gmt":"2017-01-20T12:49:11","guid":{"rendered":"http:\/\/agora.xtec.cat\/iesmaragall\/?page_id=481"},"modified":"2025-09-23T21:55:14","modified_gmt":"2025-09-23T19:55:14","slug":"taquilles","status":"publish","type":"page","link":"https:\/\/agora.xtec.cat\/iesmaragall\/administracio-i-serveis\/taquilles\/","title":{"rendered":"Armariets"},"content":{"rendered":"<p>El centre disposa d\u2019un <strong>servei de lloguer d&#8217;armariets <\/strong>gestionat per l&#8217;AFA. Els nois i noies que ho desitgen poden llogar un armariet per <strong>50\u20ac<\/strong> durant tot el curs. Els armariets funcionen amb clau i <strong>poden ser d\u2019\u00fas compartit<\/strong> entre dues persones ja que s\u00f3n for\u00e7a grans.<\/p>\n","protected":false},"excerpt":{"rendered":"<p>El centre disposa d\u2019un servei de lloguer d&#8217;armariets gestionat per l&#8217;AFA. Els nois i noies que ho desitgen poden llogar un armariet per 50\u20ac durant tot el curs. Els armariets funcionen amb clau i poden ser d\u2019\u00fas compartit entre dues persones ja que s\u00f3n for\u00e7a&hellip;  <a href=\"https:\/\/agora.xtec.cat\/iesmaragall\/administracio-i-serveis\/taquilles\/\" title=\"Read Armariets\">Llegeix m\u00e9s\u00bb<\/a><\/p>\n","protected":false},"author":1,"featured_media":0,"parent":611,"menu_order":6,"comment_status":"closed","ping_status":"closed","template":"page-templates\/side-menu.php","meta":{"_bbp_topic_count":0,"_bbp_reply_count":0,"_bbp_total_topic_count":0,"_bbp_total_reply_count":0,"_bbp_voice_count":0,"_bbp_anonymous_reply_count":0,"_bbp_topic_count_hidden":0,"_bbp_reply_count_hidden":0,"_bbp_forum_subforum_count":0,"footnotes":""},"class_list":["post-481","page","type-page","status-publish","hentry"],"post_mailing_queue_ids":[],"_links":{"self":[{"href":"https:\/\/agora.xtec.cat\/iesmaragall\/wp-json\/wp\/v2\/pages\/481","targetHints":{"allow":["GET"]}}],"collection":[{"href":"https:\/\/agora.xtec.cat\/iesmaragall\/wp-json\/wp\/v2\/pages"}],"about":[{"href":"https:\/\/agora.xtec.cat\/iesmaragall\/wp-json\/wp\/v2\/types\/page"}],"author":[{"embeddable":true,"href":"https:\/\/agora.xtec.cat\/iesmaragall\/wp-json\/wp\/v2\/users\/1"}],"replies":[{"embeddable":true,"href":"https:\/\/agora.xtec.cat\/iesmaragall\/wp-json\/wp\/v2\/comments?post=481"}],"version-history":[{"count":5,"href":"https:\/\/agora.xtec.cat\/iesmaragall\/wp-json\/wp\/v2\/pages\/481\/revisions"}],"predecessor-version":[{"id":10274,"href":"https:\/\/agora.xtec.cat\/iesmaragall\/wp-json\/wp\/v2\/pages\/481\/revisions\/10274"}],"up":[{"embeddable":true,"href":"https:\/\/agora.xtec.cat\/iesmaragall\/wp-json\/wp\/v2\/pages\/611"}],"wp:attachment":[{"href":"https:\/\/agora.xtec.cat\/iesmaragall\/wp-json\/wp\/v2\/media?parent=481"}],"curies":[{"name":"wp","href":"https:\/\/api.w.org\/{rel}","templated":true}]}}