{"id":2655,"date":"2017-07-07T12:45:05","date_gmt":"2017-07-07T10:45:05","guid":{"rendered":"http:\/\/agora.xtec.cat\/iesmaragall\/?page_id=2655"},"modified":"2021-04-15T20:39:06","modified_gmt":"2021-04-15T18:39:06","slug":"alumnat","status":"publish","type":"page","link":"https:\/\/agora.xtec.cat\/iesmaragall\/alumnat\/","title":{"rendered":"Alumnat"},"content":{"rendered":"<table>\n<tbody>\n<tr>\n<td>Orles<\/td>\n<td><a href=\"https:\/\/drive.google.com\/open?id=0B_zpHMIPwvLgbTVVMzFkRmhkbEU\">Carpeta amb les orles<\/a><\/td>\n<\/tr>\n<tr>\n<td>Abs\u00e8ncies i retards<\/td>\n<td><a href=\"https:\/\/drive.google.com\/file\/d\/1PL9qpds4JHTklvfQmJKdWb1deHAp5Uds\/view?usp=sharing\" target=\"_blank\" rel=\"noopener noreferrer\">Normativa entrades, sortides i abs\u00e8ncies alumnat<\/a><\/p>\n<p><a href=\"https:\/\/drive.google.com\/open?id=0B_zpHMIPwvLgLWk4Zll1MXV5RVE\">Notificaci\u00f3 de retard<\/a><\/p>\n<p><a href=\"https:\/\/drive.google.com\/open?id=0B_zpHMIPwvLgOHNja2diS0ZQMUk\">Autoritzaci\u00f3 de la sortida del centre en horari lectiu<\/a><\/p>\n<p><a href=\"https:\/\/drive.google.com\/open?id=0B_zpHMIPwvLgQU9nbmRadndZMlE\">Justificant de faltes d&#8217;assist\u00e8ncia<\/a><\/td>\n<\/tr>\n<tr>\n<td>Malalties i accidents<\/td>\n<td><a href=\"https:\/\/drive.google.com\/open?id=0B_zpHMIPwvLgQ1RuYTJfYmdpazQ\">Normativa malaltia i accidents alumnat<\/a><\/p>\n<p><a href=\"https:\/\/drive.google.com\/open?id=0B_zpHMIPwvLgemMyTzJRR0VxYzA\">Situacions d\u2019emerg\u00e8ncia<\/a><\/p>\n<p><a href=\"https:\/\/drive.google.com\/open?id=0B_zpHMIPwvLgeXR1cERzT0tkejg\">Farmaciola escolar<\/a><\/p>\n<p><a href=\"https:\/\/drive.google.com\/open?id=0B_zpHMIPwvLgX1ViTm5pcGw5ZWc\">Ferides lleus<\/a><\/p>\n<p><a href=\"https:\/\/drive.google.com\/open?id=0B_zpHMIPwvLgYWJIdEpPMU5pclE\">Sida a l\u2019escola<\/a><\/p>\n<p><a href=\"https:\/\/drive.google.com\/open?id=0B_zpHMIPwvLgb3IxS052dFBteEk\">Diabetis a l\u2019escola<\/a><\/p>\n<p><a href=\"https:\/\/drive.google.com\/open?id=0B_zpHMIPwvLgb1VmbzRYbTBWREk\">Suport als alumnes amb malaltia\u00a0inflamat\u00f2ria intestinal<\/a><\/p>\n<p><a href=\"https:\/\/drive.google.com\/open?id=0B_zpHMIPwvLgd2RacVhJc1lpd2c\">No assist\u00e8ncia al centre per malaltia<\/a><\/p>\n<p><a href=\"https:\/\/drive.google.com\/open?id=0B_zpHMIPwvLgT05RY2drOTN4WVU\">Preparaci\u00f3 d\u2019aliments a l\u2019escola<\/a><\/td>\n<\/tr>\n<tr>\n<td>Acollida alumnat<\/td>\n<td>\n<section>\n<div class=\"content\" data-section-content=\"\">\n<p><a href=\"https:\/\/drive.google.com\/file\/d\/0B_zpHMIPwvLgZFlLUWJhOWk5N2s\/view?usp=sharing\">Informacions entrevistes d&#8217;acollida<\/a><\/p>\n<p><a href=\"https:\/\/drive.google.com\/open?id=1Fo79B2ioxjrhUN8aXUBP2KgM7zksNUxW\" target=\"_blank\" rel=\"noopener noreferrer\">Dossiers reunions d&#8217;inici de curs<\/a><\/p>\n<\/div>\n<\/section>\n<\/td>\n<\/tr>\n<tr>\n<td>Conviv\u00e8ncia<\/td>\n<td><a href=\"https:\/\/drive.google.com\/open?id=0B_zpHMIPwvLgQ3RXTFZyVWpxU3c\" target=\"_blank\" rel=\"noopener noreferrer\">Protocols d&#8217;actuaci\u00f3 en cas de conductes contr\u00e0ries a la conviv\u00e8ncia<\/a><\/p>\n<p><a href=\"https:\/\/drive.google.com\/open?id=0B_zpHMIPwvLgQW14S3otT1dELXc\" target=\"_blank\" rel=\"noopener noreferrer\">\u00das de dispositius m\u00f2bils<\/a><\/td>\n<\/tr>\n<\/tbody>\n<\/table>\n<p>&nbsp;<\/p>\n","protected":false},"excerpt":{"rendered":"<p>Orles<br \/>\n<a href=\"https:\/\/drive.google.com\/open?id=0B_zpHMIPwvLgbTVVMzFkRmhkbEU\">Carpeta amb les orles<\/a><\/p>\n<p>Abs\u00e8ncies i retards<br \/>\n<a href=\"https:\/\/drive.google.com\/file\/d\/1PL9qpds4JHTklvfQmJKdWb1deHAp5Uds\/view?usp=sharing\" target=\"_blank\" rel=\"noopener noreferrer\">Normativa entrades, sortides i abs\u00e8ncies alumnat<\/a><br \/>\n<a href=\"https:\/\/drive.google.com\/open?id=0B_zpHMIPwvLgLWk4Zll1MXV5RVE\">Notificaci\u00f3 de retard<\/a><br \/>\n<a href=\"https:\/\/drive.google.com\/open?id=0B_zpHMIPwvLgOHNja2diS0ZQMUk\">Autoritzaci\u00f3 de la sortida del centre en horari lectiu<\/a><br \/>\n<a href=\"https:\/\/drive.google.com\/open?id=0B_zpHMIPwvLgQU9nbmRadndZMlE\">Justificant de faltes d&#8217;assist\u00e8ncia<\/a><\/p>\n<p>Malalties i accidents<br \/>\n<a href=\"https:\/\/drive.google.com\/open?id=0B_zpHMIPwvLgQ1RuYTJfYmdpazQ\">Normativa malaltia i accidents alumnat<\/a><br \/>\n<a href=\"https:\/\/drive.google.com\/open?id=0B_zpHMIPwvLgemMyTzJRR0VxYzA\">Situacions d\u2019emerg\u00e8ncia<\/a><br \/>\n<a href=\"https:\/\/drive.google.com\/open?id=0B_zpHMIPwvLgeXR1cERzT0tkejg\">Farmaciola escolar<\/a><br \/>\n<a href=\"https:\/\/drive.google.com\/open?id=0B_zpHMIPwvLgX1ViTm5pcGw5ZWc\">Ferides lleus<\/a><br \/>\n<a&hellip;  <a href=\"https:\/\/agora.xtec.cat\/iesmaragall\/alumnat\/\" title=\"Read Alumnat\">Llegeix m\u00e9s\u00bb<\/a><\/p>\n","protected":false},"author":1,"featured_media":0,"parent":0,"menu_order":2,"comment_status":"closed","ping_status":"closed","template":"","meta":{"_bbp_topic_count":0,"_bbp_reply_count":0,"_bbp_total_topic_count":0,"_bbp_total_reply_count":0,"_bbp_voice_count":0,"_bbp_anonymous_reply_count":0,"_bbp_topic_count_hidden":0,"_bbp_reply_count_hidden":0,"_bbp_forum_subforum_count":0,"footnotes":""},"class_list":["post-2655","page","type-page","status-publish","hentry"],"post_mailing_queue_ids":[],"_links":{"self":[{"href":"https:\/\/agora.xtec.cat\/iesmaragall\/wp-json\/wp\/v2\/pages\/2655","targetHints":{"allow":["GET"]}}],"collection":[{"href":"https:\/\/agora.xtec.cat\/iesmaragall\/wp-json\/wp\/v2\/pages"}],"about":[{"href":"https:\/\/agora.xtec.cat\/iesmaragall\/wp-json\/wp\/v2\/types\/page"}],"author":[{"embeddable":true,"href":"https:\/\/agora.xtec.cat\/iesmaragall\/wp-json\/wp\/v2\/users\/1"}],"replies":[{"embeddable":true,"href":"https:\/\/agora.xtec.cat\/iesmaragall\/wp-json\/wp\/v2\/comments?post=2655"}],"version-history":[{"count":3,"href":"https:\/\/agora.xtec.cat\/iesmaragall\/wp-json\/wp\/v2\/pages\/2655\/revisions"}],"predecessor-version":[{"id":6661,"href":"https:\/\/agora.xtec.cat\/iesmaragall\/wp-json\/wp\/v2\/pages\/2655\/revisions\/6661"}],"wp:attachment":[{"href":"https:\/\/agora.xtec.cat\/iesmaragall\/wp-json\/wp\/v2\/media?parent=2655"}],"curies":[{"name":"wp","href":"https:\/\/api.w.org\/{rel}","templated":true}]}}