{"id":10086,"date":"2025-06-19T11:00:22","date_gmt":"2025-06-19T09:00:22","guid":{"rendered":"https:\/\/agora.xtec.cat\/iesmaragall\/?page_id=10086"},"modified":"2025-06-19T11:00:23","modified_gmt":"2025-06-19T09:00:23","slug":"la-teatral-del-maragall","status":"publish","type":"page","link":"https:\/\/agora.xtec.cat\/iesmaragall\/la-teatral-del-maragall\/","title":{"rendered":"La teatral del Maragall"},"content":{"rendered":"\n<p><strong>Generaci\u00f3 Maragall<\/strong><\/p>\n\n\n\n<p><strong>Estrenem aquesta nova secci\u00f3 dedicada a les Arts Esc\u00e8niques amb un comiat que \u00e9s tamb\u00e9 una celebraci\u00f3.<\/strong><\/p>\n\n\n\n<p><strong><br><\/strong>La promoci\u00f3 2023-2025 de&nbsp;<em>La Teatral del Maragall<\/em>&nbsp;s\u2019acomiada, i ens sembla que no hi ha millor manera de donar vida a aquest espai que compartint amb vosaltres el fruit del seu treball.<\/p>\n\n\n\n<p>Us presentem les filmacions de les tres versions de&nbsp;<em>La gavina<\/em>, d\u2019Anton Tx\u00e9khov, una obra que ha estat explorada i viscuda intensament al llarg del curs. Aquestes representacions s\u00f3n testimoni del rigor, la passi\u00f3 i el comprom\u00eds d\u2019un grup que ens ha regalat un viatge art\u00edstic i hum\u00e0 inoblidable.<\/p>\n\n\n\n<p><a href=\"https:\/\/drive.google.com\/open?id=1XiCVVd_2ZyUPTRiE1llU4PIx_VzjJlBg\" target=\"_blank\" rel=\"noreferrer noopener\">&nbsp;LA GAVINA&#8217;25 (direcci\u00f3 Camila Lastiri).mp4<\/a><\/p>\n\n\n\n<p><a href=\"https:\/\/drive.google.com\/open?id=1QuUZEpN6B4mQSLgfU8wbbRJHws4AlGfO\" target=\"_blank\" rel=\"noreferrer noopener\">&nbsp;LA GAVINA&#8217;25 (Sara Gavil\u00e1n).mov<\/a><\/p>\n\n\n\n<p><a href=\"https:\/\/drive.google.com\/open?id=1U5yqfmI_eSROAave9bC3YbGWEtBi4hN-\" target=\"_blank\" rel=\"noreferrer noopener\">&nbsp;The Seagull .mov<\/a><\/p>\n","protected":false},"excerpt":{"rendered":"<p>Generaci\u00f3 Maragall<\/p>\n<p>Estrenem aquesta nova secci\u00f3 dedicada a les Arts Esc\u00e8niques amb un comiat que \u00e9s tamb\u00e9 una celebraci\u00f3.<\/p>\n<p>La promoci\u00f3 2023-2025 de&nbsp;La Teatral del Maragall&nbsp;s\u2019acomiada, i ens sembla que no hi ha millor manera de donar vida a aquest espai que compartint amb vosaltres el fruit&hellip;  <a href=\"https:\/\/agora.xtec.cat\/iesmaragall\/la-teatral-del-maragall\/\" title=\"Read La teatral del Maragall\">Llegeix m\u00e9s\u00bb<\/a><\/p>\n","protected":false},"author":1,"featured_media":0,"parent":0,"menu_order":0,"comment_status":"closed","ping_status":"close","template":"","meta":{"_bbp_topic_count":0,"_bbp_reply_count":0,"_bbp_total_topic_count":0,"_bbp_total_reply_count":0,"_bbp_voice_count":0,"_bbp_anonymous_reply_count":0,"_bbp_topic_count_hidden":0,"_bbp_reply_count_hidden":0,"_bbp_forum_subforum_count":0,"footnotes":""},"class_list":["post-10086","page","type-page","status-publish","hentry"],"post_mailing_queue_ids":[],"_links":{"self":[{"href":"https:\/\/agora.xtec.cat\/iesmaragall\/wp-json\/wp\/v2\/pages\/10086","targetHints":{"allow":["GET"]}}],"collection":[{"href":"https:\/\/agora.xtec.cat\/iesmaragall\/wp-json\/wp\/v2\/pages"}],"about":[{"href":"https:\/\/agora.xtec.cat\/iesmaragall\/wp-json\/wp\/v2\/types\/page"}],"author":[{"embeddable":true,"href":"https:\/\/agora.xtec.cat\/iesmaragall\/wp-json\/wp\/v2\/users\/1"}],"replies":[{"embeddable":true,"href":"https:\/\/agora.xtec.cat\/iesmaragall\/wp-json\/wp\/v2\/comments?post=10086"}],"version-history":[{"count":1,"href":"https:\/\/agora.xtec.cat\/iesmaragall\/wp-json\/wp\/v2\/pages\/10086\/revisions"}],"predecessor-version":[{"id":10087,"href":"https:\/\/agora.xtec.cat\/iesmaragall\/wp-json\/wp\/v2\/pages\/10086\/revisions\/10087"}],"wp:attachment":[{"href":"https:\/\/agora.xtec.cat\/iesmaragall\/wp-json\/wp\/v2\/media?parent=10086"}],"curies":[{"name":"wp","href":"https:\/\/api.w.org\/{rel}","templated":true}]}}