{"id":10001,"date":"2025-06-15T23:46:01","date_gmt":"2025-06-15T21:46:01","guid":{"rendered":"https:\/\/agora.xtec.cat\/iesmaragall\/?page_id=10001"},"modified":"2025-06-19T19:24:16","modified_gmt":"2025-06-19T17:24:16","slug":"matricula-2025-26-batxillerat","status":"publish","type":"page","link":"https:\/\/agora.xtec.cat\/iesmaragall\/matricula-2025-26-batxillerat\/","title":{"rendered":"Matr\u00edcula 2025\/26 Batxillerat"},"content":{"rendered":"\n<p><strong>MATR\u00cdCULA ALUMNES NOU BATXILLERAT 25\/26<\/strong><\/p>\n\n\n\n<p>A continuaci\u00f3 us indiquem tota la documentaci\u00f3 que cal aportar&nbsp;per tal de formalitzar la matr\u00edcula dels alumnes al centre del proper curs de batxillerat 2025\/2026.<\/p>\n\n\n\n<p><em><strong>Aquesta documentaci\u00f3 cal lliurar-la a la secretaria del centre un cop s\u2019hagi fet la tria de mat\u00e8ries optatives fins al 30 de juny com a data l\u00edmit de lliurament<\/strong><\/em>.<\/p>\n\n\n\n<ol class=\"wp-block-list\">\n<li><strong>DOCUMENTACI\u00d3 A EMPLENAR I SIGNAR<\/strong><strong>&nbsp;<\/strong>(si us plau, us demanem emplenar aquests documents digitalment)<\/li>\n\n\n\n<li><strong>Dades personals<\/strong><em>&nbsp;(<a href=\"https:\/\/drive.google.com\/file\/d\/1rumL9uSoehms_Ez8r5Npx9GYJCHu0vZc\/view?usp=share_link\" data-type=\"link\" data-id=\"https:\/\/drive.google.com\/file\/d\/1rumL9uSoehms_Ez8r5Npx9GYJCHu0vZc\/view?usp=share_link\">enlla\u00e7<\/a>)<\/em><\/li>\n\n\n\n<li><strong>Autoritzaci\u00f3 drets d\u2019imatge i serveix digitals&nbsp;<\/strong><em>&nbsp;(<a href=\"https:\/\/drive.google.com\/file\/d\/1LhP5r4aaaYHjBk50TcceJWAgqFD6fQTT\/view?usp=share_link\" data-type=\"link\" data-id=\"https:\/\/drive.google.com\/file\/d\/1LhP5r4aaaYHjBk50TcceJWAgqFD6fQTT\/view?usp=share_link\">enlla\u00e7<\/a>)<\/em><\/li>\n\n\n\n<li><strong>Autoritzaci\u00f3 de sortides en horari lectiu&nbsp;<\/strong><em>&nbsp;(<a href=\"https:\/\/drive.google.com\/file\/d\/1v50sTxDaWPtyS-Q0xLtREfF7h6kgFgl7\/view?usp=share_link\" data-type=\"link\" data-id=\"https:\/\/drive.google.com\/file\/d\/1v50sTxDaWPtyS-Q0xLtREfF7h6kgFgl7\/view?usp=share_link\">enlla\u00e7<\/a>)<\/em><\/li>\n\n\n\n<li><strong>Autoritzaci\u00f3 de sortida a l\u2019hora de l\u2019esbarjo&nbsp;<\/strong><em>&nbsp;(<a href=\"https:\/\/drive.google.com\/file\/d\/1HdFbT2wOuDL7nUhUOkfLhoRt_6Xnwjal\/view?usp=share_link\" data-type=\"link\" data-id=\"https:\/\/drive.google.com\/file\/d\/1HdFbT2wOuDL7nUhUOkfLhoRt_6Xnwjal\/view?usp=share_link\">enlla\u00e7<\/a>)<\/em><\/li>\n<\/ol>\n\n\n\n<p>    <strong>2.<\/strong> <strong>DOCUMENTACI\u00d3 PERSONAL REQUERIDA<\/strong><\/p>\n\n\n\n<ul class=\"wp-block-list\">\n<li><strong>Fotoc\u00f2pia document d\u2019identitat de l&#8217;alumne\/a&nbsp;<\/strong>(DNI \/ NIE \/ PASSAPORT per les dues cares, nom\u00e9s si escau)<\/li>\n\n\n\n<li><strong>Fotoc\u00f2pia document d\u2019identitat del pare \/ mare \/ tutor legal 1&nbsp;<\/strong>(DNI \/ NIE \/ PASSAPORT per les dues cares, si escau*)<\/li>\n\n\n\n<li><strong>Fotoc\u00f2pia document d\u2019identitat del pare \/ mare \/ tutor legal 2&nbsp;<\/strong>(DNI \/ NIE \/ PASSAPORT per les dues cares, si escau*)<\/li>\n\n\n\n<li><strong>Llibre de fam\u00edlia&nbsp;<\/strong>(fulls de titularitat + full de l\u2019alumne\/a)&nbsp;<strong>o certificat de naixement<\/strong><\/li>\n\n\n\n<li><strong>TSI de l\u2019alumne\/a&nbsp;<\/strong>(Targeta Sanit\u00e0ria Individual)<\/li>\n\n\n\n<li><strong>Resguard del t\u00edtol d\u2019ESO&nbsp;<\/strong>(nom\u00e9s alumnes nous)<\/li>\n\n\n\n<li><strong>Homologaci\u00f3 de t\u00edtol<\/strong><strong>&nbsp;o resguard de sol\u00b7licitud&nbsp;<\/strong>(nom\u00e9s alumnes nouvinguts)<\/li>\n\n\n\n<li><strong>Historial acad\u00e8mic<\/strong><strong>&nbsp;<\/strong>(nom\u00e9s alumnes nous que repeteixen 1r o accedeixen a 2n)<\/li>\n\n\n\n<li><strong>Fotografia actual de l\u2019alumne tipus carnet&nbsp;<\/strong><\/li>\n\n\n\n<li><strong>Comprovant de l\u2019ingr\u00e9s al banc de l\u2019APORTACI\u00d3 ECON\u00d2MICA ANUAL<\/strong><\/li>\n<\/ul>\n\n\n\n<p><em>*Si l\u2019alumne \u00e9s major d\u2019edat, no cal aportar documents d\u2019identitat de pare\/mare\/tutor legal ni el llibre de fam\u00edlia o certificat de naixement<\/em><\/p>\n\n\n\n<p><strong>APORTACI\u00d3 ECON\u00d2MICA<\/strong>&nbsp;<strong>ANUAL&nbsp;<\/strong>(aprovada pel Consell Escolar el 27 de febrer de 2025)<strong><\/strong><\/p>\n\n\n\n<ul class=\"wp-block-list\">\n<li>1r i 2n BATXILLERAT ART\u00cdSTIC ESC\u00c8NIC:&nbsp;<strong>140\u20ac<\/strong><\/li>\n\n\n\n<li>1r i 2n BATXILLERAT ART\u00cdSTIC PL\u00c0STIC:&nbsp;<strong>120\u20ac<\/strong><\/li>\n\n\n\n<li>1r i 2n BATXILLERAT CIENT\u00cdFIC-T\u00c8CNOL\u00d2GIC \/ SOCIAL-HUMAN\u00cdSTIC:&nbsp;<strong>110\u20ac<\/strong><\/li>\n<\/ul>\n\n\n\n<p>L\u2019aportaci\u00f3 econ\u00f2mica inclou: materials + activitats i sortides + asseguran\u00e7a escolar obligat\u00f2ria<\/p>\n\n\n\n<p>L\u2019ingr\u00e9s d\u2019aquesta aportaci\u00f3 econ\u00f2mica s\u2019ha de fer al compte del centre:<\/p>\n\n\n\n<p><strong>CAIXABANK ES34 2100 7730 6413 0021 0967<\/strong><\/p>\n\n\n\n<p>Indicar a CONCEPTE:&nbsp;<strong><em>NOM I COGNOMS DE L\u2019ALUMNE\/A<\/em>&nbsp;+&nbsp;<em>CURS<\/em><\/strong><\/p>\n","protected":false},"excerpt":{"rendered":"<p>MATR\u00cdCULA ALUMNES NOU BATXILLERAT 25\/26<\/p>\n<p>A continuaci\u00f3 us indiquem tota la documentaci\u00f3 que cal aportar&nbsp;per tal de formalitzar la matr\u00edcula dels alumnes al centre del proper curs de batxillerat 2025\/2026.<\/p>\n<p>Aquesta documentaci\u00f3 cal lliurar-la a la secretaria del centre un cop s\u2019hagi fet la tria de mat\u00e8ries&hellip;  <a href=\"https:\/\/agora.xtec.cat\/iesmaragall\/matricula-2025-26-batxillerat\/\" title=\"Read Matr\u00edcula 2025\/26 Batxillerat\">Llegeix m\u00e9s\u00bb<\/a><\/p>\n","protected":false},"author":1,"featured_media":0,"parent":0,"menu_order":0,"comment_status":"closed","ping_status":"close","template":"","meta":{"_bbp_topic_count":0,"_bbp_reply_count":0,"_bbp_total_topic_count":0,"_bbp_total_reply_count":0,"_bbp_voice_count":0,"_bbp_anonymous_reply_count":0,"_bbp_topic_count_hidden":0,"_bbp_reply_count_hidden":0,"_bbp_forum_subforum_count":0,"footnotes":""},"class_list":["post-10001","page","type-page","status-publish","hentry"],"post_mailing_queue_ids":[],"_links":{"self":[{"href":"https:\/\/agora.xtec.cat\/iesmaragall\/wp-json\/wp\/v2\/pages\/10001","targetHints":{"allow":["GET"]}}],"collection":[{"href":"https:\/\/agora.xtec.cat\/iesmaragall\/wp-json\/wp\/v2\/pages"}],"about":[{"href":"https:\/\/agora.xtec.cat\/iesmaragall\/wp-json\/wp\/v2\/types\/page"}],"author":[{"embeddable":true,"href":"https:\/\/agora.xtec.cat\/iesmaragall\/wp-json\/wp\/v2\/users\/1"}],"replies":[{"embeddable":true,"href":"https:\/\/agora.xtec.cat\/iesmaragall\/wp-json\/wp\/v2\/comments?post=10001"}],"version-history":[{"count":6,"href":"https:\/\/agora.xtec.cat\/iesmaragall\/wp-json\/wp\/v2\/pages\/10001\/revisions"}],"predecessor-version":[{"id":10142,"href":"https:\/\/agora.xtec.cat\/iesmaragall\/wp-json\/wp\/v2\/pages\/10001\/revisions\/10142"}],"wp:attachment":[{"href":"https:\/\/agora.xtec.cat\/iesmaragall\/wp-json\/wp\/v2\/media?parent=10001"}],"curies":[{"name":"wp","href":"https:\/\/api.w.org\/{rel}","templated":true}]}}