{"id":835,"date":"2015-11-23T17:01:00","date_gmt":"2015-11-23T16:01:00","guid":{"rendered":"http:\/\/agora.xtec.cat\/iesmanolohugue\/intraweb\/biblioteca\/"},"modified":"2023-04-20T11:02:17","modified_gmt":"2023-04-20T09:02:17","slug":"biblioteca","status":"publish","type":"page","link":"https:\/\/agora.xtec.cat\/iesmanolohugue\/biblioteca\/","title":{"rendered":"Biblioteca"},"content":{"rendered":"<table style=\"height: 310px; background-color: #f0e6e6;\" border=\"0\" width=\"873\" cellpadding=\"3\" align=\"center\">\n<tbody>\n<tr>\n<td bgcolor=\"#0066FF\" width=\"432\">\n<div class=\"Estilo6\" align=\"center\">\n<p><span class=\"Estilo5\" style=\"font-size: 18pt; color: #ffffff;\">La biblioteca \u00e9s atesa per:<br \/>\nBRIYID CUENCA<\/span><\/p>\n<p><span class=\"Estilo5\" style=\"font-size: 18pt; color: #ffffff;\">Horari :<br \/>\nDe dilluns a divendres de 10h a 12h.<\/span><\/p>\n<p><span style=\"color: #ffffff; font-size: 24px; font-family: inherit;\">Dilluns i <span class=\"Estilo5\" style=\"font-size: 18pt; color: #ffffff;\">dimecres <\/span><\/span><span style=\"color: #ffffff; font-size: 18pt; font-family: inherit;\">15h a 16,30h.<\/span><\/p>\n<p><span style=\"color: #ffffff; font-size: 14pt;\">Tel i whatsapp: 698 97 07 07<\/span><br \/>\n<span style=\"font-size: 14pt;\"><a style=\"color: #ffffff;\" href=\"mailto:apaiesmh@gmail.com\">apaiesmh<span class=\"\"><span class=\"\">@gmail<\/span>.co<\/span>m<\/a><\/span><\/p>\n<\/div>\n<\/td>\n<\/tr>\n<\/tbody>\n<\/table>\n<ul style=\"list-style-type: circle;\">\n<li>A la biblioteca de l&#8217;Institut d&#8217;Educaci\u00f3 Secundari Manolo Hugu\u00e9 actualment hi ha un fons de 9600 llibres, tem\u00e0tics i de text, per consulta i lectura .<\/li>\n<li>La bibliotec\u00e0ria informa sobre com i on trobar la informaci\u00f3 que necessita l&#8217;alumne. La biblioteca ofereix servei de pr\u00e8stec, per a qu\u00e8 els alumnes puguin emportar-se llibres de la biblioteca per un per\u00edode de 15 dies.<\/li>\n<li>Altres serveis:\n<ul>\n<li>fotoc\u00f2pies<\/li>\n<li>enquadernaci\u00f3 i plastificaci\u00f3 de treballs<\/li>\n<li>utilitzaci\u00f3 de l&#8217;esc\u00e0ner<\/li>\n<li>acc\u00e9s a internet<\/li>\n<\/ul>\n<\/li>\n<li>Podeu consultar en l\u00ednea els llibres de la bibliotexa i fer reserves dels amteixos utilitzant l&#8217;aplicaci\u00f3 e-pergam:\u00a0<a href=\"http:\/\/www.xtec.cat\/web\/projectes\/biblioteca\/epergam\" target=\"_blank\" rel=\"noopener noreferrer\">http:\/\/www.xtec.cat\/web\/projectes\/biblioteca\/epergam<\/a><\/li>\n<li>Cada mes, hi ha un moviment aproximat de 250 llibres prestats.<\/li>\n<li>La secci\u00f3 de llibres d&#8217;orientaci\u00f3 professional i universit\u00e0ria s&#8217;actualitza constantment.<\/li>\n<\/ul>\n","protected":false},"excerpt":{"rendered":"<p>La biblioteca \u00e9s atesa per:<br \/>\nBRIYID CUENCA<br \/>\nHorari :<br \/>\nDe dilluns a divendres de 10h a 12h.<br \/>\nDilluns i dimecres 15h a 16,30h.<br \/>\nTel i whatsapp: 698 97 07 07<br \/>\n<a style=\"color: #ffffff;\" href=\"mailto:apaiesmh@gmail.com\">apaiesmh@gmail.com<\/a><\/p>\n<ul style=\"list-style-type: circle;\">\n<li>A la biblioteca de l&#8217;Institut d&#8217;Educaci\u00f3 Secundari Manolo Hugu\u00e9 actualment hi ha un fons de 9600&hellip;  <a href=\"https:\/\/agora.xtec.cat\/iesmanolohugue\/biblioteca\/\" title=\"Read Biblioteca\">Llegeix m\u00e9s\u00bb<\/a><br \/>\n","protected":false},"author":1,"featured_media":0,"parent":0,"menu_order":0,"comment_status":"open","ping_status":"open","template":"","meta":{"_bbp_topic_count":0,"_bbp_reply_count":0,"_bbp_total_topic_count":0,"_bbp_total_reply_count":0,"_bbp_voice_count":0,"_bbp_anonymous_reply_count":0,"_bbp_topic_count_hidden":0,"_bbp_reply_count_hidden":0,"_bbp_forum_subforum_count":0,"footnotes":""},"class_list":["post-835","page","type-page","status-publish","hentry"],"post_mailing_queue_ids":[],"_links":{"self":[{"href":"https:\/\/agora.xtec.cat\/iesmanolohugue\/wp-json\/wp\/v2\/pages\/835","targetHints":{"allow":["GET"]}}],"collection":[{"href":"https:\/\/agora.xtec.cat\/iesmanolohugue\/wp-json\/wp\/v2\/pages"}],"about":[{"href":"https:\/\/agora.xtec.cat\/iesmanolohugue\/wp-json\/wp\/v2\/types\/page"}],"author":[{"embeddable":true,"href":"https:\/\/agora.xtec.cat\/iesmanolohugue\/wp-json\/wp\/v2\/users\/1"}],"replies":[{"embeddable":true,"href":"https:\/\/agora.xtec.cat\/iesmanolohugue\/wp-json\/wp\/v2\/comments?post=835"}],"version-history":[{"count":5,"href":"https:\/\/agora.xtec.cat\/iesmanolohugue\/wp-json\/wp\/v2\/pages\/835\/revisions"}],"predecessor-version":[{"id":16124,"href":"https:\/\/agora.xtec.cat\/iesmanolohugue\/wp-json\/wp\/v2\/pages\/835\/revisions\/16124"}],"wp:attachment":[{"href":"https:\/\/agora.xtec.cat\/iesmanolohugue\/wp-json\/wp\/v2\/media?parent=835"}],"curies":[{"name":"wp","href":"https:\/\/api.w.org\/{rel}","templated":true}]}}