{"id":12114,"date":"2020-08-31T20:34:49","date_gmt":"2020-08-31T18:34:49","guid":{"rendered":"https:\/\/agora.xtec.cat\/iesmanolohugue\/?page_id=12114"},"modified":"2024-07-11T23:47:32","modified_gmt":"2024-07-11T21:47:32","slug":"recursos-per-lus-deines-digitals","status":"publish","type":"page","link":"https:\/\/agora.xtec.cat\/iesmanolohugue\/recursos-per-lus-deines-digitals\/","title":{"rendered":"RECURSOS per a l&#8217;\u00fas d&#8217;EINES DIGITALS"},"content":{"rendered":"<p><span style=\"font-size: 16pt;\">Aqu\u00ed teniu aquests recursos per ajudar-vos i acompanyar-vos en l&#8217;educaci\u00f3 digital. Trobareu informaci\u00f3 adre\u00e7ada a l&#8217;alumnat per\u00f2 tamb\u00e9 a les fam\u00edlies o tutors:<\/span><\/p>\n<table style=\"border-color: #fffffc; border-style: solid; width: 80.3003%; height: 198px;\">\n<tbody>\n<tr style=\"height: 117px;\">\n<td style=\"width: 29.93%; height: 74px; background-color: #cee053; text-align: center; vertical-align: middle;\"><span style=\"font-size: 14pt;\"><a href=\"https:\/\/agora.xtec.cat\/iesmanolohugue\/acces-a-gmail-i-moodle\/\"><strong>Gmail i \u00a0moodle de\u00a0 l\u2019institut<\/strong><\/a><\/span><\/p>\n<p><span style=\"font-size: 12pt;\"><a href=\"https:\/\/agora.xtec.cat\/iesmanolohugue\/acces-a-gmail-i-moodle\/\">-Guia d&#8217;acc\u00e9s<\/a><\/span><\/td>\n<td style=\"width: 43.0382%; background-color: #fccc90; height: 74px; text-align: center; vertical-align: middle;\"><span style=\"font-size: 14pt;\"><a href=\"https:\/\/agora.xtec.cat\/iesmanolohugue\/wp-content\/uploads\/usu9\/2021\/09\/Guia_aplicacio_iEduca_Tokapp_v.04-1.pdf\"><strong>i- educa<\/strong><\/a><\/span><\/p>\n<p><span style=\"font-size: 12pt;\"><a href=\"https:\/\/agora.xtec.cat\/iesmanolohugue\/wp-content\/uploads\/usu9\/2021\/09\/Guia_aplicacio_iEduca_Tokapp_v.04-1.pdf\">-Manual faltes d&#8217;assist\u00e8ncia<\/a><\/span><\/p>\n<p><span style=\"font-size: 12pt;\"><a href=\"https:\/\/www.youtube.com\/watch?v=rnFTwePxLpc\">-Com descarregar l&#8217;app iEDUCA TOKAPP<\/a><\/span><\/p>\n<p><a href=\"https:\/\/youtu.be\/G3JEMnshrDg?feature=shared\"><span style=\"font-size: 12pt;\">-Com recuperar la clau per entrar a \u00edEDUCA<\/span><\/a><\/td>\n<td style=\"width: 76.3333%; background-color: #cbf2ee; height: 74px; text-align: center; vertical-align: middle;\"><span style=\"font-size: 14pt;\"><a href=\"https:\/\/agora.xtec.cat\/iesmanolohugue\/tutorials-de-google-apps-i-moodle\/\"><strong>Google Apps<\/strong><\/a><\/span><\/p>\n<p><span style=\"font-size: 12pt;\"><a href=\"https:\/\/agora.xtec.cat\/iesmanolohugue\/tutorials-de-google-apps-i-moodle\/\">( gmail, classroom, meet)<strong> i <\/strong><\/a><\/span><\/p>\n<p><span style=\"font-size: 12pt;\"><a href=\"https:\/\/agora.xtec.cat\/iesmanolohugue\/tutorials-de-google-apps-i-moodle\/\"><strong>Moodle<\/strong>\u00a0<\/a><\/span><\/td>\n<\/tr>\n<tr style=\"height: 31px;\">\n<td style=\"width: 29.93%; height: 31px; background-color: #fab6b6; text-align: center; vertical-align: middle;\"><span style=\"font-size: 14pt;\"><a href=\"https:\/\/agora.xtec.cat\/iesmanolohugue\/wp-content\/uploads\/usu9\/2021\/09\/Carta-ordinadors-families-2021_22_signat.pdf\"><strong>PORT\u00c0TILS D&#8217;ALUMNAT<\/strong><\/a><\/span><\/p>\n<p><span style=\"font-size: 12pt;\"><a href=\"https:\/\/agora.xtec.cat\/iesmanolohugue\/wp-content\/uploads\/usu9\/2021\/09\/Carta-ordinadors-families-2021_22_signat.pdf\">-Normativa<strong>\u00a0<\/strong><\/a><\/span><\/td>\n<td style=\"width: 43.0382%; background-color: #efdaf7; height: 31px; text-align: center; vertical-align: middle;\"><span style=\"font-size: 14pt;\"><a href=\"https:\/\/agora.xtec.cat\/iesmanolohugue\/wp-content\/uploads\/usu9\/2021\/09\/Manual-APP-Families.pdf\"><strong>TPV<\/strong><\/a><\/span><\/p>\n<p><span style=\"font-size: 12pt;\"><a href=\"https:\/\/agora.xtec.cat\/iesmanolohugue\/wp-content\/uploads\/usu9\/2021\/09\/Manual-APP-Families.pdf\">-Manual de pagament de les sortides<\/a><\/span><\/p>\n<p><span style=\"font-size: 12pt;\"><a href=\"https:\/\/tpvescola.com\/webiframe\/Aterratge.html\">-Codi QR per poder-se descarregar l&#8217;app<\/a><\/span><\/p>\n<p><span style=\"font-size: 12pt;\"><a href=\"https:\/\/agora.xtec.cat\/iesmanolohugue\/wp-content\/uploads\/usu9\/2022\/01\/Bizum_a_TPVEscola.pdf\">-Pagament amb Bizum<\/a><\/span><\/td>\n<td style=\"width: 76.3333%; background-color: #fcfcfc; height: 31px; text-align: center; vertical-align: middle;\"><span style=\"font-size: 14pt;\"><a href=\"https:\/\/agora.xtec.cat\/iesmanolohugue\/educacio-mediatica\/\"><strong>Educaci\u00f3 Medi\u00e0tica\u00a0<\/strong><\/a><\/span><\/p>\n<p><span style=\"font-size: 14pt;\"><a href=\"https:\/\/agora.xtec.cat\/iesmanolohugue\/educacio-mediatica\/\"><strong style=\"font-family: inherit;\">fam\u00edlies<\/strong><\/a><\/span><\/p>\n<p>&nbsp;<\/td>\n<\/tr>\n<tr style=\"height: 31px;\">\n<td style=\"width: 29.93%; height: 83px; background-color: #deded9; text-align: center; vertical-align: middle;\">&nbsp;<\/p>\n<p><span style=\"font-size: 14pt;\"><a href=\"https:\/\/agora.xtec.cat\/iesmanolohugue\/?page_id=13562&amp;preview=true\"><strong>Privacitat i seguretat a Internet<\/strong><\/a><\/span><\/p>\n<p>&nbsp;<\/td>\n<td style=\"width: 43.0382%; background-color: #f7f792; height: 83px; text-align: center; vertical-align: middle;\"><span style=\"font-size: 14pt;\"><a href=\"https:\/\/agora.xtec.cat\/iesmanolohugue\/internet-segura\/\"><strong><span style=\"color: #525252;\"><span style=\"font-family: Arial, Helvetica, Verdana, sans-serif;\">Internet Segura\u00a0<\/span><\/span><\/strong><\/a><\/span><\/p>\n<p>&nbsp;<\/td>\n<td style=\"width: 76.3333%; background-color: #f0eded; height: 83px; text-align: center; vertical-align: middle;\"><span style=\"font-size: 14pt;\"><a href=\"https:\/\/agora.xtec.cat\/iesmanolohugue\/grups-whattssapp\/\"><strong>Consells <\/strong>\u00a0grups <strong>\u00a0whattsApp\u00a0<\/strong><\/a><\/span><\/p>\n<p><span style=\"font-size: 14pt;\"><a href=\"https:\/\/agora.xtec.cat\/iesmanolohugue\/grups-whattssapp\/\"><strong>pares\/mares<\/strong><\/a><\/span><\/td>\n<\/tr>\n<tr style=\"height: 31px;\">\n<td style=\"width: 29.93%; height: 10px; background-color: #dbf2ac; text-align: center; vertical-align: middle;\">&nbsp;<\/p>\n<p><a href=\"https:\/\/agora.xtec.cat\/iesmanolohugue\/articles-interessants\/\"><span style=\"font-size: 15pt;\"><strong>Articles interessants<\/strong><\/span><\/a><\/p>\n<p>&nbsp;<\/td>\n<td style=\"width: 119.372%; height: 10px; text-align: center; vertical-align: middle;\" colspan=\"2\"><span style=\"font-size: 14pt;\"><strong>\u00a0<\/strong><\/span><\/td>\n<\/tr>\n<\/tbody>\n<\/table>\n","protected":false},"excerpt":{"rendered":"<p>Aqu\u00ed teniu aquests recursos per ajudar-vos i acompanyar-vos en l&#8217;educaci\u00f3 digital. Trobareu informaci\u00f3 adre\u00e7ada a l&#8217;alumnat per\u00f2 tamb\u00e9 a les fam\u00edlies o tutors:<\/p>\n<p><a href=\"https:\/\/agora.xtec.cat\/iesmanolohugue\/acces-a-gmail-i-moodle\/\">Gmail i \u00a0moodle de\u00a0 l\u2019institut<\/a><br \/>\n<a href=\"https:\/\/agora.xtec.cat\/iesmanolohugue\/acces-a-gmail-i-moodle\/\">-Guia d&#8217;acc\u00e9s<\/a><br \/>\n<a href=\"https:\/\/agora.xtec.cat\/iesmanolohugue\/wp-content\/uploads\/usu9\/2021\/09\/Guia_aplicacio_iEduca_Tokapp_v.04-1.pdf\">i- educa<\/a><br \/>\n<a href=\"https:\/\/agora.xtec.cat\/iesmanolohugue\/wp-content\/uploads\/usu9\/2021\/09\/Guia_aplicacio_iEduca_Tokapp_v.04-1.pdf\">-Manual faltes d&#8217;assist\u00e8ncia<\/a><br \/>\n<a href=\"https:\/\/www.youtube.com\/watch?v=rnFTwePxLpc\">-Com descarregar l&#8217;app iEDUCA TOKAPP<\/a><br \/>\n<a href=\"https:\/\/youtu.be\/G3JEMnshrDg?feature=shared\">-Com recuperar la clau per&hellip;  <a href=\"https:\/\/agora.xtec.cat\/iesmanolohugue\/recursos-per-lus-deines-digitals\/\" title=\"Read RECURSOS per a l&#8217;\u00fas d&#8217;EINES DIGITALS\">Llegeix m\u00e9s\u00bb<\/a><\/p>\n","protected":false},"author":88,"featured_media":0,"parent":0,"menu_order":0,"comment_status":"closed","ping_status":"closed","template":"","meta":{"_bbp_topic_count":0,"_bbp_reply_count":0,"_bbp_total_topic_count":0,"_bbp_total_reply_count":0,"_bbp_voice_count":0,"_bbp_anonymous_reply_count":0,"_bbp_topic_count_hidden":0,"_bbp_reply_count_hidden":0,"_bbp_forum_subforum_count":0,"footnotes":""},"class_list":["post-12114","page","type-page","status-publish","hentry"],"post_mailing_queue_ids":[],"_links":{"self":[{"href":"https:\/\/agora.xtec.cat\/iesmanolohugue\/wp-json\/wp\/v2\/pages\/12114","targetHints":{"allow":["GET"]}}],"collection":[{"href":"https:\/\/agora.xtec.cat\/iesmanolohugue\/wp-json\/wp\/v2\/pages"}],"about":[{"href":"https:\/\/agora.xtec.cat\/iesmanolohugue\/wp-json\/wp\/v2\/types\/page"}],"author":[{"embeddable":true,"href":"https:\/\/agora.xtec.cat\/iesmanolohugue\/wp-json\/wp\/v2\/users\/88"}],"replies":[{"embeddable":true,"href":"https:\/\/agora.xtec.cat\/iesmanolohugue\/wp-json\/wp\/v2\/comments?post=12114"}],"version-history":[{"count":5,"href":"https:\/\/agora.xtec.cat\/iesmanolohugue\/wp-json\/wp\/v2\/pages\/12114\/revisions"}],"predecessor-version":[{"id":17709,"href":"https:\/\/agora.xtec.cat\/iesmanolohugue\/wp-json\/wp\/v2\/pages\/12114\/revisions\/17709"}],"wp:attachment":[{"href":"https:\/\/agora.xtec.cat\/iesmanolohugue\/wp-json\/wp\/v2\/media?parent=12114"}],"curies":[{"name":"wp","href":"https:\/\/api.w.org\/{rel}","templated":true}]}}