{"id":65,"date":"2014-09-18T10:12:22","date_gmt":"2014-09-18T10:12:22","guid":{"rendered":"http:\/\/agora.xtec.cat\/iesmallafre\/?page_id=65"},"modified":"2023-03-21T10:20:26","modified_gmt":"2023-03-21T09:20:26","slug":"serveis-digitals","status":"publish","type":"page","link":"https:\/\/agora.xtec.cat\/iesmallafre\/linstitut\/serveis-digitals\/","title":{"rendered":"Serveis digitals"},"content":{"rendered":"<p style=\"color: #444444;\"><strong>iEduca<\/strong>\u00a0\u00e9s una eina de gesti\u00f3 i comunicaci\u00f3 per facilitar la comunicaci\u00f3 entre el centre i les fam\u00edlies.\u00a0 Permet tenir sota una mateixa soluci\u00f3 la gesti\u00f3 del centre, el seguiment de l&#8217;alumnat i la comunicaci\u00f3 tutorial amb les fam\u00edlies.<\/p>\n<div>El professorat pot\u00a0<strong>anotar de manera r\u00e0pida el que passa dins l\u2019aula. <\/strong><span style=\"color: #4d5156; font-family: arial, sans-serif;\"><br clear=\"all\" \/><\/span><\/div>\n<div><\/div>\n<div><\/div>\n<div><a href=\"https:\/\/agora.xtec.cat\/iesmallafre\/wp-content\/uploads\/usu105\/2023\/03\/ieduca.png\"><img loading=\"lazy\" decoding=\"async\" class=\"alignnone size-full wp-image-22395\" src=\"https:\/\/agora.xtec.cat\/iesmallafre\/wp-content\/uploads\/usu105\/2023\/03\/ieduca.png\" alt=\"\" width=\"167\" height=\"183\" \/><\/a><\/div>\n<div><\/div>\n<div>\n<p><strong>TPVEscola<\/strong> \u00e9s el sistema de refer\u00e8ncia per gestionar els pagaments escolars, dissenyat per facilitar la gesti\u00f3 i control dels diferents pagaments que es generen durant el curs escolar: activitats, sortides i viatges.<\/p>\n<\/div>\n<p><a href=\"https:\/\/agora.xtec.cat\/iesmallafre\/wp-content\/uploads\/usu105\/2023\/03\/TPV.png\"><img loading=\"lazy\" decoding=\"async\" class=\"alignnone  wp-image-22398\" src=\"https:\/\/agora.xtec.cat\/iesmallafre\/wp-content\/uploads\/usu105\/2023\/03\/TPV.png\" alt=\"\" width=\"276\" height=\"109\" srcset=\"https:\/\/agora.xtec.cat\/iesmallafre\/wp-content\/uploads\/usu105\/2023\/03\/TPV.png 357w, https:\/\/agora.xtec.cat\/iesmallafre\/wp-content\/uploads\/usu105\/2023\/03\/TPV-300x118.png 300w\" sizes=\"auto, (max-width: 276px) 100vw, 276px\" \/><\/a><\/p>\n<p>&nbsp;<\/p>\n","protected":false},"excerpt":{"rendered":"<p>iEduca\u00a0\u00e9s una eina de gesti\u00f3 i comunicaci\u00f3 per facilitar la comunicaci\u00f3 entre el centre i les fam\u00edlies.\u00a0 Permet tenir sota una mateixa soluci\u00f3 la gesti\u00f3 del centre, el seguiment de l&#8217;alumnat i la comunicaci\u00f3 tutorial amb les fam\u00edlies.<br \/>\nEl professorat pot\u00a0anotar de manera r\u00e0pida el que&hellip;  <a href=\"https:\/\/agora.xtec.cat\/iesmallafre\/linstitut\/serveis-digitals\/\" title=\"Read Serveis digitals\">Llegeix m\u00e9s\u00bb<\/a><\/p>\n","protected":false},"author":1,"featured_media":0,"parent":19,"menu_order":10,"comment_status":"closed","ping_status":"closed","template":"page-templates\/side-menu.php","meta":{"_bbp_topic_count":0,"_bbp_reply_count":0,"_bbp_total_topic_count":0,"_bbp_total_reply_count":0,"_bbp_voice_count":0,"_bbp_anonymous_reply_count":0,"_bbp_topic_count_hidden":0,"_bbp_reply_count_hidden":0,"_bbp_forum_subforum_count":0,"footnotes":""},"class_list":["post-65","page","type-page","status-publish","hentry"],"post_mailing_queue_ids":[],"_links":{"self":[{"href":"https:\/\/agora.xtec.cat\/iesmallafre\/wp-json\/wp\/v2\/pages\/65","targetHints":{"allow":["GET"]}}],"collection":[{"href":"https:\/\/agora.xtec.cat\/iesmallafre\/wp-json\/wp\/v2\/pages"}],"about":[{"href":"https:\/\/agora.xtec.cat\/iesmallafre\/wp-json\/wp\/v2\/types\/page"}],"author":[{"embeddable":true,"href":"https:\/\/agora.xtec.cat\/iesmallafre\/wp-json\/wp\/v2\/users\/1"}],"replies":[{"embeddable":true,"href":"https:\/\/agora.xtec.cat\/iesmallafre\/wp-json\/wp\/v2\/comments?post=65"}],"version-history":[{"count":3,"href":"https:\/\/agora.xtec.cat\/iesmallafre\/wp-json\/wp\/v2\/pages\/65\/revisions"}],"predecessor-version":[{"id":22399,"href":"https:\/\/agora.xtec.cat\/iesmallafre\/wp-json\/wp\/v2\/pages\/65\/revisions\/22399"}],"up":[{"embeddable":true,"href":"https:\/\/agora.xtec.cat\/iesmallafre\/wp-json\/wp\/v2\/pages\/19"}],"wp:attachment":[{"href":"https:\/\/agora.xtec.cat\/iesmallafre\/wp-json\/wp\/v2\/media?parent=65"}],"curies":[{"name":"wp","href":"https:\/\/api.w.org\/{rel}","templated":true}]}}

<p style="color: #444444;"><strong>iEduca</strong> és una eina de gestió i comunicació per facilitar la comunicació entre el centre i les famílies.  Permet tenir sota una mateixa solució la gestió del centre, el seguiment de l&#8217;alumnat i la comunicació tutorial amb les famílies.</p>
<div>El professorat pot <strong>anotar de manera ràpida el que passa dins l’aula. </strong><span style="color: #4d5156; font-family: arial, sans-serif;"><br clear="all" /></span></div>
<div></div>
<div></div>
<div><a href="https://agora.xtec.cat/iesmallafre/wp-content/uploads/usu105/2023/03/ieduca.png"><img loading="lazy" decoding="async" class="alignnone size-full wp-image-22395" src="https://agora.xtec.cat/iesmallafre/wp-content/uploads/usu105/2023/03/ieduca.png" alt="" width="167" height="183" /></a></div>
<div></div>
<div>
<p><strong>TPVEscola</strong> és el sistema de referència per gestionar els pagaments escolars, dissenyat per facilitar la gestió i control dels diferents pagaments que es generen durant el curs escolar: activitats, sortides i viatges.</p>
</div>
<p><a href="https://agora.xtec.cat/iesmallafre/wp-content/uploads/usu105/2023/03/TPV.png"><img loading="lazy" decoding="async" class="alignnone  wp-image-22398" src="https://agora.xtec.cat/iesmallafre/wp-content/uploads/usu105/2023/03/TPV.png" alt="" width="276" height="109" srcset="https://agora.xtec.cat/iesmallafre/wp-content/uploads/usu105/2023/03/TPV.png 357w, https://agora.xtec.cat/iesmallafre/wp-content/uploads/usu105/2023/03/TPV-300x118.png 300w" sizes="auto, (max-width: 276px) 100vw, 276px" /></a></p>
<p>&nbsp;</p>

<p>iEduca és una eina de gestió i comunicació per facilitar la comunicació entre el centre i les famílies.  Permet tenir sota una mateixa solució la gestió del centre, el seguiment de l&#8217;alumnat i la comunicació tutorial amb les famílies.<br />
El professorat pot anotar de manera ràpida el que&hellip;  <a href="https://agora.xtec.cat/iesmallafre/linstitut/serveis-digitals/" title="Read Serveis digitals">Llegeix més»</a></p>
